000
CXUS53 KLMK 011018
CLMFFT


CLIMATE REPORT
NATIONAL WEATHER SERVICE LOUISVILLE KY
618 AM EDT MON MAY 1 2017

...................................

...THE FRANKFORT KY CLIMATE SUMMARY FOR THE MONTH OF APRIL 2017...

CLIMATE NORMAL PERIOD 1981 TO 2010
CLIMATE RECORD PERIOD 1895 TO 2017

WEATHER         OBSERVED          NORMAL  DEPART  LAST YEAR`S
                 VALUE   DATE(S)  VALUE   FROM    VALUE  DATE(S)
                                          NORMAL
................................................................
TEMPERATURE (F)
RECORD
 HIGH              95   04/27/1914
 LOW               16   04/01/1969
HIGHEST            84   04/30        MM      MM       85  04/18
                        04/29
                        04/26
LOWEST             30   04/08        MM      MM       27  04/03
AVG. MAXIMUM     73.2              67.0     6.2     69.2
AVG. MINIMUM     51.7              43.3     8.4     44.9
MEAN             62.5              55.2     7.3     57.0
DAYS MAX >= 90      0               0.0     0.0        0
DAYS MAX <= 32      0               0.0     0.0        0
DAYS MIN <= 32      1               3.8    -2.8        4
DAYS MIN <= 0       0               0.0     0.0        0

PRECIPITATION (INCHES)
RECORD
 MAXIMUM        13.95   2011
 MINIMUM         0.69   1896
TOTALS           3.34              3.69   -0.35     3.07
DAILY AVG.       0.11              0.12   -0.01     0.10
DAYS >= .01        13                MM      MM       12
DAYS >= .10        10                MM      MM        5
DAYS >= .50         2                MM      MM        3
DAYS >= 1.00        1                MM      MM        1
GREATEST
 24 HR. TOTAL    1.17   04/16 TO 04/16

SNOWFALL (INCHES)
RECORDS
 TOTAL             MM   MM
TOTALS             MM                MM      MM       MM
SINCE 7/1          MM                MM      MM       MM
SNOWDEPTH AVG.      0                MM      MM       MM
DAYS >= 1.0         0                MM      MM        0
GREATEST
 SNOW DEPTH         0   MM                            MM  MM
 24 HR TOTAL       MM

DEGREE_DAYS
HEATING TOTAL     136               314    -178      256
 SINCE 7/1       3439              4578   -1139     3738
COOLING TOTAL      67                18      49       25
 SINCE 1/1         76                20      56       26
.................................................................

WIND (MPH)
AVERAGE WIND SPEED              8.1
HIGHEST WIND SPEED/DIRECTION    31/240    DATE  04/30
HIGHEST GUST SPEED/DIRECTION    44/220    DATE  04/05

SKY COVER
POSSIBLE SUNSHINE (PERCENT)   MM
AVERAGE SKY COVER           0.40
NUMBER OF DAYS FAIR           14
NUMBER OF DAYS PC             10
NUMBER OF DAYS CLOUDY          6

AVERAGE RH (PERCENT)     60

WEATHER CONDITIONS. NUMBER OF DAYS WITH
THUNDERSTORM              0     MIXED PRECIP               0
HEAVY RAIN                5     RAIN                       8
LIGHT RAIN               14     FREEZING RAIN              0
LT FREEZING RAIN          0     HAIL                       0
HEAVY SNOW                0     SNOW                       0
LIGHT SNOW                0     SLEET                      0
FOG                       9     FOG W/VIS <= 1/4 MILE      0
HAZE                      4

-  INDICATES NEGATIVE NUMBERS.
R  INDICATES RECORD WAS SET OR TIED.
MM INDICATES DATA IS MISSING.
T  INDICATES TRACE AMOUNT.

$$
