000
CXUS52 KILM 012000
CLMFLO


CLIMATE REPORT
NATIONAL WEATHER SERVICE WILMINGTON NC
351 PM EDT TUE SEP 1 2015

...................................

...THE FLORENCE SC CLIMATE SUMMARY FOR THE MONTH OF AUGUST 2015...

CLIMATE NORMAL PERIOD 1981 TO 2010
CLIMATE RECORD PERIOD 1948 TO 2015

WEATHER         OBSERVED          NORMAL  DEPART  LAST YEAR`S
                 VALUE   DATE(S)  VALUE   FROM    VALUE  DATE(S)
                                          NORMAL
................................................................
TEMPERATURE (F)
RECORD
 HIGH             106   08/10/2007
                        08/09/2007
                        08/08/2007
 LOW               54   08/17/1979
HIGHEST            98   08/05                         98  08/22
LOWEST             65   08/29                         61  08/28
AVG. MAXIMUM     90.3              89.4     0.9     89.6
AVG. MINIMUM     71.3              70.5     0.8     69.8
MEAN             80.8              79.9     0.9     79.7
DAYS MAX >= 90     20              14.2     5.8       17
DAYS MAX <= 32      0               0.0     0.0        0
DAYS MIN <= 32      0               0.0     0.0        0
DAYS MIN <= 0       0               0.0     0.0        0

PRECIPITATION (INCHES)
RECORD
 MAXIMUM        14.36   1992
 MINIMUM         1.25   1954
TOTALS           5.92              5.24    0.68     3.89
DAILY AVG.       0.19              0.17    0.02     0.13
DAYS >= .01        13              10.7     2.3        8
DAYS >= .10        11               7.1     3.9        5
DAYS >= .50         4               3.4     0.6        2
DAYS >= 1.00        2               1.9     0.1        1
GREATEST
 24 HR. TOTAL    1.60   08/05 TO 08/06

SNOWFALL (INCHES)
RECORDS
 TOTAL             MM   MM
TOTALS             MM               0.0
SINCE 7/1          MM               0.0

DEGREE_DAYS
HEATING TOTAL       0                 0       0        0
COOLING TOTAL     499               464      35      464
.................................................

WIND (MPH)
AVERAGE WIND SPEED              5.4
RESULTANT WIND SPEED/DIRECTION   1/100
HIGHEST WIND SPEED/DIRECTION    47/080    DATE  08/05
HIGHEST GUST SPEED/DIRECTION    64/140    DATE  08/05

SKY COVER
POSSIBLE SUNSHINE (PERCENT)   MM
AVERAGE SKY COVER           0.30
NUMBER OF DAYS FAIR           21
NUMBER OF DAYS PC             10
NUMBER OF DAYS CLOUDY          0

AVERAGE RH (PERCENT)     72

WEATHER CONDITIONS. NUMBER OF DAYS WITH
THUNDERSTORM              7     MIXED PRECIP              MM
HEAVY RAIN               10     RAIN                       9
LIGHT RAIN               14     FREEZING RAIN              0
LT FREEZING RAIN          0     HAIL                      MM
HEAVY SNOW                0     SNOW                       0
LIGHT SNOW                0     SLEET                     MM
FOG                      14     FOG W/VIS <= 1/4 MILE      2
HAZE                      4

-  INDICATES NEGATIVE NUMBERS.
R  INDICATES RECORD WAS SET OR TIED.
MM INDICATES DATA IS MISSING.
T  INDICATES TRACE AMOUNT.

$$
