000
CXUS52 KILM 020420
CLMFLO


CLIMATE REPORT
NATIONAL WEATHER SERVICE WILMINGTON NC
1117 PM EST SUN FEB 1 2015

...................................

...THE FLORENCE SC CLIMATE SUMMARY FOR THE MONTH OF JANUARY 2015...

CLIMATE NORMAL PERIOD 1981 TO 2010
CLIMATE RECORD PERIOD 1948 TO 2015

WEATHER         OBSERVED          NORMAL  DEPART  LAST YEAR`S
                 VALUE   DATE(S)  VALUE   FROM    VALUE  DATE(S)
                                          NORMAL
................................................................
TEMPERATURE (F)
RECORD
 HIGH              85   01/31/1975
 LOW                0   01/21/1985
HIGHEST            76   01/04                         73  01/11
LOWEST             14   01/08                         12  01/25
AVG. MAXIMUM     55.0              55.3    -0.3     53.4
AVG. MINIMUM     34.4              34.6    -0.2     28.7
MEAN             44.7              44.9    -0.2     41.0
DAYS MAX >= 90      0               0.0     0.0        0
DAYS MAX <= 32      1               0.5     0.5        3
DAYS MIN <= 32     13              13.1    -0.1       21
DAYS MIN <= 0       0               0.0     0.0        0

PRECIPITATION (INCHES)
RECORD
 MAXIMUM         7.78   1995
 MINIMUM         0.70   2003
TOTALS           2.43              3.23   -0.80     2.36
DAILY AVG.       0.08              0.10   -0.02     0.08
DAYS >= .01        10               9.7     0.3        9
DAYS >= .10         5               6.3    -1.3        5
DAYS >= .50         1               2.3    -1.3        2
DAYS >= 1.00        1               0.7     0.3        1
GREATEST
 24 HR. TOTAL    1.05   01/12 TO 01/12

SNOWFALL (INCHES)
RECORDS
 TOTAL            9.9   1988
TOTALS             MM               0.9
SINCE 7/1          MM               1.2

DEGREE_DAYS
HEATING TOTAL     623               623       0      736
COOLING TOTAL       3                 2       1        0
..................................................

WIND (MPH)
AVERAGE WIND SPEED              6.9
RESULTANT WIND SPEED/DIRECTION   2/317
HIGHEST WIND SPEED/DIRECTION    26/310    DATE  01/30
HIGHEST GUST SPEED/DIRECTION    35/260    DATE  01/04

SKY COVER
POSSIBLE SUNSHINE (PERCENT)   MM
AVERAGE SKY COVER           0.40
NUMBER OF DAYS FAIR           18
NUMBER OF DAYS PC              6
NUMBER OF DAYS CLOUDY          7

AVERAGE RH (PERCENT)     63

WEATHER CONDITIONS. NUMBER OF DAYS WITH
THUNDERSTORM              1     MIXED PRECIP               m
HEAVY RAIN                2     RAIN                       5
LIGHT RAIN               12     FREEZING RAIN              0
LT FREEZING RAIN          0     HAIL                       m
HEAVY SNOW                0     SNOW                       0
LIGHT SNOW                0     SLEET                      m
FOG                      14     FOG W/VIS <= 1/4 MILE      5
HAZE                      4

-  INDICATES NEGATIVE NUMBERS.
R  INDICATES RECORD WAS SET OR TIED.
MM INDICATES DATA IS MISSING.
T  INDICATES TRACE AMOUNT.

$$
