000
CXUS51 KCAR 020000
CLMFVE


CLIMATE REPORT
NATIONAL WEATHER SERVICE CARIBOU, ME
759 PM EDT THU JUN 1 2017

...................................

...THE FRENCHVILLE ME CLIMATE SUMMARY FOR THE MONTH OF MAY 2017...

CLIMATE NORMAL PERIOD 1981 TO 2010
CLIMATE RECORD PERIOD 9999 TO 9999

WEATHER         OBSERVED          NORMAL  DEPART  LAST YEAR`S
                 VALUE   DATE(S)  VALUE   FROM    VALUE  DATE(S)
                                          NORMAL
................................................................
TEMPERATURE (F)
RECORD
 HIGH              MM   MM
 LOW               MM   MM
HIGHEST            89   05/18        MM      MM       80  05/25
                                                          05/24
LOWEST             33   05/09        MM      MM       30  05/01
AVG. MAXIMUM     59.9              60.5    -0.6     63.0
AVG. MINIMUM     41.6              40.4     1.2     41.7
MEAN             50.8              50.4     0.4     52.3
DAYS MAX >= 90      0               0.0     0.0        0
DAYS MAX <= 32      0               0.0     0.0        0
DAYS MIN <= 32      0               3.7    -3.7        4
DAYS MIN <= 0       0               0.0     0.0        0

PRECIPITATION (INCHES)
RECORD
 MAXIMUM           MM   MM
 MINIMUM           MM   MM
TOTALS           4.78              3.04    1.74     2.82
DAILY AVG.       0.15              0.10    0.05     0.09
DAYS >= .01        20                MM      MM       14
DAYS >= .10        10                MM      MM       10
DAYS >= .50         3                MM      MM        0
DAYS >= 1.00        0                MM      MM        0
GREATEST
 24 HR. TOTAL    0.92   05/08 TO 05/08           05/15 TO 05/16
                                                          05/16 TO 05/16
                                                          05/16 TO 05/16
 STORM TOTAL       MM                                 MM
 (MM/DD(HH))            MM                    05/16(00) TO 05/16(00)
                                                 05/16(00) TO 05/16(00)6
                                                 05/16(00) TO 05/16(00)6

SNOWFALL (INCHES)
RECORDS
 TOTAL             MM   MM
TOTALS             MM                MM      MM       MM
SINCE 7/1          MM                MM      MM       MM
SNOWDEPTH AVG.     MM                MM      MM       MM
DAYS >= 1.0         0                MM      MM        0
GREATEST
 SNOW DEPTH        MM                                 MM  MM
 24 HR TOTAL       MM                                 MM

DEGREE_DAYS
HEATING TOTAL     438               455     -17      390
 SINCE 7/1       8828              9587    -759     8772
COOLING TOTAL       5                 4       1        6
 SINCE 1/1          5                 4       1        6
.......................................................

WIND (MPH)
AVERAGE WIND SPEED              10.2
HIGHEST WIND SPEED/DIRECTION    32/330    DATE  05/16
HIGHEST GUST SPEED/DIRECTION    44/330    DATE  05/16

SKY COVER
POSSIBLE SUNSHINE (PERCENT)   MM
AVERAGE SKY COVER           0.60
NUMBER OF DAYS FAIR           10
NUMBER OF DAYS PC              6
NUMBER OF DAYS CLOUDY         15

AVERAGE RH (PERCENT)     66

WEATHER CONDITIONS. NUMBER OF DAYS WITH
THUNDERSTORM              0     MIXED PRECIP               0
HEAVY RAIN                5     RAIN                      13
LIGHT RAIN               23     FREEZING RAIN              0
LT FREEZING RAIN          0     HAIL                       0
HEAVY SNOW                0     SNOW                       0
LIGHT SNOW                2     SLEET                      0
FOG                      19     FOG W/VIS <= 1/4 MILE      9
HAZE                      6

-  INDICATES NEGATIVE NUMBERS.
R  INDICATES RECORD WAS SET OR TIED.
MM INDICATES DATA IS MISSING.
T  INDICATES TRACE AMOUNT.

$$
