348
CXUS51 KCAR 031352
CLMFVE


CLIMATE REPORT
NATIONAL WEATHER SERVICE CARIBOU, ME
852 AM EST FRI MAR 3 2017

...................................

...THE FRENCHVILLE ME CLIMATE SUMMARY FOR THE MONTH OF FEBRUARY 2017...

CLIMATE NORMAL PERIOD 1981 TO 2010
CLIMATE RECORD PERIOD 9999 TO 9999

WEATHER         OBSERVED          NORMAL  DEPART  LAST YEAR`S
                 VALUE   DATE(S)  VALUE   FROM    VALUE  DATE(S)
                                          NORMAL
................................................................
TEMPERATURE (F)
RECORD
 HIGH              MM   MM
 LOW               MM   MM
HIGHEST            48   02/23        MM      MM       47  02/17
                                                          02/01
LOWEST            -12   02/11        MM      MM      -15  02/14
AVG. MAXIMUM     24.2              21.4     2.8     26.1
AVG. MINIMUM      7.4               4.6     2.8      5.8
MEAN             15.8              13.0     2.8     15.9
DAYS MAX >= 90      0               0.0     0.0        0
DAYS MAX <= 32     21              24.0    -3.0       22
DAYS MIN <= 32     28              27.8     0.2       29
DAYS MIN <= 0      10              10.6    -0.6        9

PRECIPITATION (INCHES)
RECORD
 MAXIMUM           MM   MM
 MINIMUM           MM   MM
TOTALS           0.90              0.81    0.09     2.86
DAILY AVG.       0.03              0.03    0.00     0.10
DAYS >= .01         9                MM      MM       10
DAYS >= .10         3                MM      MM        5
DAYS >= .50         0                MM      MM        3
DAYS >= 1.00        0                MM      MM        0
GREATEST
 24 HR. TOTAL    0.52   02/25 TO 02/26           02/24 TO 02/25
                                                          02/25 TO 02/25
                                                          02/25 TO 02/25
 STORM TOTAL       MM                                 MM
 (MM/DD(HH))            MM                    02/25(00) TO 02/25(00)
                                                 02/25(00) TO 02/25(00)5
                                                 02/25(00) TO 02/25(00)5

SNOWFALL (INCHES)
RECORDS
 TOTAL             MM   MM
TOTALS             MM                MM      MM       MM
SINCE 7/1          MM                MM      MM       MM
SNOWDEPTH AVG.     MM                MM      MM       MM
DAYS >= 1.0         0                MM      MM        0
GREATEST
 SNOW DEPTH        MM                                 MM  MM
 24 HR TOTAL       MM                                 MM

DEGREE_DAYS
HEATING TOTAL    1371              1456     -85     1415
 SINCE 7/1       6184              7000    -816     6115
COOLING TOTAL       0                 0       0        0
 SINCE 1/1          0                 0       0        0
......................................................

WIND (MPH)
AVERAGE WIND SPEED              10.0
HIGHEST WIND SPEED/DIRECTION    33/290    DATE  02/26
HIGHEST GUST SPEED/DIRECTION    45/330    DATE  02/10

SKY COVER
POSSIBLE SUNSHINE (PERCENT)   MM
AVERAGE SKY COVER           0.60
NUMBER OF DAYS FAIR            7
NUMBER OF DAYS PC             12
NUMBER OF DAYS CLOUDY          9

AVERAGE RH (PERCENT)     67

WEATHER CONDITIONS. NUMBER OF DAYS WITH
THUNDERSTORM              0     MIXED PRECIP               0
HEAVY RAIN                2     RAIN                       2
LIGHT RAIN                3     FREEZING RAIN              0
LT FREEZING RAIN          0     HAIL                       0
HEAVY SNOW                1     SNOW                       2
LIGHT SNOW               20     SLEET                      0
FOG                      11     FOG W/VIS <= 1/4 MILE      3
HAZE                      9

-  INDICATES NEGATIVE NUMBERS.
R  INDICATES RECORD WAS SET OR TIED.
MM INDICATES DATA IS MISSING.
T  INDICATES TRACE AMOUNT.

$$
