000
CXUS54 KTSA 011939
CLMFYV

CLIMATE REPORT
NATIONAL WEATHER SERVICE TULSA OK
238 PM CDT SAT OCT 1 2016

...................................

...THE FAYETTEVILLE ARKANSAS CLIMATE SUMMARY FOR THE MONTH OF SEPTEMBER 2016...

CLIMATE NORMAL PERIOD 1981 TO 2010
CLIMATE RECORD PERIOD 1905 TO 2016

WEATHER         OBSERVED          NORMAL  DEPART  LAST YEAR`S
                 VALUE   DATE(S)  VALUE   FROM    VALUE  DATE(S)
                                          NORMAL
................................................................
TEMPERATURE (F)
RECORD
 HIGH             103   09/03/2000
                        09/02/2000
                        09/04/1998
 LOW               31   09/29/1967
HIGHEST            92   09/08       103     -11       91  09/07
                                                          09/06
LOWEST             43   09/30        31      12       46  09/12
                        09/27
AVG. MAXIMUM     84.2              80.5     3.7     82.5
AVG. MINIMUM     57.5              56.6     0.9     58.2
MEAN             70.9              68.5     2.4     70.4
DAYS MAX >= 90      5               2.8     2.2        4
DAYS MAX <= 32      0               0.0     0.0        0
DAYS MIN <= 32      0               0.0     0.0        0
DAYS MIN <= 0       0               0.0     0.0        0

PRECIPITATION (INCHES)
RECORD
 MAXIMUM        14.96   1986
 MINIMUM         0.40   1952
TOTALS           2.64              4.82   -2.18     1.75
DAILY AVG.       0.09              0.16   -0.07     0.06
DAYS >= .01         7              10.0    -3.0        4
DAYS >= .10         4               5.8    -1.8        2
DAYS >= .50         2               2.9    -0.9        1
DAYS >= 1.00        1               1.6    -0.6        1
GREATEST
 24 HR. TOTAL    1.13   09/16 TO 09/16           09/08 TO 09/09
                        09/15 TO 09/16                    09/30 TO 09/30
                        09/16 TO 09/16                    09/30 TO 09/30

SNOWFALL (INCHES)
RECORDS
 TOTAL            0.0   2002
 24 HR TOTAL       MM
TOTALS            0.0               0.0     0.0      0.0
SINCE 7/1         0.0               0.0     0.0      0.0
SNOWDEPTH AVG.      0                MM      MM        0
DAYS >= TRACE       0               0.0     0.0        0
DAYS >= 1.0         0               0.0     0.0        0
GREATEST
 SNOW DEPTH         0   MM                             0  MM
 24 HR TOTAL      0.0   09/30 TO 09/30           09/30 TO 09/30
                                                          09/30 TO 09/30
                                                          09/30 TO 09/30

DEGREE_DAYS
HEATING TOTAL      24                51     -27       16
 SINCE 7/1         24                52     -28       17
COOLING TOTAL     208               158      50      185
 SINCE 1/1       1427              1283     144     1310
.................................................

WIND (MPH)
AVERAGE WIND SPEED              4.3
HIGHEST WIND SPEED/DIRECTION    26/330    DATE  09/10
HIGHEST GUST SPEED/DIRECTION    35/330    DATE  09/10

SKY COVER
POSSIBLE SUNSHINE (PERCENT)   MM
AVERAGE SKY COVER           0.20
NUMBER OF DAYS FAIR           28
NUMBER OF DAYS PC              2
NUMBER OF DAYS CLOUDY          0

AVERAGE RH (PERCENT)     75

WEATHER CONDITIONS. NUMBER OF DAYS WITH
THUNDERSTORM              0     MIXED PRECIP               0
HEAVY RAIN                4     RAIN                       3
LIGHT RAIN                7     FREEZING RAIN              0
LT FREEZING RAIN          0     HAIL                       0
HEAVY SNOW                0     SNOW                       0
LIGHT SNOW                0     SLEET                      0
FOG                      20     FOG W/VIS <= 1/4 MILE      5
HAZE                      3

-  INDICATES NEGATIVE NUMBERS.
R  INDICATES RECORD WAS SET OR TIED.
MM INDICATES DATA IS MISSING.
T  INDICATES TRACE AMOUNT.

&&
-------------------------------------------------------------------
 YEARLY PRECIPITATION (INCHES):
 TOTAL.....................27.74
 DEPARTURE FROM NORMAL.....-8.97
$$
