000
CXUS54 KTSA 031608 CCA
CLMFYV

CLIMATE REPORT - CORRECTED RECORD TEMPS
NATIONAL WEATHER SERVICE TULSA OK
547 AM CDT SAT NOV 1 2014

...................................

...THE FAYETTEVILLE ARKANSAS CLIMATE SUMMARY FOR THE MONTH OF OCTOBER 2014...

CLIMATE NORMAL PERIOD 1981 TO 2010
CLIMATE RECORD PERIOD 1905 TO 2014

WEATHER         OBSERVED          NORMAL  DEPART  LAST YEAR`S
                 VALUE   DATE(S)  VALUE   FROM    VALUE  DATE(S)
                                          NORMAL
................................................................
TEMPERATURE (F)
RECORD
 HIGH              96   10/01/1953
 LOW               17   10/30/1998
                        10/29/1952
HIGHEST            86   10/07        96     -10       84  10/04
                                                          10/01
LOWEST             28   10/31        17      11       30  10/25
AVG. MAXIMUM     71.7              70.0     1.7     69.1
AVG. MINIMUM     47.9              45.5     2.4     46.6
MEAN             59.8              57.7     2.1     57.8
DAYS MAX >= 90      0               0.0     0.0        0
DAYS MAX <= 32      0               0.0     0.0        0
DAYS MIN <= 32      1               2.8    -1.8        1
DAYS MIN <= 0       0               0.0     0.0        0

PRECIPITATION (INCHES)
RECORD
 MAXIMUM        10.69   2009
 MINIMUM         0.03   1963
TOTALS           7.23              4.33    2.90     5.55
DAILY AVG.       0.23              0.14    0.09     0.18
DAYS >= .01         9               9.9    -0.9        9
DAYS >= .10         7               5.8     1.2        8
DAYS >= .50         3               3.1    -0.1        4
DAYS >= 1.00        3               1.5     1.5        1
GREATEST
 24 HR. TOTAL    3.50   10/10 TO 10/11           10/05 TO 10/05
                                                          10/04 TO 10/05
                                                          10/05 TO 10/05

SNOWFALL (INCHES)
RECORDS
 TOTAL             MM   MM
 24 HR TOTAL       MM
TOTALS            0.0                 T     0.0      0.0
SINCE 7/1         0.0                 T     0.0      0.0
SNOWDEPTH AVG.      0                MM      MM        0
DAYS >= TRACE       0               0.0     0.0        0
DAYS >= 1.0         0               0.0     0.0        0
GREATEST
 SNOW DEPTH         0   MM                             0  MM
 24 HR TOTAL      0.0   10/31 TO 10/31           10/30 TO 10/30
                                                          10/05 TO 10/05
                                                          10/05 TO 10/05

DEGREE_DAYS
HEATING TOTAL     201               248     -47      258
 SINCE 7/1        237               300     -63      270
COOLING TOTAL      45                23      22       44
 SINCE 1/1       1237              1306     -69     1390
......................................................

WIND (MPH)
AVERAGE WIND SPEED              6.2
HIGHEST WIND SPEED/DIRECTION    28/190    DATE  10/27
HIGHEST GUST SPEED/DIRECTION    35/190    DATE  10/27

SKY COVER
POSSIBLE SUNSHINE (PERCENT)   MM
AVERAGE SKY COVER           0.30
NUMBER OF DAYS FAIR           22
NUMBER OF DAYS PC              4
NUMBER OF DAYS CLOUDY          5

AVERAGE RH (PERCENT)     76

WEATHER CONDITIONS. NUMBER OF DAYS WITH
THUNDERSTORM              6     MIXED PRECIP               0
HEAVY RAIN                5     RAIN                       5
LIGHT RAIN                9     FREEZING RAIN              0
LT FREEZING RAIN          0     HAIL                       0
HEAVY SNOW                0     SNOW                       0
LIGHT SNOW                0     SLEET                      0
FOG                      19     FOG W/VIS <= 1/4 MILE      6
HAZE                      3

-  INDICATES NEGATIVE NUMBERS.
R  INDICATES RECORD WAS SET OR TIED.
MM INDICATES DATA IS MISSING.
T  INDICATES TRACE AMOUNT.

&&
-------------------------------------------------------------------
 YEARLY PRECIPITATION (INCHES):
 TOTAL.....................33.94
 DEPARTURE FROM NORMAL.....-7.10
$$
