000
CXUS53 KDDC 011240
CLMGCK


CLIMATE REPORT
NATIONAL WEATHER SERVICE DODGE CITY KS
638 AM CST MON FEB 1 2016

...................................

...THE GARDEN CITY REGIONAL ARPT KS CLIMATE SUMMARY FOR THE MONTH OF JANUARY 2016...

CLIMATE NORMAL PERIOD 1981 TO 2010
CLIMATE RECORD PERIOD 1948 TO 2016

WEATHER         OBSERVED          NORMAL  DEPART  LAST YEAR`S
                 VALUE   DATE(S)  VALUE   FROM    VALUE  DATE(S)
                                          NORMAL
................................................................
TEMPERATURE (F)
RECORD
 HIGH              79   01/27/2015
                        01/31/1989
                        01/12/1953
 LOW              -19   01/14/1979
HIGHEST            66   01/29        MM      MM       79  01/27
LOWEST              7   01/10        MM      MM        1  01/04
AVG. MAXIMUM     46.9              44.1     2.8     46.2
AVG. MINIMUM     19.0              17.7     1.3     19.5
MEAN             33.0              30.9     2.1     32.9
DAYS MAX >= 90      0               0.0     0.0        0
DAYS MAX <= 32      3               7.0    -4.0        7
DAYS MIN <= 32     31              30.3     0.7       30
DAYS MIN <= 0       0               1.3    -1.3        0

PRECIPITATION (INCHES)
RECORD
 MAXIMUM           MM   MM
 MINIMUM           MM   MM
TOTALS           0.03              0.34   -0.31     0.38
DAYS >= .01         1               2.9    -1.9        3
DAYS >= .10         0               1.3    -1.3        2
DAYS >= .50         0               0.1    -0.1        0
DAYS >= 1.00        0               0.0     0.0        0
GREATEST
 24 HR. TOTAL    0.03   01/07 TO 01/07           01/30 TO 01/31
                        01/06 TO 01/07                    01/31 TO 01/31
                        01/07 TO 01/07                    01/31 TO 01/31

DEGREE_DAYS
HEATING TOTAL     987              1057     -70      991
 SINCE 7/1       2726              3180    -454     3012
COOLING TOTAL       0                 0       0        0
 SINCE 1/1          0                 0       0        0
..................................................

WIND (MPH)
AVERAGE WIND SPEED              11.0
HIGHEST WIND SPEED/DIRECTION    38/010    DATE  01/29
HIGHEST GUST SPEED/DIRECTION    48/010    DATE  01/29


WEATHER CONDITIONS. NUMBER OF DAYS WITH
THUNDERSTORM              0     MIXED PRECIP               0
HEAVY RAIN                0     RAIN                       0
LIGHT RAIN                1     FREEZING RAIN              0
LT FREEZING RAIN          0     HAIL                       0
HEAVY SNOW                0     SNOW                       0
LIGHT SNOW                2     SLEET                      0
FOG                      16     FOG W/VIS <= 1/4 MILE      6
HAZE                      5

-  INDICATES NEGATIVE NUMBERS.
R  INDICATES RECORD WAS SET OR TIED.
MM INDICATES DATA IS MISSING.
T  INDICATES TRACE AMOUNT.

$$
