000
CXUS56 KOTX 041803 CCA
CLMGEG

CLIMATE REPORT
NATIONAL WEATHER SERVICE SPOKANE, WA
1003 AM PST WED JAN 4 2017

...................................

...THE SPOKANE WA AIRPORT CLIMATE SUMMARY FOR THE MONTH OF DECEMBER 2016...

CLIMATE NORMAL PERIOD 1981 TO 2010
CLIMATE RECORD PERIOD 1881 TO 2016

WEATHER         OBSERVED          NORMAL  DEPART  LAST YEAR`S
                 VALUE   DATE(S)  VALUE   FROM    VALUE  DATE(S)
                                          NORMAL
................................................................
TEMPERATURE (F)
RECORD
 HIGH              60   12/10/1939
 LOW              -25   12/30/1968
HIGHEST            41   12/04        MM      MM       56  12/08
                        12/03
LOWEST             -7   12/16        MM      MM        2  12/31
AVG. MAXIMUM     29.2              32.2    -3.0     35.5
AVG. MINIMUM     16.9              22.5    -5.6     25.9
MEAN             23.1              27.4    -4.3     30.7
DAYS MAX >= 90      0               0.0     0.0        0
DAYS MAX <= 32     20              13.6     6.4       14
DAYS MIN <= 32     31              26.3     4.7       23
DAYS MIN <= 0       2               1.1     0.9        0

PRECIPITATION (INCHES)
RECORD
 MAXIMUM         5.13   1964
 MINIMUM         0.21   1883
TOTALS           1.49              2.30   -0.81     4.45
DAILY AVG.       0.05              0.07   -0.02     0.14
DAYS >= .01        14              13.2     0.8       20
DAYS >= .10         6               7.2    -1.2       13
DAYS >= .50         0               1.1    -1.1        2
DAYS >= 1.00        0               0.1    -0.1        1
GREATEST
 24 HR. TOTAL    0.40   12/23 TO 12/24           12/06 TO 12/07

SNOWFALL (INCHES)
RECORDS
 TOTAL           61.5   2008
TOTALS           19.0              14.6     4.4     24.1
SINCE 7/1        22.3              22.1     0.2     25.6
SNOWDEPTH AVG.      3                 4      -1        4
DAYS >= 1.0         7               4.7     2.3        8
GREATEST
 SNOW DEPTH         6   12/27                         12  12/24
                        12/24
 24 HR TOTAL      4.3   MM                       12/07 TO 12/07

DEGREE_DAYS
HEATING TOTAL    1289              1167     122     1054
 SINCE 7/1       2622              2834    -212     2488
COOLING TOTAL       0                 0       0        0
 SINCE 1/1        494               450      44      828
........................................................

WIND (MPH)
AVERAGE WIND SPEED              8.2
HIGHEST WIND SPEED/DIRECTION    36/240    DATE  12/20
HIGHEST GUST SPEED/DIRECTION    43/240    DATE  12/20

SKY COVER
POSSIBLE SUNSHINE (PERCENT)   MM
AVERAGE SKY COVER           0.70
NUMBER OF DAYS FAIR            1
NUMBER OF DAYS PC             14
NUMBER OF DAYS CLOUDY         16

AVERAGE RH (PERCENT)     82

WEATHER CONDITIONS. NUMBER OF DAYS WITH
THUNDERSTORM              0     MIXED PRECIP               0
HEAVY RAIN                0     RAIN                       1
LIGHT RAIN                4     FREEZING RAIN              1
LT FREEZING RAIN          2     HAIL                       1
HEAVY SNOW                0     SNOW                       3
LIGHT SNOW               23     SLEET                      0
FOG                      27     FOG W/VIS <= 1/4 MILE      9
HAZE                      3

-  INDICATES NEGATIVE NUMBERS.
R  INDICATES RECORD WAS SET OR TIED.
MM INDICATES DATA IS MISSING.
T  INDICATES TRACE AMOUNT.

$$

AFTER A RECORD WET OCTOBER AND NEAR RECORD WARM NOVEMBER...THE
PATTERN CHANGED ONCE AGAIN IN DECEMBER.  A COLDER PATTERN DEVELOPED
ACROSS THE REGION WITH BELOW NORMAL TEMPERATURES AND ABOUT NORMAL
PRECIPITATION ACROSS NORTHEAST WASHINGTON INTO THE NORTH IDAHO
PANHANDLE.  MOST OF THE STORMS THROUGH THE 5TH THROUGH THE 18TH WERE
WEAKER IN NATURE BRINGING OCCASIONAL ROUNDS OF LIGHT SNOW.  A BRIEF
ARCTIC FREEZE HIT THE REGION ON THE 16TH AND 17TH WITH LOW
TEMPERATURES BELOW ZERO.  ON THE 17TH COEUR D`ALENE DROPPED TO -12F
WITH -7F IN SPOKANE. A STRONGER STORM ON THE 20TH BROUGHT
WIDESPREAD MODERATE TO HEAVY SNOW FOLLOWED BY WINDY CONDITIONS AS A
LOW PRESSURE SYSTEM TRACKED ACROSS SOUTHERN BRITISH COLUMBIA.  ON
THE 23RD A STALLED FRONT BROUGHT A BAND OF HEAVY SNOW FROM THE
PALOUSE UP THROUGH THE SPOKANE AND COEUR D`ALENE AREA AND NORTHEAST
WASHINGTON MOUNTAINS.  CLAYTON PICKED UP 8 INCHES...7 INCHES IN
WORLEY...AND 4-6 INCHES IN THE SPOKANE AREA.  YET ANOTHER STORM
ON THE 26TH AND 27TH BROUGHT 2 TO 5 INCHES ALONG WITH WINDY
CONDITIONS.

NO RECORDS WERE SET DURING THE MONTH AT THE SPOKANE AIRPORT.
