000
CXUS55 KGGW 011117
CLMGGW

CLIMATE REPORT
NATIONAL WEATHER SERVICE GLASGOW MT
353 AM MDT TUE AUG 1 2017

...................................

...THE GLASGOW CLIMATE SUMMARY FOR THE MONTH OF JULY 2017...

CLIMATE NORMAL PERIOD 1981 TO 2010
CLIMATE RECORD PERIOD 1893 TO 2017

WEATHER         OBSERVED          NORMAL  DEPART  LAST YEAR`S
                 VALUE   DATE(S)  VALUE   FROM    VALUE  DATE(S)
                                          NORMAL
................................................................
TEMPERATURE (F)
RECORD
 HIGH             113   07/31/1900
 LOW               34   07/08/1904
HIGHEST           103   07/08                         93  07/25
                                                          07/22
LOWEST             54   07/01                         51  07/17
                                                          07/07
AVG. MAXIMUM     93.2              85.1     8.1     82.3
AVG. MINIMUM     61.2              57.1     4.1     57.5
MEAN             77.2              71.1     6.1     69.9
DAYS MAX >= 90     23                                  7
DAYS MAX <= 32      0                                  0
DAYS MIN <= 32      0                                  0
DAYS MIN <= 0       0                                  0

PRECIPITATION (INCHES)
RECORD
 MAXIMUM         5.93   1993
 MINIMUM            T   1894
TOTALS           0.69              1.78   -1.09     3.42
DAILY AVG.       0.02              0.06   -0.04     0.11
DAYS >= .01         2                                 16
DAYS >= .10         2                                  9
DAYS >= .50         0                                  2
DAYS >= 1.00        0                                  0
GREATEST
 24 HR. TOTAL    0.48   07/11 TO 07/11

SNOWFALL (INCHES)
RECORDS
 TOTAL             MM   MM
 SNOW DEPTH        MM   MM
TOTALS            0.0               0.0     0.0      0.0
 LIQUID EQUIV    0.00              0.00    0.00     0.00
SINCE 7/1         0.0               0.0     0.0      0.0
 LIQUID 7/1      0.00              0.00    0.00     0.00
SNOWDEPTH AVG.      0                                  0
DAYS >= TRACE       0                                  0
DAYS >= 1.0         0                                  0
GREATEST
 SNOW DEPTH         0   MM                             0  MM
 24 HR TOTAL      0.0   07/31 TO 07/31

DEGREE_DAYS
HEATING TOTAL       0                18     -18        8
 SINCE 7/1          0                18     -18        8
COOLING TOTAL     383               207     176      166
 SINCE 1/1        478               299     179      246
.................................................................

WIND (MPH)
AVERAGE WIND SPEED              11.5
RESULTANT WIND SPEED/DIRECTION   5/088
HIGHEST WIND SPEED/DIRECTION    49/320    DATE  07/11
HIGHEST GUST SPEED/DIRECTION    62/320    DATE  07/11

SKY COVER
POSSIBLE SUNSHINE (PERCENT)   MM
AVERAGE SKY COVER           0.00
NUMBER OF DAYS FAIR           30
NUMBER OF DAYS PC              1
NUMBER OF DAYS CLOUDY          0

AVERAGE RH (PERCENT)     40

WEATHER CONDITIONS. NUMBER OF DAYS WITH
THUNDERSTORM              4     MIXED PRECIP               0
HEAVY RAIN                2     RAIN                       2
LIGHT RAIN                4     FREEZING RAIN              0
LT FREEZING RAIN          0     HAIL                       1
HEAVY SNOW                0     SNOW                       0
LIGHT SNOW                0     SLEET                      0
FOG                       1     FOG W/VIS <= 1/4 MILE      0
HAZE                      2

-  INDICATES NEGATIVE NUMBERS.
R  INDICATES RECORD WAS SET OR TIED.
MM INDICATES DATA IS MISSING.
T  INDICATES TRACE AMOUNT.

&&

FOR THE FOURTH STRAIGHT MONTH, JULY WAS MUCH WARMER AND DRIER THAN
NORMAL. JUST 0.69 INCHES OF RAIN FELL DURING THE MONTH, WHICH WAS
1.09 INCHES BELOW NORMAL. THE GREATEST RAINFALL DURING THE MONTH WAS
0.48 INCHES ON THE 11TH. MEASUREABLE RAINFALL OCCURRED ON ONLY TWO
DAYS, THE 11TH AND THE 25TH. FOR THE YEAR SO FAR, ONLY 3.44 INCHES
OF MOISTURE HAS BEEN RECORDED, WHICH IS 4.49 INCHES BELOW NORMAL.

THE AVERAGE TEMPERATURE FOR THE MONTH WAS 77.2 DEGREES, WHICH WAS
6.1 DEGREES WARMER THAN NORMAL. IN FACT, THIS MONTH WAS TIED FOR THE
THIRD WARMEST JULY ON RECORD IN GLASGOW. THE WARMEST JULY WAS IN
1936 WITH AN AVERAGE TEMPERATURE OF 81.2 DEGREES. THE AVERAGE HIGH
TEMPERATURE FOR THE MONTH WAS 93.2 DEGREES, WITH AN AVERAGE LOW OF
61.2 DEGREES. THE HOTTEST DAY OF THE MONTH WAS ON THE 8TH WHEN THE
HIGH REACHED 103 DEGREES. THE COOLEST WAS ON THE MORNING OF THE 1ST
WHEN THE LOW DIPPED DOWN TO 54 DEGREES.

THE WIND GUSTED TO 30 MPH OR GREATER ON THIRTEEN DAYS, AND TO 50 MPH
OR GREATER ON TWO DAYS. A PEAK WIND OF 62 MPH WAS RECORDED ON THE
11TH.

LOOKING AHEAD TO AUGUST, NORMAL HIGH TEMPERATURES TO BEGIN THE MONTH
ARE IN THE UPPER 80S WITH LOWS IN THE UPPER 50S. BY MONTH`S END,
NORMAL HIGHS ARE NEAR 80 DEGREES WITH LOWS IN THE LOWER 50S. NORMAL
RAINFALL FOR THE MONTH IS 1.24 INCHES.

$$

AEH
