000
CXUS55 KGGW 020011
CLMGGW

CLIMATE REPORT
NATIONAL WEATHER SERVICE GLASGOW MT
540 PM MDT FRI APR 1 2016

...................................

...THE GLASGOW CLIMATE SUMMARY FOR THE MONTH OF MARCH 2016...

CLIMATE NORMAL PERIOD 1981 TO 2010
CLIMATE RECORD PERIOD 1893 TO 2016

WEATHER         OBSERVED          NORMAL  DEPART  LAST YEAR`S
                 VALUE   DATE(S)  VALUE   FROM    VALUE  DATE(S)
                                          NORMAL
................................................................
TEMPERATURE (F)
RECORD
 HIGH              81   03/22/1928
 LOW              -45   03/12/1897
HIGHEST            68   03/10                         75  03/28
                        03/06                             03/14
                        03/05
LOWEST             12   03/01                         -5  03/04
AVG. MAXIMUM     52.5              42.4    10.1     53.3
AVG. MINIMUM     27.2              20.9     6.3     26.5
MEAN             39.8              31.7     8.1     39.9
DAYS MAX >= 90      0                                  0
DAYS MAX <= 32      1                                  3
DAYS MIN <= 32     25                                 21
DAYS MIN <= 0       0                                  1

PRECIPITATION (INCHES)
RECORD
 MAXIMUM         4.25   1898
 MINIMUM            T   1901
TOTALS           0.53              0.42    0.11     0.75
DAILY AVG.       0.02              0.01    0.01     0.02
DAYS >= .01         5                                  7
DAYS >= .10         2                                  4
DAYS >= .50         0                                  0
DAYS >= 1.00        0                                  0
GREATEST
 24 HR. TOTAL    0.31   03/01 TO 03/02

SNOWFALL (INCHES)
RECORDS
 TOTAL           25.0   1897
 SNOW DEPTH        21   03/04/2004
                        03/03/2004
TOTALS            2.9               4.7    -1.8      2.8
 LIQUID EQUIV    0.29              0.50   -0.21     0.28
SINCE 7/1        24.4              31.7    -7.3     37.9
 LIQUID 7/1      2.44              3.20   -0.76     3.79
SNOWDEPTH AVG.      0                                  0
DAYS >= TRACE       5                                  7
DAYS >= 1.0         1                                  1
GREATEST
 SNOW DEPTH         2   03/03                          1  03/18
 24 HR TOTAL      2.9   MM

DEGREE_DAYS
HEATING TOTAL     772              1034    -262      771
 SINCE 7/1       6237              7404   -1167     6855
COOLING TOTAL       0                 0       0        0
 SINCE 1/1          0                 0       0        0
.................................................................

WIND (MPH)
AVERAGE WIND SPEED              11.6
RESULTANT WIND SPEED/DIRECTION   2/012
HIGHEST WIND SPEED/DIRECTION    43/320    DATE  03/16
HIGHEST GUST SPEED/DIRECTION    53/320    DATE  03/16

SKY COVER
POSSIBLE SUNSHINE (PERCENT)   MM
AVERAGE SKY COVER           0.40
NUMBER OF DAYS FAIR           16
NUMBER OF DAYS PC             11
NUMBER OF DAYS CLOUDY          4

AVERAGE RH (PERCENT)     58

WEATHER CONDITIONS. NUMBER OF DAYS WITH
THUNDERSTORM              0     MIXED PRECIP               0
HEAVY RAIN                0     RAIN                       0
LIGHT RAIN                7     FREEZING RAIN              0
LT FREEZING RAIN          0     HAIL                       0
HEAVY SNOW                1     SNOW                       1
LIGHT SNOW                5     SLEET                      0
FOG                       8     FOG W/VIS <= 1/4 MILE      1
HAZE                      2

-  INDICATES NEGATIVE NUMBERS.
R  INDICATES RECORD WAS SET OR TIED.
MM INDICATES DATA IS MISSING.
T  INDICATES TRACE AMOUNT.

$$

MARCH WAS ANOTHER VERY WARM MONTH COMPARED TO NORMAL WITH THE
AVERAGE TEMPERATURE 8.1 DEGREES ABOVE THE NORMAL. THIS WAS THE FIFTH
WARMEST MARCH ON RECORD. COMBINED WITH FEBRUARY...THIS WAS THE
WARMEST FEBRUARY-MARCH PERIOD EVER (SINCE RECORDS HAVE BEEN KEPT).
THE AVERAGE HIGH TEMPERATURE FOR MARCH WAS 52.5 DEGREES WITH AN
AVERAGE LOW OF 27.2. THE HIGHEST TEMPERATURE REACHED OCCURRED THREE
TIMES WITH A 68 ON THE 10TH, THE 6TH AND THE 5TH. THE LOWEST
TEMPERATURE OCCURRED ON THE FIRST OF THE MONTH WITH 12 DEGREES.

PRECIPITATION FOR THE MONTH TOTALED 0.53 INCHES WHICH WAS 0.11
INCHES ABOVE NORMAL. 2.9 INCHES OF SNOW FELL DURING THE MONTH WHICH
WAS 1.8 INCHES BELOW NORMAL.

THE WIND GUSTED TO 30 MPH OR MORE ON 14 DAYS. THE WIND GUSTED OVER
50 MPH ON THE 16TH.

THE AVERAGE TEMPERATURE FOR THE MONTH OF APRIL IS 45 DEGREES WITH
NORMAL HIGHS STARTING OFF IN THE LOW 50S AND ENDING UP IN THE LOW
60S. NORMAL LOWS START OFF IN THE UPPER 20S AND END UP IN THE UPPER
30S. AVERAGE RAINFALL FOR APRIL IS 0.85 INCHES WHILE AVERAGE
SNOWFALL IS 1.9 INCHES.

$$

JAMBA
