000
CXUS53 KGRB 010828
CLMGRB


CLIMATE REPORT
NATIONAL WEATHER SERVICE GREEN BAY
225 AM CST THU DEC 1 2016

...................................

...THE GREEN BAY WI CLIMATE SUMMARY FOR THE MONTH OF NOVEMBER 2016...

CLIMATE NORMAL PERIOD 1981 TO 2010
CLIMATE RECORD PERIOD 1886 TO 2016

WEATHER         OBSERVED          NORMAL  DEPART  LAST YEAR`S
                 VALUE   DATE(S)  VALUE   FROM    VALUE  DATE(S)
                                          NORMAL
................................................................
TEMPERATURE (F)
RECORD
 HIGH              74   11/04/2008
                        11/09/1999
                        11/01/1933
 LOW              -12   11/28/1887
HIGHEST            70   11/01        61       9       70  11/03
LOWEST             21   11/21         8      13       16  11/22
AVG. MAXIMUM     53.6              42.2    11.4     49.7
AVG. MINIMUM     35.5              26.9     8.6     33.2
MEAN             44.6              34.6    10.0     41.5
DAYS MAX >= 90      0               0.0     0.0        0
DAYS MAX <= 32      0               5.3    -5.3        3
DAYS MIN <= 32      9              21.1   -12.1       14
DAYS MIN <= 0       0               0.1    -0.1        0

PRECIPITATION (INCHES)
RECORD
 MAXIMUM         6.19   1934
 MINIMUM         0.11   2007
TOTALS           2.29              2.13    0.16     2.49
DAILY AVG.       0.08              0.07    0.01     0.08
DAYS >= .01        10              10.0     0.0       10
DAYS >= .10         4               5.3    -1.3        5
DAYS >= .50         1               1.1    -0.1        2
DAYS >= 1.00        1               0.2     0.8        0
GREATEST
 24 HR. TOTAL    1.47   11/28 TO 11/28

SNOWFALL (INCHES)
RECORDS
 TOTAL           21.3   1889
TOTALS            0.9               4.0    -3.1      0.2
SINCE 7/1         0.9               4.2    -3.3      0.2
SNOWDEPTH AVG.      0                MM      MM        0
DAYS >= 1.0         0               1.1    -1.1        0
GREATEST
 SNOW DEPTH         0   MM                             0  MM
 24 HR TOTAL      0.9   MM

DEGREE_DAYS
HEATING TOTAL     608               914    -306      697
 SINCE 7/1       1062              1740    -678     1272
COOLING TOTAL       0                 0       0        0
 SINCE 1/1        577               398     179      517
.................................................................

WIND (MPH)
AVERAGE WIND SPEED              8.0
HIGHEST WIND SPEED/DIRECTION    32/310    DATE  11/19
HIGHEST GUST SPEED/DIRECTION    47/200    DATE  11/18

SKY COVER
POSSIBLE SUNSHINE (PERCENT)   MM
AVERAGE SKY COVER           0.40
NUMBER OF DAYS FAIR           16
NUMBER OF DAYS PC              5
NUMBER OF DAYS CLOUDY          9

AVERAGE RH (PERCENT)     77

WEATHER CONDITIONS. NUMBER OF DAYS WITH
THUNDERSTORM              0     MIXED PRECIP               0
HEAVY RAIN                2     RAIN                       5
LIGHT RAIN               11     FREEZING RAIN              0
LT FREEZING RAIN          0     HAIL                       0
HEAVY SNOW                0     SNOW                       0
LIGHT SNOW                3     SLEET                      0
FOG                      20     FOG W/VIS <= 1/4 MILE      5
HAZE                      3

-  INDICATES NEGATIVE NUMBERS.
R  INDICATES RECORD WAS SET OR TIED.
MM INDICATES DATA IS MISSING.
T  INDICATES TRACE AMOUNT.

$$
