000
CXUS53 KGID 111809 CCA
CLMGRI

CLIMATE REPORT...CORRECTED
NATIONAL WEATHER SERVICE HASTINGS NE
944 AM CDT FRI JUL 11 2014

UPDATED TO INCLUDE MONTHLY DETAILS/NARRATIVE AT BOTTOM

...................................

...THE GRAND ISLAND NE CLIMATE SUMMARY FOR THE MONTH OF JUNE 2014...

CLIMATE NORMAL PERIOD 1981 TO 2010
CLIMATE RECORD PERIOD 1895 TO 2014

WEATHER         OBSERVED          NORMAL  DEPART  LAST YEAR`S
                 VALUE   DATE(S)  VALUE   FROM    VALUE  DATE(S)
                                          NORMAL
................................................................
TEMPERATURE (F)
RECORD
 HIGH             108   06/15/1946
                        06/10/1933
 LOW               36   06/04/1943
                        06/07/1935
                        06/21/1902
HIGHEST            96   06/18        99      -3      100  06/21
                                                          06/14
LOWEST             49   06/13        46       3       44  06/02
AVG. MAXIMUM     83.6              83.2     0.4     84.8
AVG. MINIMUM     61.8              59.4     2.4     60.4
MEAN             72.7              71.3     1.4     72.6
DAYS MAX >= 90      6               6.5    -0.5        8
DAYS MAX <= 32      0               0.0     0.0        0
DAYS MIN <= 32      0               0.0     0.0        0
DAYS MIN <= 0       0               0.0     0.0        0

PRECIPITATION (INCHES)
RECORD
 MAXIMUM        13.96   1967
 MINIMUM         0.43   1922
TOTALS           9.65              4.30    5.35     1.63
DAILY AVG.       0.32              0.14    0.18     0.05
DAYS >= .01        14              10.5     3.5        8
DAYS >= .10        12               6.6     5.4        3
DAYS >= .50         5               2.7     2.3        1
DAYS >= 1.00        3               1.3     1.7        0
GREATEST
 24 HR. TOTAL    2.76   06/14 TO 06/15

SNOWFALL (INCHES)
RECORDS
 TOTAL            0.0
TOTALS            0.0               0.0     0.0      0.0
SINCE 7/1        16.4              29.0   -12.6     35.2
SNOWDEPTH AVG.      0               0.0     0.0        0
DAYS >= 1.0         0               0.0     0.0        0
GREATEST
 SNOW DEPTH         0                                  0

DEGREE_DAYS
HEATING TOTAL      10                24     -14       21
 SINCE 7/1       6266              6199      67     6133
COOLING TOTAL     250               213      37      259
 SINCE 1/1        369               278      91      354
.................................................................

WIND (MPH)
AVERAGE WIND SPEED              11.1
HIGHEST WIND SPEED/DIRECTION    45/290    DATE  06/20
HIGHEST GUST SPEED/DIRECTION    58/280    DATE  06/20

SKY COVER
POSSIBLE SUNSHINE (PERCENT)   MM
NUMBER OF DAYS FAIR           21
NUMBER OF DAYS PC              6
NUMBER OF DAYS CLOUDY          3

AVERAGE RH (PERCENT)     67

WEATHER CONDITIONS. NUMBER OF DAYS WITH
THUNDERSTORM             15     MIXED PRECIP               0
HEAVY RAIN               10     RAIN                      11
LIGHT RAIN               15     FREEZING RAIN              0
LT FREEZING RAIN          0     HAIL                       1
HEAVY SNOW                0     SNOW                       0
LIGHT SNOW                0     SLEET                      0
FOG                      19     FOG W/VIS <= 1/4 MILE      2
HAZE                      3

-  INDICATES NEGATIVE NUMBERS.
R  INDICATES RECORD WAS SET OR TIED.
MM INDICATES DATA IS MISSING.
T  INDICATES TRACE AMOUNT.

&&

...JUNE 2014 SUMMARY FOR CENTRAL NEBRASKA REGIONAL AIRPORT...

...TEMPERATURES

NO DAILY TEMPERATURE RECORDS WERE SET IN JUNE 2014

AVERAGE HIGH TEMPERATURE:     83.6 DEGREES (0.4 ABOVE NORMAL)
AVERAGE LOW TEMPERATURE:      61.8 DEGREES (2.4 ABOVE NORMAL)
AVERAGE MEAN TEMPERATURE:     72.7 DEGREES (1.4 ABOVE NORMAL)

WARMEST HIGH TEMPERATURE:      96 DEGREES ON THE 18TH
COOLEST HIGH TEMPERATURE:      66 DEGREES ON THE 7TH

COOLEST LOW TEMPERATURE:       49 DEGREES ON THE 13TH
WARMEST LOW TEMPERATURE:       75 DEGREES ON THE 18TH

WARMEST 2-DAY STRETCH BASED
ON AVERAGE HIGH TEMPERATURE:   95.5 DEGREES FROM THE 17TH-18TH

WARMEST WEEK BASED
ON AVERAGE HIGH TEMPERATURE:   90.0 DEGREES FROM THE 14TH-20TH

WARMEST WEEK BASED
ON AVERAGE MEAN TEMPERATURE:   78.1 DEGREES FROM THE 16TH-22ND

COOLEST 2-DAY STRETCH BASED
ON AVERAGE HIGH TEMPERATURE:   68.0 DEGREES FROM THE 7TH-8TH

COOLEST WEEK BASED
ON AVERAGE HIGH TEMPERATURE:   74.7 DEGREES FROM THE 7TH-13TH

COOLEST WEEK BASED
ON AVERAGE LOW TEMPERATURE:    54.7 DEGREES FROM THE 7TH-13TH

COOLEST WEEK BASED
ON AVERAGE MEAN TEMPERATURE:   64.7 DEGREES FROM THE 7TH-13TH


...PRECIPITATION

1 DAILY PRECIPITATION RECORD WAS SET IN JUNE 2014:
- JUNE 14: RECORD RAINFALL OF 2.59 INCHES (PREVIOUS 2.14 IN 1967)

TOTAL MONTHLY PRECIPITATION: 9.65 INCHES  (5.35 ABOVE NORMAL)

- JUNE 2014 WAS THE 3RD-WETTEST ON RECORD OUT OF 119 YEARS DATING TO
1896...AND WAS THE WETTEST SINCE 2008 WHICH FEATURED 9.85 INCHES

NUMBER OF DAYS WITH MEASURABLE PRECIPITATION (0.01 OR MORE): 14

HIGHEST CALENDAR DAY PRECIPITATION:  2.59 INCHES ON THE 14TH
HIGHEST TWO-DAY PRECIPITATION TOTAL: 2.76 INCHES FROM THE 14TH-15TH

PRECIPITATION TOTALS AND DEPARTURES
FROM NORMAL FOR THE PAST 12 MONTHS:

MONTH          PRECIP.  DEPARTURE

JUL  2013       1.39     -2.01
AUG  2013       3.02     -0.10
SEP  2013       2.38     +0.15
OCT  2013       4.05     +2.19
NOV  2013       0.97     -0.20
DEC  2013       0.11     -0.52
JAN  2014       0.32     -0.21
FEB  2014       0.33     -0.35
MAR  2014       0.19     -1.61
APR  2014       2.91     +0.38
MAY  2014       0.74     -3.67
JUN  2014       9.65     +5.35

12-MONTH TOTAL  26.06    -0.60


...OTHER WEATHER ELEMENTS

HIGHEST WIND GUST: 58 MPH FROM THE WEST ON THE WEST ON THE 20TH
(OCCURRED AT 1011 PM DURING A SEVERE STORM)

HIGHEST SURFACE SEA LEVEL PRESSURE: 30.11 ON THE 13TH
LOWEST SURFACE SEA LEVEL PRESSURE:  29.38 ON THE 14TH

&&

...JUNE 2014 NARRATIVE FOR CENTRAL NEBRASKA REGIONAL AIRPORT...

BY FAR AND AWAY...THE BIGGEST STORY OF THE MONTH WAS ABUNDANT
RAINFALL...AS GRAND ISLAND NOTCHED ITS 3RD-WETTEST JUNE ON RECORD
OUT OF 119 YEARS. NEEDLESS TO SAY...THIS RAIN ESSENTIALLY ERADICATED
LINGERING DROUGHT CONDITIONS ACROSS THE MAJORITY OF SOUTH CENTRAL
NEBRASKA...INCLUDING ALL OF HALL COUNTY...WHICH BY MONTHS END WAS
INDICATED TO BE VOID OF ALL DROUGHT PER THE WEEKLY U.S. DROUGHT
MONITOR.

FOCUSING ON JUNE PRECIPITATION IN MORE DETAIL...THE MONTHLY TOTAL OF
9.65 INCHES AT CENTRAL NEBRASKA REGIONAL AIRPORT WAS A NOTABLE 5.35
INCHES ABOVE THE 30-YEAR JUNE NORMAL OF 4.30 INCHES. PUT ANOTHER
WAY...GRAND ISLAND RECEIVED 225 PERCENT OF NORMAL JUNE
PRECIPITATION. THIS RESULTED IN THE 3RD-WETTEST JUNE ON RECORD OUT
OF 119 YEARS DATING TO 1896...TRAILING ONLY 13.96 INCHES IN 1967 AND
9.85 INCHES IN 2008. FORTUNATELY FOR FLOODING CONCERNS...THIS
PRECIPITATION SPACED ITSELF OUT FAIRLY EVENLY OVER THE COURSE OF THE
MONTH. THE HIGHEST CALENDAR-DAY TOTAL...WHICH WAS ALSO A DAILY
RECORD...WAS 2.59 INCHES ON THE 14TH. OTHER NOTABLE DAILY TOTALS
INCLUDED 1.93 INCHES ON THE 3RD AND 1.59 INCHES ON THE 20TH.

TEMPERATURE-WISE...IT WAS A FAIRLY TYPICAL AND NON-NEWSWORTHY JUNE
WITH THE MAJORITY OF DAYS FEATURING HIGHS SOMEWHERE IN THE 80S AND
THE MAJORITY OF NIGHTS FEATURING LOWS SOMEWHERE IN THE 60S. OVERALL
THOUGH...IT WAS A SLIGHTLY WARMER THAN NORMAL MONTH AS THE MONTHLY
AVERAGE TEMPERATURE (RESULTING FROM AVERAGING BOTH THE HIGHS AND
LOWS) WAS 72.7 DEGREES...1.4 DEGREES ABOVE THE 30-YEAR NORMAL. THIS
ABOVE NORMAL OVERALL MONTHLY AVERAGE WAS LARGELY DRIVEN BY DAILY LOW
TEMPERATURES...WHICH AVERAGED 2.4 DEGREES ABOVE NORMAL. OF THE 30
DAYS DURING THE MONTH...16 FEATURED AN ABOVE NORMAL AVERAGE
TEMPERATURE...11 WERE BELOW NORMAL AND THREE DAYS MATCHED THE DAILY
NORMAL. ALTHOUGH NOT SIGNIFICANTLY COOL OR HOT BY ANY MEANS...THE
OVERALL-COOLEST AND WARMEST WEEKS OF THE MONTH OCCURRED NEARLY BACK-
TO-BACK BETWEEN THE 7TH-13TH AND THE 16TH-22ND. DURING THE COOLEST
WEEK FROM THE 7TH-13TH...SIX DAYS FAILED TO EXCEED 80
DEGREES...INCLUDING TWO DAYS THAT ONLY REACHED THE 60S. THIS WEEK
CONTAINED BOTH THE COOLEST LOW TEMPERATURE (49 ON THE 13TH) AND
COOLEST HIGH TEMPERATURE (66 ON THE 7TH) OF THE MONTH. IN
CONTRAST...DURING THE WARMEST WEEK FROM THE 16TH-22ND...FOUR OF
SEVEN DAYS REACHED AT LEAST 89 DEGREES. DURING THIS STRETCH...THE
18TH FEATURED BOTH THE HOTTEST MONTHLY HIGH TEMPERATURE (96) AND
ALSO THE MILDEST LOW (75). BEYOND THE 20TH...THE MONTH ENDED WITH
VERY CONSISTENT TEMPERATURES...AS EACH OF THE FINAL 10 DAYS FEATURED
HIGHS IN THE 80S AND LOWS IN THE 60S.  THE MOST EXTREME DAY-TO-DAY
FLUCTUATION IN HIGH TEMPERATURES DURING JUNE WAS 21
DEGREES...FEATURING A NOTICEABLE COOL-DOWN FROM 87 DEGREES ON THE
6TH TO 66 ON THE 7TH.

AS FOR SEVERE THUNDERSTORM ACTIVITY...THE MOST NOTABLE EVENT OF THE
MONTH WITHIN AND IMMEDIATELY NEAR THE CITY LIMITS OCCURRED ON THE
EVENING OF THE 20TH...AS A SLOW-MOVING SUPERCELL STORM POUNDED
PRIMARILY NORTHERN AND CENTRAL PORTIONS OF THE CITY WITH LARGE HAIL
RANGING FROM QUARTER SIZE ALL THE WAY UP TO BASEBALL SIZE FOR AT
LEAST 20 MINUTES. LATER THAT EVENING...ANOTHER SEVERE STORM PRODUCED
THE HIGHEST PEAK WIND GUST OF THE MONTH AT THE AIRPORT...58 MPH FROM
THE WEST. ALTHOUGH NOT NEARLY AS SIGNIFICANT AS WHAT OCCURRED ON THE
20TH...THE EVENING OF THE 14TH ALSO FEATURED SEVERAL REPORTS OF HAIL
RANGING FROM NICKEL SIZE TO GOLF BALL SIZE. NO TORNADOES WERE
REPORTED WITHIN HALL COUNTY DURING THE MONTH. INCLUDING THE 58 MPH
WIND GUST ON THE 20TH...THERE WERE FOUR JUNE DAYS THAT FEATURED PEAK
GUSTS OF AT LEAST 47 MPH.

$$

PFANNKUCH/DOXEY
