000
CXUS53 KGID 061845 AAC
CLMGRI

CLIMATE REPORT...UPDATED
NATIONAL WEATHER SERVICE HASTINGS NE
1245 PM CST FRI FEB 6 2015

UPDATED TO INCLUDE MONTHLY DETAILS/NARRATIVE AT BOTTOM

...................................

...THE GRAND ISLAND NE CLIMATE SUMMARY FOR THE MONTH OF JANUARY 2015...

CLIMATE NORMAL PERIOD 1981 TO 2010
CLIMATE RECORD PERIOD 1895 TO 2015

WEATHER         OBSERVED          NORMAL  DEPART  LAST YEAR`S
                 VALUE   DATE(S)  VALUE   FROM    VALUE  DATE(S)
                                          NORMAL
................................................................
TEMPERATURE (F)
RECORD
 HIGH              76   01/10/1990
 LOW              -29   01/12/1912
HIGHEST            68   01/28        58      10       68  01/19
LOWEST             -4   01/04        -9       5       -9  01/06
AVG. MAXIMUM     40.1              35.8     4.3     38.5
AVG. MINIMUM     15.1              14.4     0.7     12.7
MEAN             27.6              25.1     2.5     25.6
DAYS MAX >= 90      0               0.0     0.0        0
DAYS MAX <= 32      9              12.4    -3.4       10
DAYS MIN <= 32     31              30.3     0.7       29
DAYS MIN <= 0       4               4.0     0.0        5

PRECIPITATION (INCHES)
RECORD
 MAXIMUM         2.60   1932
 MINIMUM         0.00   1986
                        1961
                        1933
TOTALS           0.47              0.53   -0.06     0.32
DAILY AVG.       0.02              0.02    0.00     0.01
DAYS >= .01         2               5.1    -3.1        4
DAYS >= .10         1               1.7    -0.7        1
DAYS >= .50         0               0.2    -0.2        0
DAYS >= 1.00        0               0.0     0.0        0
GREATEST
 24 HR. TOTAL    0.44   01/31 TO 01/31

SNOWFALL (INCHES)
RECORDS
 TOTAL           26.0   1932
TOTALS            3.7               6.5    -2.8      4.5
SINCE 7/1        11.8              15.8    -4.0      6.9
SNOWDEPTH AVG.      0                 3      -3        0
DAYS >= 1.0         1               2.0    -1.0        2
GREATEST
 SNOW DEPTH         1   01/06                          1  01/31
                        01/05                             01/09
                        01/04                             01/03

DEGREE_DAYS
HEATING TOTAL    1154              1237     -83     1215
 SINCE 7/1       3592              3756    -164     3679
COOLING TOTAL       0                 0       0        0
 SINCE 1/1          0                 0       0        0
.................................................................

WIND (MPH)
AVERAGE WIND SPEED              11.9
HIGHEST WIND SPEED/DIRECTION    41/310    DATE  01/17
HIGHEST GUST SPEED/DIRECTION    52/340    DATE  01/29

SKY COVER
POSSIBLE SUNSHINE (PERCENT)   MM
NUMBER OF DAYS FAIR           22
NUMBER OF DAYS PC              7
NUMBER OF DAYS CLOUDY          2

AVERAGE RH (PERCENT)     66

WEATHER CONDITIONS. NUMBER OF DAYS WITH
THUNDERSTORM              0     MIXED PRECIP               0
HEAVY RAIN                0     RAIN                       0
LIGHT RAIN                3     FREEZING RAIN              0
LT FREEZING RAIN          0     HAIL                       0
HEAVY SNOW                1     SNOW                       3
LIGHT SNOW                6     SLEET                      0
FOG                       5     FOG W/VIS <= 1/4 MILE      1
HAZE                      4

-  INDICATES NEGATIVE NUMBERS.
R  INDICATES RECORD WAS SET OR TIED.
MM INDICATES DATA IS MISSING.
T  INDICATES TRACE AMOUNT.

&&

...JANUARY 2015 SUMMARY FOR CENTRAL NEBRASKA REGIONAL AIRPORT...

...TEMPERATURES

2 DAILY TEMPERATURE RECORDS SET/TIED DURING JAN. 2015:
- JAN. 17: TIED RECORD WARM LOW OF 31 DEGREES (PREVIOUS SET IN 1999,
1914 AND 1906)
- JAN. 28: RECORD HIGH OF 68 DEGREES (PREVIOUS 63 IN 1986)

AVERAGE HIGH TEMPERATURE:     40.1 DEGREES (4.3 ABOVE NORMAL)
AVERAGE LOW TEMPERATURE:      15.1 DEGREES (0.7 ABOVE NORMAL)
AVERAGE MEAN TEMPERATURE:     27.6 DEGREES (2.5 ABOVE NORMAL)

WARMEST HIGH TEMPERATURE:      68 DEGREES ON THE 28TH
COLDEST HIGH TEMPERATURE:       9 DEGREES ON THE 4TH

COLDEST LOW TEMPERATURE:       -4 DEGREES ON THE 4TH
WARMEST LOW TEMPERATURE:       31 DEGREES ON THE 17TH

WARMEST 2-DAY STRETCH BASED
ON AVERAGE HIGH TEMPERATURE:   66.0 DEGREES FROM THE 27TH-28TH

COLDEST 2-DAY STRETCH BASED
ON AVERAGE HIGH TEMPERATURE:   16.5 DEGREES FROM THE 6TH-7TH

WARMEST WEEK BASED
ON AVERAGE MEAN TEMPERATURE:   40.2 DEGREES FROM THE 23RD-29TH

COLDEST WEEK BASED
ON AVERAGE MEAN TEMPERATURE:   12.4 DEGREES FROM THE 3RD-9TH

WARMEST WEEK BASED
ON AVERAGE HIGH TEMPERATURE:   55.6 DEGREES FROM THE 23RD-29TH

COLDEST WEEK BASED
ON AVERAGE HIGH TEMPERATURE:   22.9 DEGREES FROM THE 3RD-9TH

COLDEST WEEK BASED
ON AVERAGE LOW TEMPERATURE:     2.0 DEGREES FROM THE 3RD-9TH
                                                 AND 4TH-10TH

...PRECIPITATION/SNOWFALL

NO DAILY PRECIPITATION OR SNOWFALL RECORDS WERE SET DURING JAN. 2015

TOTAL MONTHLY PRECIPITATION: 0.47 INCHES (0.06 BELOW NORMAL)
TOTAL MONTHLY SNOWFALL:       3.7 INCHES (2.8 BELOW NORMAL)

NUMBER OF DAYS WITH MEASURABLE PRECIPITATION (0.01 OR MORE): 2

HIGHEST CALENDAR DAY PRECIPITATION:  0.44 INCHES ON THE 31ST

HIGHEST CALENDAR DAY SNOWFALL:        2.8 INCHES ON THE 31ST

DEEPEST 6 AM SNOW DEPTH:              1 INCH ON THE 1ST, 4TH-6TH


PRECIPITATION TOTALS AND DEPARTURES
FROM NORMAL FOR THE PAST 12 MONTHS:

MONTH          PRECIP.  DEPARTURE

FEB  2014       0.33     -0.35
MAR  2014       0.19     -1.61
APR  2014       2.91     +0.38
MAY  2014       0.74     -3.67
JUN  2014       9.65     +5.35
JUL  2014       2.19     -1.21
AUG  2014       5.87     +2.75
SEP  2014       3.03     +0.80
OCT  2014       1.28     -0.58
NOV  2014       0.29     -0.88
DEC  2014       0.76     +0.13
JAN  2015       0.47     -0.06

12-MONTH TOTAL  27.71    +1.05


...OTHER WEATHER ELEMENTS (INCLUDING A NEW PRESSURE RECORD)

HIGHEST WIND GUST: 52 MPH FROM THE NORTH-NORTHWEST ON THE 29TH
(OCCURRED AT 1241 AM IN THE WAKE OF A COLD FRONT)

HIGH SURFACE SEA LEVEL PRESSURE: (INCHES/MERCURY) 31.21 ON THE 7TH
(THIS PRESSURE...WHICH EQUATED TO 1056.9 MILLIBARS...SET A NEW
RECORD FOR THE HIGHEST ATMOSPHERIC SEA LEVEL PRESSURE ON RECORD AT
GRAND ISLAND)

LOW SURFACE SEA LEVEL PRESSURE (INCHES/MERCURY): 29.71 ON THE 28TH

&&

...JANUARY 2015 NARRATIVE FOR CENTRAL NEBRASKA REGIONAL AIRPORT...

ALTHOUGH THE MONTH AS A WHOLE AVERAGED A FEW DEGREES ABOVE NORMAL
AND PRECIPITATION FELL JUST SHORT OF NORMAL...THE THREE MOST
MEMORABLE/SIGNIFICANT WEATHER ASPECTS OF THE MONTH WERE:

1) A MAJOR TEMPERATURE TURN-AROUND: FOLLOWING 13 CONSECUTIVE DAYS OF
BELOW NORMAL COLD TO START THE MONTH...THINGS CHANGED IN A MAJOR WAY
AS THE FINAL 17 DAYS OF THE MONTH ALL FEATURED ABOVE NORMAL
TEMPS...INCLUDING A PARTICULARLY MILD 3-DAY STRETCH FROM THE 26TH-
28TH.

2) BONE-DRY UNTIL THE VERY LAST DAY: RIGHT UP UNTIL THE 31ST...GRAND
ISLAND WAS STARING AT THE 6TH-DRIEST JANUARY ON RECORD (OUT OF 120)
WITH A MEASLY TOTAL OF ONLY 0.03 INCHES. THEN AT THE "LAST MINUTE"
ON THE 31ST...A SIGNIFICANT STORM SYSTEM ENDED THE MONTH ON A RAINY
THEN SNOWY NOTE...WITH THE DAILY PRECIPITATION TOTAL OF 0.44 INCHES
BLOWING AWAY ANY NOTION OF GRAND ISLAND HAVING ONE OF THE DRIEST
MONTHS OF JANUARY ON RECORD.

3) A NEW HIGH PRESSURE RECORD: AN UNUSUALLY STRONG ARCTIC HIGH
PRESSURE SYSTEM PASSED OVER THE AREA ON THE 7TH...SETTING A RECORD
FOR THE HIGHEST ATMOSPHERIC SEA LEVEL PRESSURE EVER MEASURED AT
GRAND ISLAND...TOPPING OUT AT 1056.9 MILLIBARS (31.21 INCHES OF
MERCURY).

FOCUSING ON TEMPERATURES IN MORE DETAIL...THE OVERALL AVERAGE
MONTHLY TEMPERATURE (RESULTING FROM AVERAGING BOTH THE HIGHS AND
LOWS) WAS 27.6 DEGREES...WHICH WAS 2.5 DEGREES ABOVE NORMAL. THE
MAJORITY OF THE ABOVE NORMAL AVERAGE STEMMED FROM DAILY
HIGHS...WHICH AVERAGED 4.3 DEGREES ABOVE NORMAL. AS OUTLINED
ABOVE...IT WAS A UNIQUE MONTH WITH EACH OF THE FIRST 13 DAYS
AVERAGING BELOW NORMAL AND EACH OF THE LAST 17 DAYS ABOVE
NORMAL...WITH A SINGLE TRANSITION DAY IN BETWEEN (ON THE 14TH) THAT
EQUALED ITS DAILY AVERAGE. STARTING WITH THE EARLY-MONTH COLD
SNAP...COUNTING THE FINAL FIVE DAYS OF DECEMBER THIS ACTUALLY ENDED
UP BEING AN IMPRESSIVE 18-DAY STRETCH OF BELOW NORMAL TEMPERATURES.
MORE SPECIFICALLY...THE AVERAGE DAILY TEMPERATURE FROM DEC. 27-JAN.
14 WAS ONLY 13.2 DEGREES...MARKING THE COLDEST STRETCH OF WEATHER
BETWEEN THOSE PARTICULAR DATES IN 27 YEARS. DURING THIS FIRST PART
OF JANUARY...THE OVERALL-COLDEST WEEK WAS CENTERED FROM THE 3RD-
9TH...DURING WHICH HIGH TEMPERATURES ON FIVE OF THE SEVEN DAYS
FAILED TO EXCEED 26 DEGREES. THIS INCLUDED THE OVERALL-COLDEST DAY
OF THE MONTH ON THE 4TH...WITH A HIGH OF ONLY 9 AND A LOW OF -4.
ONCE THE TEMPERATURE PATTERN CHANGED...IT DID SO IN A MAJOR WAY AS
10 OF THE LAST 17 DAYS REACHED AT LEAST 50 DEGREES...AND A
REMARKABLE THREE-DAY STRETCH FROM THE 26TH-28TH FEATURED HIGHS
BETWEEN 63-68 DEGREES...WITH THE HIGH OF 68 ON THE 28TH SETTING A
NEW DAILY RECORD. MORE IMPRESSIVELY...THE THREE-DAY AVERAGE HIGH
TEMPERATURE OF 65.0 DEGREES MARKED THE THIRD-WARMEST THREE-DAY
STRETCH OF JANUARY HIGH TEMPERATURES ON RECORD...AND THE WARMEST
SINCE A 65.3 AVERAGE FROM JAN. 11-13, 1987 (28 YEARS AGO). THE MOST
EXTREME DAY-TO-DAY CHANGE IN HIGH TEMPERATURES DURING THE MONTH WAS
A 27-DEGREE WARM-UP FROM 12 DEGREES ON THE 7TH TO 39 DEGREES ON THE
8TH.

TURNING TO JANUARY PRECIPITATION...THE TOTAL OF 0.47 INCHES AT
CENTRAL NEBRASKA REGIONAL AIRPORT FELL ONLY 0.06 INCHES SHY OF THE
30-YEAR NORMAL OF 0.53 INCHES...AND ACTUALLY MARKED THE WETTEST
JANUARY SINCE 2011 (1.49 INCHES). AS OUTLINED ABOVE...THE VAST
MAJORITY OF MONTHLY PRECIPITATION FELL ON THE VERY LAST DAY AS RAIN
TRANSITIONED TO 2.8 INCHES OF SNOW...EQUATING TO 0.44 INCHES OF
TOTAL DAILY PRECIPITATION (NOTE: COUNTING THE PRECIPITATION THAT
CONTINUED INTO FEB. 1ST THE STORM-TOTAL PRECIPITATION WAS 0.59
INCHES AND 4.7 INCHES OF SNOW). PRIOR TO THE 31ST...THE ONLY
MEASURABLE LIQUID-EQUIVALENT OF THE MONTH WAS A MEASLY 0.03 INCHES
ON THE 3RD. AS FOR SNOWFALL...THE MONTHLY TOTAL OF 3.7 INCHES FELL
2.8 INCHES SHORT OF THE 30-YEAR NORMAL OF 6.5 INCHES. THROUGH THE
END OF JANUARY...TOTAL SNOWFALL FOR THE 2014-15 SEASON STOOD AT 11.8
INCHES...WHICH WAS 4.0 INCHES BELOW THE 30-YEAR NORMAL.

NO THUNDERSTORMS AFFECTED GRAND ISLAND DURING THE MONTH. AS FOR DAY-
TO-DAY WIND...ALTHOUGH THERE WAS PLENTY OF TYPICAL JANUARY BREEZE IT
WAS NOT AN OVERLY-WINDY MONTH. IN STARK CONTRAST TO LAST YEAR THERE
WERE NO SEVERELY-WINDY DAYS. ONLY THREE DAYS FEATURED PEAK
NORTHWESTERLY WIND GUSTS OF 50+ MPH...LED BY A 52 MPH PEAK GUST
SHORTLY AFTER MIDNIGHT ON THE 29TH. IN TOTAL...EIGHT DAYS FEATURED
PEAK NORTHWESTERLY GUSTS OF AT LEAST 40 MPH.

$$

PFANNKUCH
