000
CXUS52 KGSP 020111 CCA
CLMGSP

CLIMATE REPORT
NATIONAL WEATHER SERVICE GREENVILLE-SPARTANBURG SC
958 AM EDT SUN MAY 1 2016

...................................

...THE GREENVILLE-SPARTANBURG CLIMATE SUMMARY FOR THE MONTH OF APRIL 2016...

CLIMATE NORMAL PERIOD 1981 TO 2010
CLIMATE RECORD PERIOD 1884 TO 2016

WEATHER         OBSERVED          NORMAL  DEPART  LAST YEAR`S
                 VALUE   DATE(S)  VALUE   FROM    VALUE  DATE(S)
                                          NORMAL
................................................................
TEMPERATURE (F)
RECORD
 HIGH              94   04/20/1917
 LOW               22   04/15/1907
                        04/14/1907
HIGHEST            87   04/29        MM      MM       87  04/09
                        04/19
LOWEST             31   04/10        MM      MM       41  04/05
AVG. MAXIMUM     73.7              72.8     0.9     73.0
AVG. MINIMUM     50.3              48.3     2.0     53.7
MEAN             62.0              60.5     1.5     63.4
DAYS MAX >= 90      0               0.3    -0.3        0
DAYS MAX <= 32      0               0.0     0.0        0
DAYS MIN <= 32      1               0.6     0.4        0
DAYS MIN <= 0       0               0.0     0.0        0

PRECIPITATION (INCHES)
RECORD
 MAXIMUM        11.30   1964
 MINIMUM         0.57   1915
TOTALS           2.32              3.36   -1.04     6.18
DAILY AVG.       0.08              0.11   -0.03     0.21
DAYS >= .01         7               9.0    -2.0       16
DAYS >= .10         4               6.3    -2.3        9
DAYS >= .50         2               2.6    -0.6        3
DAYS >= 1.00        0               0.8    -0.8        3
GREATEST
 24 HR. TOTAL    0.91   04/30 TO 04/30


 STORM TOTAL       MM                                 MM
 (MM/DD(HH))            MM                    04/19(00) TO 04/19(00)
                                                 04/19(00) TO 04/19(00)9
                                                 04/19(00) TO 04/19(00)9

SNOWFALL (INCHES)
RECORDS
 TOTAL            0.3   1987
 24 HR TOTAL      0.3   04/03/1987 TO 04/03/1987
 SNOW DEPTH        MM   MM
TOTALS            0.0                 T     0.0      0.0
 LIQUID EQUIV    0.00                MM      MM     0.00
SINCE 7/1         2.6               4.7    -2.1      3.7
 LIQUID 7/1      0.26                MM      MM     0.37
SNOWDEPTH AVG.      0                MM      MM        0
DAYS >= TRACE       0               0.1    -0.1        0
DAYS >= 1.0         0               0.0     0.0        0
GREATEST
 SNOW DEPTH         0   MM                             0  MM
 24 HR TOTAL      0.0   04/30 TO 04/30           04/19 TO 04/19
                                                          04/19 TO 04/19
                                                          04/19 TO 04/19
 STORM TOTAL       MM                                 MM
 (MM/DD(HH))            MM                    04/19(00) TO 04/19(00)
                                                 04/19(00) TO 04/19(00)9
                                                 04/19(00) TO 04/19(00)9

DEGREE_DAYS
HEATING TOTAL     141               173     -32       91
 SINCE 7/1       2464              3006    -542     3009
COOLING TOTAL      59                40      19       50
 SINCE 1/1         85                48      37       56

FREEZE DATES
RECORD
 EARLIEST     MM
 LATEST       MM
EARLIEST                        MM
LATEST                          MM
..........................................................

WIND (MPH)
AVERAGE WIND SPEED              7.5
HIGHEST WIND SPEED/DIRECTION    28/250    DATE  04/07
HIGHEST GUST SPEED/DIRECTION    36/280    DATE  04/07

SKY COVER
POSSIBLE SUNSHINE (PERCENT)    0
AVERAGE SKY COVER           0.20
NUMBER OF DAYS FAIR           23
NUMBER OF DAYS PC              5
NUMBER OF DAYS CLOUDY          2

AVERAGE RH (PERCENT)     56

WEATHER CONDITIONS. NUMBER OF DAYS WITH
THUNDERSTORM              5     MIXED PRECIP               0
HEAVY RAIN                4     RAIN                       4
LIGHT RAIN                6     FREEZING RAIN              0
LT FREEZING RAIN          0     HAIL                       0
HEAVY SNOW                0     SNOW                       0
LIGHT SNOW                0     SLEET                      0
FOG                       8     FOG W/VIS <= 1/4 MILE      2
HAZE                      0

-  INDICATES NEGATIVE NUMBERS.
R  INDICATES RECORD WAS SET OR TIED.
MM INDICATES DATA IS MISSING.
T  INDICATES TRACE AMOUNT.

$$
