000
CXGM50 PGUM 041517
CLMGUM


CLIMATE REPORT
NATIONAL WEATHER SERVICE TIYAN, GUAM
107 AM CHST SAT APR 5 2014

...................................

...THE GUAM INTERNATIONAL AIRPORT GU CLIMATE SUMMARY FOR THE MONTH OF MARCH 2014...

CLIMATE NORMAL PERIOD 1981 TO 2010
CLIMATE RECORD PERIOD 1945 TO 2014

WEATHER         OBSERVED          NORMAL  DEPART  LAST YEAR`S
                 VALUE   DATE(S)  VALUE   FROM    VALUE  DATE(S)
                                          NORMAL
................................................................
TEMPERATURE (F)
RECORD
 HIGH              92   03/31/2006
 LOW               70   03/22/2008
                        03/04/2008
                        03/29/2006
HIGHEST            90   03/27        MM      MM       91  03/28
                        03/16                             03/22
                                                          03/11
LOWEST             73   03/06        MM      MM       74  03/02
AVG. MAXIMUM     87.1              85.8     1.3     88.9
AVG. MINIMUM     76.3              75.6     0.7     77.8
MEAN             81.7              80.7     1.0     83.4
DAYS MAX >= 90      2               0.0     2.0       11
DAYS MAX <= 32      0               0.0     0.0        0
DAYS MIN <= 32      0               0.0     0.0        0
DAYS MIN <= 0       0               0.0     0.0        0

PRECIPITATION (INCHES)
RECORD
 MAXIMUM           MM   MM
 MINIMUM           MM   MM
TOTALS           2.91              2.77    0.14     3.95
DAILY AVG.       0.09              0.09    0.00     0.13
DAYS >= .01        21              18.9     2.1       20
DAYS >= .10         8               8.4    -0.4        8
DAYS >= .50         1               1.1    -0.1        2
DAYS >= 1.00        0               0.2    -0.2        1
GREATEST
 24 HR. TOTAL    0.84   03/03 TO 03/03           03/18 TO 03/18
                                                          03/31 TO 03/31
                                                          03/31 TO 03/31
 STORM TOTAL       MM                                 MM
 (MM/DD(HH))            MM                    03/18(00) TO 03/18(00)
                                                 03/31(00) TO 03/31(00)1
                                                 03/31(00) TO 03/31(00)1

DEGREE_DAYS
COOLING TOTAL     527               487      40      577
 SINCE 1/1       1474              1377      97     1481

FREEZE DATES
RECORD
 EARLIEST     MM
 LATEST       MM
EARLIEST                        MM
LATEST                          MM
..................................................

WIND (MPH)
AVERAGE WIND SPEED              13.0
RESULTANT WIND SPEED/DIRECTION  12/056
HIGHEST WIND SPEED/DIRECTION    30/060    DATE  03/12
HIGHEST GUST SPEED/DIRECTION    38/070    DATE  03/01

SKY COVER
POSSIBLE SUNSHINE (PERCENT)   MM
AVERAGE SKY COVER           0.50
NUMBER OF DAYS FAIR           11
NUMBER OF DAYS PC             15
NUMBER OF DAYS CLOUDY          5

AVERAGE RH (PERCENT)     75

WEATHER CONDITIONS. NUMBER OF DAYS WITH
THUNDERSTORM              0     MIXED PRECIP               0
HEAVY RAIN                5     RAIN                       7
LIGHT RAIN               19     FREEZING RAIN              0
LT FREEZING RAIN          0     HAIL                       0
HEAVY SNOW                0     SNOW                       0
LIGHT SNOW                0     SLEET                      0
FOG                      14     FOG W/VIS <= 1/4 MILE      0
HAZE                      1

-  INDICATES NEGATIVE NUMBERS.
R  INDICATES RECORD WAS SET OR TIED.
MM INDICATES DATA IS MISSING.
T  INDICATES TRACE AMOUNT.

$$
