000
CXUS54 KJAN 012236
CLMGWO


CLIMATE REPORT
NATIONAL WEATHER SERVICE JACKSON MS
532 PM CDT SAT AUG 1 2015

...................................

...THE GREENWOOD CLIMATE SUMMARY FOR THE MONTH OF JULY 2015...

CLIMATE NORMAL PERIOD 1981 TO 2010
CLIMATE RECORD PERIOD 1948 TO 2015

WEATHER         OBSERVED          NORMAL  DEPART  LAST YEAR`S
                 VALUE   DATE(S)  VALUE   FROM    VALUE  DATE(S)
                                          NORMAL
................................................................
TEMPERATURE (F)
RECORD
 HIGH             105   07/30/1986
                        07/16/1980
 LOW               53   07/15/1967
HIGHEST            99   07/20        MM      MM       94  07/12
LOWEST             65   07/31        MM      MM       58  07/30
                                                          07/16
AVG. MAXIMUM     93.1              91.8     1.3     87.1
AVG. MINIMUM     72.9              70.8     2.1     66.5
MEAN             83.0              81.3     1.7     76.8
DAYS MAX >= 90     25              21.8     3.2       11
DAYS MAX <= 32      0               0.0     0.0        0
DAYS MIN <= 32      0               0.0     0.0        0
DAYS MIN <= 0       0               0.0     0.0        0

PRECIPITATION (INCHES)
RECORD
 MAXIMUM        11.12   1963
 MINIMUM         0.47   2000
TOTALS           2.08              3.60   -1.52     5.59
DAILY AVG.       0.07              0.12   -0.05     0.18
DAYS >= .01         6               8.5    -2.5       10
DAYS >= .10         5               5.8    -0.8        6
DAYS >= .50         1               2.5    -1.5        3
DAYS >= 1.00        0               1.1    -1.1        1
GREATEST
 24 HR. TOTAL    1.13   07/03 TO 07/04              3.38

SNOWFALL (INCHES)
TOTALS            0.0

DEGREE_DAYS
HEATING TOTAL       0                 0       0        0
 SINCE 7/1          0                 0       0        0
COOLING TOTAL     564               505      59      372
 SINCE 1/1       1366              1248     118     1090
.................................................................

WIND (MPH)
AVERAGE WIND SPEED              4.6
HIGHEST WIND SPEED/DIRECTION    32/190    DATE  07/07
HIGHEST GUST SPEED/DIRECTION    39/190    DATE  07/07

SKY COVER
POSSIBLE SUNSHINE (PERCENT)   MM
AVERAGE SKY COVER           0.10
NUMBER OF DAYS FAIR           29
NUMBER OF DAYS PC              2
NUMBER OF DAYS CLOUDY          0

AVERAGE RH (PERCENT)     73

WEATHER CONDITIONS. NUMBER OF DAYS WITH
THUNDERSTORM             10     MIXED PRECIP               0
HEAVY RAIN                5     RAIN                       5
LIGHT RAIN               10     FREEZING RAIN              0
LT FREEZING RAIN          0     HAIL                       0
HEAVY SNOW                0     SNOW                       0
LIGHT SNOW                0     SLEET                      0
FOG                      23     FOG W/VIS <= 1/4 MILE      0
HAZE                      2

-  INDICATES NEGATIVE NUMBERS.
R  INDICATES RECORD WAS SET OR TIED.
MM INDICATES DATA IS MISSING.
T  INDICATES TRACE AMOUNT.

$$
