000
CXUS54 KJAN 011235
CLMGWO


CLIMATE REPORT
NATIONAL WEATHER SERVICE JACKSON MS
733 AM CDT FRI JUL 1 2016

...................................

...THE GREENWOOD CLIMATE SUMMARY FOR THE MONTH OF JUNE 2016...

CLIMATE NORMAL PERIOD 1981 TO 2010
CLIMATE RECORD PERIOD 1948 TO 2016

WEATHER         OBSERVED          NORMAL  DEPART  LAST YEAR`S
                 VALUE   DATE(S)  VALUE   FROM    VALUE  DATE(S)
                                          NORMAL
................................................................
TEMPERATURE (F)
RECORD
 HIGH             104   06/28/1954
                        06/21/1953
                        06/19/1952
 LOW               49   06/11/1988
                        06/03/1956
HIGHEST            96   06/26        MM      MM       97  06/24
LOWEST             61   06/07        MM      MM       59  06/04
                                                          06/03
AVG. MAXIMUM     91.0              89.5     1.5     89.3
AVG. MINIMUM     70.0              68.0     2.0     69.4
MEAN             80.5              78.7     1.8     79.4
DAYS MAX >= 90     21              15.3     5.7       20
DAYS MAX <= 32      0               0.0     0.0        0
DAYS MIN <= 32      0               0.0     0.0        0
DAYS MIN <= 0       0               0.0     0.0        0

PRECIPITATION (INCHES)
RECORD
 MAXIMUM        18.74   1989
 MINIMUM         0.04   1952
TOTALS           3.37              4.31   -0.94     2.29
DAILY AVG.       0.11              0.14   -0.03     0.08
DAYS >= .01         8               8.6    -0.6       10
DAYS >= .10         3               5.8    -2.8        3
DAYS >= .50         3               2.4     0.6        1
DAYS >= 1.00        1               1.2    -0.2        1
GREATEST
 24 HR. TOTAL    1.97   06/03 TO 06/03              1.64

SNOWFALL (INCHES)
TOTALS            0.0

DEGREE_DAYS
HEATING TOTAL       0                 0       0        0
 SINCE 7/1       1929              2688    -759     2869
COOLING TOTAL     473               413      60      438
 SINCE 1/1        802               743      59      802
.................................................................

WIND (MPH)
AVERAGE WIND SPEED              4.7
HIGHEST WIND SPEED/DIRECTION    25/350    DATE  06/27
HIGHEST GUST SPEED/DIRECTION    35/360    DATE  06/27

SKY COVER
POSSIBLE SUNSHINE (PERCENT)   MM
AVERAGE SKY COVER           0.20
NUMBER OF DAYS FAIR           22
NUMBER OF DAYS PC              8
NUMBER OF DAYS CLOUDY          0

AVERAGE RH (PERCENT)     70

WEATHER CONDITIONS. NUMBER OF DAYS WITH
THUNDERSTORM              8     MIXED PRECIP               0
HEAVY RAIN                3     RAIN                       3
LIGHT RAIN               10     FREEZING RAIN              0
LT FREEZING RAIN          0     HAIL                       0
HEAVY SNOW                0     SNOW                       0
LIGHT SNOW                0     SLEET                      0
FOG                      13     FOG W/VIS <= 1/4 MILE      0
HAZE                      3

-  INDICATES NEGATIVE NUMBERS.
R  INDICATES RECORD WAS SET OR TIED.
MM INDICATES DATA IS MISSING.
T  INDICATES TRACE AMOUNT.

$$
