000
CXUS54 KJAN 021434
CLMGWO


CLIMATE REPORT
NATIONAL WEATHER SERVICE JACKSON MS
831 AM CST SUN NOV 2 2014

...................................

...THE GREENWOOD CLIMATE SUMMARY FOR THE MONTH OF OCTOBER 2014...

CLIMATE NORMAL PERIOD 1981 TO 2010
CLIMATE RECORD PERIOD 1948 TO 2014

WEATHER         OBSERVED          NORMAL  DEPART  LAST YEAR`S
                 VALUE   DATE(S)  VALUE   FROM    VALUE  DATE(S)
                                          NORMAL
................................................................
TEMPERATURE (F)
RECORD
 HIGH              97   10/05/1954
                        10/03/1954
 LOW               27   10/21/2011
                        10/10/2000
                        10/30/1952
HIGHEST            89   10/01        MM      MM       90  10/05
LOWEST             36   10/31        MM      MM       36  10/26
                                                          10/25
AVG. MAXIMUM     78.3              76.9     1.4     75.6
AVG. MINIMUM     53.1              51.6     1.5     53.8
MEAN             65.7              64.3     1.4     64.7
DAYS MAX >= 90      0               0.6    -0.6        1
DAYS MAX <= 32      0               0.0     0.0        0
DAYS MIN <= 32      0               0.9    -0.9        0
DAYS MIN <= 0       0               0.0     0.0        0

PRECIPITATION (INCHES)
RECORD
 MAXIMUM        12.66   1984
 MINIMUM         0.00   1952
TOTALS           6.40              3.87    2.53     3.37
DAILY AVG.       0.21              0.12    0.09     0.11
DAYS >= .01        10               7.9     2.1        7
DAYS >= .10         9               5.3     3.7        4
DAYS >= .50         3               2.8     0.2        2
DAYS >= 1.00        3               1.1     1.9        1
GREATEST
 24 HR. TOTAL    2.74   10/12 TO 10/13              2.24

SNOWFALL (INCHES)
TOTALS            0.0

DEGREE_DAYS
HEATING TOTAL      94               119     -25      116
 SINCE 7/1         94               131     -37      116
COOLING TOTAL     120                95      25      112
 SINCE 1/1       2040              2142    -102     2092
.................................................................

WIND (MPH)
AVERAGE WIND SPEED              5.5
HIGHEST WIND SPEED/DIRECTION    31/250    DATE  10/13
HIGHEST GUST SPEED/DIRECTION    49/260    DATE  10/13

SKY COVER
POSSIBLE SUNSHINE (PERCENT)   MM
AVERAGE SKY COVER           0.20
NUMBER OF DAYS FAIR           22
NUMBER OF DAYS PC              7
NUMBER OF DAYS CLOUDY          2

AVERAGE RH (PERCENT)     72

WEATHER CONDITIONS. NUMBER OF DAYS WITH
THUNDERSTORM              2     MIXED PRECIP               0
HEAVY RAIN                7     RAIN                       8
LIGHT RAIN               11     FREEZING RAIN              0
LT FREEZING RAIN          0     HAIL                       0
HEAVY SNOW                0     SNOW                       0
LIGHT SNOW                0     SLEET                      0
FOG                      24     FOG W/VIS <= 1/4 MILE      2
HAZE                      3

-  INDICATES NEGATIVE NUMBERS.
R  INDICATES RECORD WAS SET OR TIED.
MM INDICATES DATA IS MISSING.
T  INDICATES TRACE AMOUNT.

$$
