000
CXUS56 KHNX 011300
CLMHJO


CLIMATE REPORT
NATIONAL WEATHER SERVICE SAN JOAQUIN VALLEY - HANFORD CA
500 AM PST THU JAN 1 2015

...................................

...THE HANFORD CA AIRPORT CLIMATE SUMMARY FOR THE MONTH OF DECEMBER 2014...

CLIMATE NORMAL PERIOD 1981 TO 2010
CLIMATE RECORD PERIOD 1998 TO 2014

WEATHER         OBSERVED          NORMAL  DEPART  LAST YEAR`S
                 VALUE   DATE(S)  VALUE   FROM    VALUE  DATE(S)
                                          NORMAL
................................................................
TEMPERATURE (F)
RECORD
 HIGH              80   12/08/2006
 LOW               18   12/25/1998
                        12/22/1998
HIGHEST            71   12/01        MM      MM       68  12/01
LOWEST             28   12/31        MM      MM       21  12/10
                                                          12/06
                                                          12/05
AVG. MAXIMUM     59.0              54.3     4.7     59.4
AVG. MINIMUM     42.2              34.7     7.5     28.6
MEAN             50.6              44.5     6.1     44.0
DAYS MAX >= 90      0               0.0     0.0        0
DAYS MIN <= 32      5              11.8    -6.8       25

PRECIPITATION (INCHES)
RECORD
 MAXIMUM         5.29   2010
TOTALS           2.32              1.63    0.69     0.12
DAYS >= .01         7                MM      MM        1
DAYS >= .10         5                MM      MM        1
DAYS >= .50         1                MM      MM        0
DAYS >= 1.00        1                MM      MM        0
GREATEST
 24 HR. TOTAL    1.41   12/12 TO 12/12

SNOWFALL (INCHES)
RECORDS
 TOTAL             MM   MM
TOTALS            0.0                MM

DEGREE_DAYS
HEATING TOTAL     437               635    -198      645
 SINCE 7/1        748              1132    -384     1025
COOLING TOTAL       0                 0       0        0
 SINCE 1/1       2274              1643     631     2057
.................................................................

WIND (MPH)
AVERAGE WIND SPEED              3.8
HIGHEST WIND SPEED/DIRECTION    31/150    DATE  12/11
HIGHEST GUST SPEED/DIRECTION    37/150    DATE  12/11

AVERAGE RH (PERCENT)     82

WEATHER CONDITIONS. NUMBER OF DAYS WITH
THUNDERSTORM              0     RAIN                       9
HAIL                      0     FOG                       15
FOG W/VIS <= 1/4 MILE     8     HAZE                      12

-  INDICATES NEGATIVE NUMBERS.
R  INDICATES RECORD WAS SET OR TIED.
MM INDICATES DATA IS MISSING.
T  INDICATES TRACE AMOUNT.

$$

SANGER/OCHS

WEATHER.GOV/HANFORD
