455
CXUS56 KHNX 022358
CLMHJO


CLIMATE REPORT
NATIONAL WEATHER SERVICE SAN JOAQUIN VALLEY, CA
355 PM PST FRI DEC 2 2016

...................................

...THE HANFORD CA AIRPORT CLIMATE SUMMARY FOR THE MONTH OF NOVEMBER 2016...

CLIMATE NORMAL PERIOD 1981 TO 2010
CLIMATE RECORD PERIOD 1998 TO 2016

WEATHER         OBSERVED          NORMAL  DEPART  LAST YEAR`S
                 VALUE   DATE(S)  VALUE   FROM    VALUE  DATE(S)
                                          NORMAL
................................................................
TEMPERATURE (F)
RECORD
 HIGH              89   MM
 LOW               26   11/29/2015
                        11/26/2010
                        11/23/1931
HIGHEST            84   11/11        MM      MM       81  11/01
LOWEST             31   11/25        MM      MM       26  11/29
AVG. MAXIMUM     69.6              64.8     4.8     63.8
AVG. MINIMUM     42.3              39.1     3.2     36.6
MEAN             56.0              52.0     4.0     50.2
DAYS MAX >= 90      0               0.0     0.0        0
DAYS MIN <= 32      2               4.4    -2.4        5

PRECIPITATION (INCHES)
RECORD
 MAXIMUM         1.91   MM
TOTALS           0.36              1.00   -0.64     0.85
DAYS >= .01         5                MM      MM        7
DAYS >= .10         3                MM      MM        2
DAYS >= .50         0                MM      MM        0
DAYS >= 1.00        0                MM      MM        0
GREATEST
 24 HR. TOTAL    0.24   11/26 TO 11/27

SNOWFALL (INCHES)
RECORDS
 TOTAL             MM   MM
TOTALS            0.0                MM

DEGREE_DAYS
HEATING TOTAL     269               392    -123      437
 SINCE 7/1        306               497    -191      450
COOLING TOTAL       4                 1       3        0
 SINCE 1/1       1966              1643     323     2335
.................................................................

WIND (MPH)
AVERAGE WIND SPEED              3.4
HIGHEST WIND SPEED/DIRECTION    21/320    DATE  11/27
HIGHEST GUST SPEED/DIRECTION    28/330    DATE  11/16

AVERAGE RH (PERCENT)     74

WEATHER CONDITIONS. NUMBER OF DAYS WITH
THUNDERSTORM              0     RAIN                       2
HAIL                      0     FOG                       29
FOG W/VIS <= 1/4 MILE    16     HAZE                      23

-  INDICATES NEGATIVE NUMBERS.
R  INDICATES RECORD WAS SET OR TIED.
MM INDICATES DATA IS MISSING.
T  INDICATES TRACE AMOUNT.

$$
