000
CXUS54 KLZK 011837
CLMHRO


CLIMATE REPORT
NATIONAL WEATHER SERVICE LITTLE ROCK AR
1231 PM CST MON DEC 1 2014

...................................

...THE HARRISON CLIMATE SUMMARY FOR THE MONTH OF NOVEMBER 2014...

CLIMATE NORMAL PERIOD 1981 TO 2010
CLIMATE RECORD PERIOD 1891 TO 2014

WEATHER         OBSERVED          NORMAL  DEPART  LAST YEAR`S
                 VALUE   DATE(S)  VALUE   FROM    VALUE  DATE(S)
                                          NORMAL
................................................................
TEMPERATURE (F)
RECORD
 HIGH              85   11/11/1956
 LOW                5   11/14/1908
HIGHEST            75   11/30        57      18       77  11/17
LOWEST             13   11/18        38     -25       16  11/24
AVG. MAXIMUM     53.8              58.8    -5.0     55.9
AVG. MINIMUM     31.8              38.2    -6.4     35.1
MEAN             42.8              48.5    -5.7     45.5
DAYS MAX >= 90      0               0.0     0.0        0
DAYS MAX <= 32      1               0.3     0.7        1
DAYS MIN <= 32     17               8.3     8.7       12
DAYS MIN <= 0       0               0.0     0.0        0

PRECIPITATION (INCHES)
RECORD
 MAXIMUM        10.75   1968
 MINIMUM         0.17   1910
TOTALS           2.08              4.23   -2.15     2.80
DAILY AVG.       0.07              0.14   -0.07     0.09
DAYS >= .01         6               8.6    -2.6       11
DAYS >= .10         3                                  4
DAYS >= .50         2                                  1
DAYS >= 1.00        1               1.2    -0.2        1
GREATEST
 24 HR. TOTAL    1.24   11/04 TO 11/04

SNOWFALL (INCHES)
RECORDS
 TOTAL            9.0   1976
 24 HR TOTAL      8.0   11/11/1976 TO 11/11/1976
 SNOW DEPTH         6   11/12/1976
TOTALS            0.6               0.4     0.2        T
 LIQUID EQUIV    0.06              0.00    0.06       MM
SINCE 7/1         0.6               0.5     0.1        T
 LIQUID 7/1      0.06              0.00    0.06       MM
SNOWDEPTH AVG.      0
DAYS >= TRACE       4               1.0     3.0        5
DAYS >= 1.0         0                                  0
GREATEST
 SNOW DEPTH         1   11/17
 24 HR TOTAL      0.6   11/16 TO 11/16

DEGREE_DAYS
HEATING TOTAL     658               499     159      577
 SINCE 7/1        854               764      90      813
COOLING TOTAL       0                 4      -4        0
 SINCE 1/1       1354              1416     -62     1414

FREEZE DATES
RECORD
 EARLIEST     09/13/1902
 LATEST       05/17/1912
EARLIEST                        10/29
LATEST                          04/04
......................................................

WIND (MPH)
AVERAGE WIND SPEED              8.5
HIGHEST WIND SPEED/DIRECTION    23/220    DATE  11/30
HIGHEST GUST SPEED/DIRECTION    37/210    DATE  11/30

SKY COVER
POSSIBLE SUNSHINE (PERCENT)   MM
AVERAGE SKY COVER           0.30
NUMBER OF DAYS FAIR           19
NUMBER OF DAYS PC              6
NUMBER OF DAYS CLOUDY          5

AVERAGE RH (PERCENT)     63

WEATHER CONDITIONS. NUMBER OF DAYS WITH
THUNDERSTORM              0     MIXED PRECIP               0
HEAVY RAIN                2     RAIN                       3
LIGHT RAIN                9     FREEZING RAIN              0
LT FREEZING RAIN          0     HAIL                       0
HEAVY SNOW                0     SNOW                       1
LIGHT SNOW                3     SLEET                      1
FOG                       8     FOG W/VIS <= 1/4 MILE      3
HAZE                      1

-  INDICATES NEGATIVE NUMBERS.
R  INDICATES RECORD WAS SET OR TIED.
MM INDICATES DATA IS MISSING.
T  INDICATES TRACE AMOUNT.

&&

...DATA FOR HARRISON FOR NOVEMBER 2014...

.SUMMARY...
REVERSING THE TREND OF THE PREVIOUS TWO MONTHS...NOVEMBER
TEMPERATURES WERE SIGNIFICANTLY BELOW THE 30-YEAR AVERAGE. THE ONLY
WARM PERIOD WAS DURING THE 29TH-30TH...WHERE DAILY TEMPERATURES WERE
ANYWHERE FROM 15-20 DEGREES ABOVE AVERAGE. HOWEVER...MUCH OF THE
MONTH...WAS RATHER CHILLY...WITH THE MOST SIGNIFICANT COLD SPELL
FROM THE 11TH-21ST...WITH TEMPERATURES AROUND 20 TO 25 DEGREES BELOW
AVERAGE.

NOVEMBER PRECIPITATION WAS BELOW THE 30-YEAR AVERAGE FOR THE THIRD
YEAR IN A ROW. HOWEVER...THIS WAS THE FIRST NOVEMBER WITH MEASURABLE
SNOWFALL SINCE 2006.

.MONTHLY TEMPERATURES...

THE AVERAGE HIGH TEMPERATURE WAS THE COLDEST SINCE 2000.

THE AVERAGE LOW TEMPERATURE WAS THE COLDEST SINCE 1976.

THE AVERAGE MONTHLY TEMPERATURE WAS THE COLDEST SINCE 2000.

.DAILY AVERAGE TEMPERATURES...

ABOVE NORMAL ON EIGHT DAYS...AND BELOW NORMAL ON 22 DAYS.

.NUMBER OF DAYS WITH TEMPERATURES...

AT OR ABOVE  60...11...FEWEST SINCE 2000
AT OR BELOW  32...17...MOST SINCE 1976

.DAILY TEMPERATURE RECORDS TIED OR BROKEN DURING THE MONTH...

DATE  RECORD TYPE                NEW RECORD       PREVIOUS RECORD
17TH  LOWEST HIGH TEMPERATURE    30 IN 2014          31 IN 1959
29TH  HIGH TEMPERATURE           74 IN 2014          74 IN 1970

.RAINFALL...

IT WAS THE DRIEST NOVEMBER SINCE 2012.

.DAILY RAINFALL RECORDS TIED OR BROKEN DURING THE MONTH...

NONE.

.SNOWFALL...

MEASURABLE SNOW FELL FOR THE FIRST NOVEMBER SINCE 2006.

SNOW FELL ON FOUR DAYS...WITH MEASURABLE SNOW ON ONE DAY. THE 0.6
INCHES OF SNOW ON NOVEMBER 16TH WAS THE EARLIEST MEASURABLE SNOWFALL
SINCE 1993.

.DAILY SNOWFALL RECORDS TIED OR BROKEN DURING THE MONTH...

DATE    NEW RECORD         PREVIOUS RECORD
12TH   TRACE IN 2014   TRACE IN 2000...1997...1904
15TH   TRACE IN 2014   TRACE IN 2008...1995...1969...1932

$$

57
