911
CXUS53 KAPX 071400
CLMHTL


CLIMATE REPORT
NATIONAL WEATHER SERVICE GAYLORD MI
1000 AM EDT THU MAY 7 2015

...................................

...THE HOUGHTON LAKE MI CLIMATE SUMMARY FOR THE MONTH OF APRIL 2015...

CLIMATE NORMAL PERIOD 1981 TO 2010
CLIMATE RECORD PERIOD 1913 TO 2015

WEATHER         OBSERVED          NORMAL  DEPART  LAST YEAR`S
                 VALUE   DATE(S)  VALUE   FROM    VALUE  DATE(S)
                                          NORMAL
................................................................
TEMPERATURE (F)
RECORD
 HIGH              89   04/23/1925
 LOW              -15   04/01/1923
HIGHEST            71   04/17        MM      MM       71  04/20
LOWEST             17   04/04        MM      MM       15  04/16
AVG. MAXIMUM     54.2              54.1     0.1     51.8
AVG. MINIMUM     29.6              31.0    -1.4     30.2
MEAN             41.9              42.6    -0.7     41.0
DAYS MAX >= 90      0               0.0     0.0        0
DAYS MAX <= 32      0               0.9    -0.9        1
DAYS MIN <= 32     20              17.3     2.7       21
DAYS MIN <= 0       0               0.0     0.0        0

PRECIPITATION (INCHES)
RECORD
 MAXIMUM           MM   MM
 MINIMUM           MM   MM
TOTALS           2.26              2.48   -0.22     5.66
DAILY AVG.       0.08              0.08    0.00     0.19
DAYS >= .01        11              11.6    -0.6       11
DAYS >= .10         8               6.1     1.9        7
DAYS >= .50         1               1.4    -0.4        5
DAYS >= 1.00        1               0.3     0.7        3
GREATEST
 24 HR. TOTAL    1.27   04/09 TO 04/10
 STORM TOTAL       MM
 (MM/DD(HH))            MM

SNOWFALL (INCHES)
RECORDS
 TOTAL             MM   MM
 24 HR TOTAL       MM
 SNOW DEPTH        MM   MM
TOTALS            1.0               3.7    -2.7      3.5
SINCE 7/1        44.2              66.5   -22.3     61.9
SNOWDEPTH AVG.      0                MM      MM        1
DAYS >= TRACE       8               3.3     4.7        9
DAYS >= 1.0         1               1.3    -0.3        1
GREATEST
 SNOW DEPTH         1   04/05                          7  04/01
 24 HR TOTAL      1.0   04/05 TO 04/05               3.0

DEGREE_DAYS
HEATING TOTAL     687               676      11      716
 SINCE 7/1       8221              7661     560     8570
COOLING TOTAL       0                 2      -2        0
 SINCE 1/1          0                 2      -2        0
.................................................................

WIND (MPH)
AVERAGE WIND SPEED              8.7
HIGHEST WIND SPEED/DIRECTION    29/220    DATE  04/10
HIGHEST GUST SPEED/DIRECTION    39/220    DATE  04/10

SKY COVER
POSSIBLE SUNSHINE (PERCENT)   MM
AVERAGE SKY COVER           0.50
NUMBER OF DAYS FAIR           15
NUMBER OF DAYS PC              7
NUMBER OF DAYS CLOUDY          8

AVERAGE RH (PERCENT)     66

WEATHER CONDITIONS. NUMBER OF DAYS WITH
THUNDERSTORM              0     MIXED PRECIP               0
HEAVY RAIN                1     RAIN                       8
LIGHT RAIN                9     FREEZING RAIN              0
LT FREEZING RAIN          1     HAIL                       0
HEAVY SNOW                0     SNOW                       1
LIGHT SNOW                6     SLEET                      0
FOG                      12     FOG W/VIS <= 1/4 MILE      0
HAZE                      1

-  INDICATES NEGATIVE NUMBERS.
R  INDICATES RECORD WAS SET OR TIED.
MM INDICATES DATA IS MISSING.
T  INDICATES TRACE AMOUNT.

$$
