000
CXUS55 KTFX 020324
CLMHVR


CLIMATE REPORT
NATIONAL WEATHER SERVICE GREAT FALLS MT
812 PM MST THU JAN 1 2015

...................................

...THE HAVRE MT CLIMATE SUMMARY FOR THE MONTH OF DECEMBER 2014...

CLIMATE NORMAL PERIOD 1981 TO 2010
CLIMATE RECORD PERIOD 1880 TO 2014

WEATHER         OBSERVED          NORMAL  DEPART  LAST YEAR`S
                 VALUE   DATE(S)  VALUE   FROM    VALUE
                                          NORMAL
.............................................................
TEMPERATURE (F)
RECORD
 HIGH              71   12/05/1939
 LOW              -50   12/24/1983
                        12/25/1884
HIGHEST            57   12/09        34      23       49
LOWEST            -13   12/30         4     -17      -39
AVG. MAXIMUM     34.3              30.2     4.1     24.9
AVG. MINIMUM     14.3               8.0     6.3      0.4
MEAN             24.3              19.1     5.2     12.6
DAYS MAX >= 90      0               0.0     0.0        0
DAYS MAX <= 32     15              13.9     1.1       17
DAYS MIN <= 32     31              30.0     1.0       29
DAYS MIN <= 0       3               8.5    -5.5       14

PRECIPITATION (INCHES)
RECORD
 MAXIMUM           MM   MM
 MINIMUM           MM   MM
TOTALS           0.34              0.40   -0.06     1.29
DAYS >= .01         8               6.1     1.9
DAYS >= .10         1               1.2    -0.2
DAYS >= .50         0               0.0     0.0
DAYS >= 1.00        0               0.0     0.0
GREATEST
 24 HR. TOTAL    0.19   12/24 TO 12/24

SNOWFALL (INCHES)
RECORDS
 TOTAL             MM   5
 24 HR TOTAL       MM
 SNOW DEPTH        18   12/31/2010
                        12/30/2010
TOTALS            0.1               7.4    -7.3     20.2
SNOWDEPTH AVG.      0
DAYS >= TRACE       7               6.7     0.3
DAYS >= 1.0         0               2.6    -2.6
GREATEST
 SNOW DEPTH         0   MM                             8
 24 HR TOTAL      0.1   MM

DEGREE_DAYS
HEATING TOTAL    1253              1423    -170     1617
 SINCE 7/1       3190              3466    -276     3543
COOLING TOTAL       0                 0       0        0
 SINCE 1/1        402               387      15      445
..............................................................

WIND (MPH)
AVERAGE WIND SPEED              8.4
HIGHEST WIND SPEED/DIRECTION    33/220    DATE  12/30
HIGHEST GUST SPEED/DIRECTION    41/220    DATE  12/30

SKY COVER
AVERAGE SKY COVER           0.40

AVERAGE RH (PERCENT)     77

WEATHER CONDITIONS. NUMBER OF DAYS WITH
THUNDERSTORM              0     MIXED PRECIP               0
HEAVY RAIN                1     RAIN                       1
LIGHT RAIN                5     FREEZING RAIN              0
LT FREEZING RAIN          0     HAIL                       0
HEAVY SNOW                0     SNOW                       0
LIGHT SNOW                8     SLEET                      0
FOG                      11     FOG W/VIS <= 1/4 MILE      3
HAZE                      3

-  INDICATES NEGATIVE NUMBERS.
R  INDICATES RECORD WAS SET OR TIED.
MM INDICATES DATA IS MISSING.
T  INDICATES TRACE AMOUNT.

$$

December started out on a cold note...and generally ended on a cold
note as well. Our coldest temperature of the month was -13 on the
30th...while the warmest day was 57 degrees on the 9th. Overall we
were above normal for temperatures for the entire month...with an
average temperature of 5.2 degrees above normal. Precipitation was a
bit limited this month. Snowfall was generally less than an inch for
the entire month...which is in the top ten of least snowiest
December on record. Only 0.34 inches of rain fell...which was 0.06
below normal.
