000
CXUS51 KLWX 041027 CCA
CLMIAD

CLIMATE REPORT...CORRECTED
NATIONAL WEATHER SERVICE BALTIMORE MD/WASHINGTON DC
625 AM EDT FRI APR 4 2014

...................................

...THE WASHINGTON DULLES DC CLIMATE SUMMARY FOR THE MONTH OF MARCH 2014...

CLIMATE NORMAL PERIOD 2014 TO 2014
CLIMATE RECORD PERIOD 1962 TO 2014

WEATHER         OBSERVED          NORMAL  DEPART  LAST YEAR`S
                 VALUE   DATE(S)  VALUE   FROM    VALUE
                                          NORMAL
.............................................................
TEMPERATURE (F)
RECORD
 HIGH              89   03/30/1998
                        03/12/1990
 LOW               -1   03/04/2014
                        03/15/1993
                        01/17/1982
HIGHEST            69   03/22        77      -8
LOWEST             -1R  03/04        15     -16
AVG. MAXIMUM     48.3              55.5    -7.2     49.2
AVG. MINIMUM     26.5              32.9    -6.4     31.3
MEAN             37.4              44.2    -6.8
DAYS MAX >= 90      0               0.0     0.0
DAYS MAX <= 32      2               0.6     1.4
DAYS MIN <= 32     21              15.2     5.8
DAYS MIN <= 0       1               0.0     1.0

PRECIPITATION (INCHES)
RECORD
 MAXIMUM         7.65   1973
 MINIMUM         0.07   2006
TOTALS           4.10              3.38    0.72     3.16
DAILY AVG.       0.13              0.11    0.02
DAYS >= .01        10              10.5    -0.5
DAYS >= .10         8               6.8     1.2
DAYS >= .50         3               2.1     0.9
DAYS >= 1.00        0               0.9    -0.9
GREATEST
 24 HR. TOTAL    0.97   03/30 TO 03/30

SNOWFALL (INCHES)
RECORDS
 TOTAL           15.5   1993
TOTALS           19.8R              2.8    17.0
SINCE 7/1        52.8              21.7    31.1
SNOWDEPTH AVG.      1
DAYS >= TRACE       6               1.5     4.5
DAYS >= 1.0         4               0.9     3.1
GREATEST
 SNOW DEPTH         8   03/17
 24 HR TOTAL      6.6

DEGREE_DAYS
HEATING TOTAL     849               647     202      762
 SINCE 7/1       4680              4237     443     4126
COOLING TOTAL       0                 3      -3        0
 SINCE 1/1          0                 3      -3        0
..............................................................

WIND (MPH)
AVERAGE WIND SPEED              9.0
HIGHEST WIND SPEED/DIRECTION    43/300    DATE  03/12
HIGHEST GUST SPEED/DIRECTION    61/320    DATE  03/12

SKY COVER
POSSIBLE SUNSHINE (PERCENT)   MM
AVERAGE SKY COVER           0.70
NUMBER OF DAYS FAIR            4
NUMBER OF DAYS PC             15
NUMBER OF DAYS CLOUDY         12

AVERAGE RH (PERCENT)     61

WEATHER CONDITIONS. NUMBER OF DAYS WITH
THUNDERSTORM              0     MIXED PRECIP               0
HEAVY RAIN                0     RAIN                       2
LIGHT RAIN                7     FREEZING RAIN              0
LT FREEZING RAIN          1     HAIL                       0
HEAVY SNOW                0     SNOW                       4
LIGHT SNOW                6     SLEET                      1
FOG                      14     FOG W/VIS <= 1/4 MILE      4
HAZE                      4

-  INDICATES NEGATIVE NUMBERS.
R  INDICATES RECORD WAS SET OR TIED.
MM INDICATES DATA IS MISSING.
T  INDICATES TRACE AMOUNT.

&&

DULLES INTERNATIONAL AIRPORT...

TEMPERATURES IN MARCH 2014 AVERAGED MUCH BELOW NORMAL.

IT WAS THE COLDEST MARCH ON RECORD AT DULLES. THE AVERAGE
TEMPERATURE WAS 37.4 DEGF....BREAKING THE PREVIOUS RECORD COLDEST
AVERAGE TEMPERATURE OF 37.5 DEGF SET IN 1984. RECORDS FOR MARCH AT
DULLES GO BACK 52 YEARS TO 1963.

BELOW IS A TABLE OF DAILY MINIMUM TEMPERATURE RECORDS THAT WERE SET
IN MARCH AT DULLES.

...DATE....NEW RECORD...PREVIOUS RECORD (YEAR)...
...03/03....1 DEGF......12 DEGF (1980)...........
...03/04...-1* DEGF......6 DEGF (1980)...........
...03/24...19 DEGF......21 DEGF (1984)...........
...03/27...15 DEGF......17 DEGF (2001)...........

*THE MINIMUM TEMPERATURE ON THE 4TH OF -1 DEGF TIED THE MARCH
ALL-TIME MINIMUM TEMPERATURE RECORD SET ON 15 MARCH 1993.

BELOW IS A TABLE OF DAILY LOW MAXIMUM TEMPERATURES THAT WERE SET IN
MARCH AT DULLES.

...DATE....NEW RECORD...PREVIOUS RECORD (YEAR)...
...03/04...29 DEGF......32 DEGF (2002)...........
...03/17...30 DEGF......34 DEGF (1976)...........
...03/24...39 DEGF......40 DEGF (1983/1972)......
...03/25...33 DEGF......38 DEGF (1974)...........
...03/26...33 DEGF......35 DEGF (1971)...........

THERE WERE TWO DAYS IN MARCH WHERE THE AVERAGE TEMPERATURE WAS ONLY
IN THE TEENS...18 DEG F ON THE 3RD AND 14 DEGF ON THE 4TH. THERE
HAVE BEEN ONLY THREE OTHER INSTANCES IN MARCH WHERE THE DAILY
AVERAGE TEMPERATURE WAS BELOW 20 DEGF...ONCE IN 1993 ON THE 15TH AND
TWICE IN 1980 ON THE 1ST AND 2ND.

WHILE OVERALL PRECIPITATION IN MARCH TOTALED ONLY SLIGHTLY ABOVE
NORMAL...MARCH ESTABLISHED A NEW ALL TIME MONTHLY RECORD SNOWFALL OF
19.8 INCHES...BREAKING THE OLD RECORD OF 15.5 INCHES SET IN 1993.
NORMAL MARCH MONTHLY SNOWFALL AT DULLES IS 2.8 INCHES.

THE 19.8 INCHES OF SNOW THAT FELL AT DULLES AIRPORT THIS MONTH
BRINGS THE 2013-2014 ANNUAL SNOWFALL TO 52.8 INCHES...THE MOST SINCE
2009-2010 AND THE THIRD SNOWIEST ON RECORD.

BELOW IS A TABLE OF DAILY MAXIMUM SNOWFALL RECORDS THAT WERE SET
THIS MARCH AT DULLES.

...DATE....NEW RECORD...PREVIOUS RECORD (YEAR)...
...03/03...4.9 INCHES...4.9 INCHES (1978)........
...03/16...6.6 INCHES...1.6 INCHES (1978)........
...03/17...4.5 INCHES...1.9 INCHES (1965)........

$$

DH/SMZ
