000
CXUS53 KUNR 011619
CLMICR


CLIMATE REPORT
NATIONAL WEATHER SERVICE RAPID CITY SD
918 AM MST SUN FEB 1 2015

...................................

...THE WINNER REGIONAL AIRPORT SD CLIMATE SUMMARY FOR THE MONTH OF JANUARY 2015...

CLIMATE NORMAL PERIOD 1981 TO 2010
CLIMATE RECORD PERIOD 9999 TO 9999

WEATHER         OBSERVED          NORMAL  DEPART  LAST YEAR`S
                 VALUE   DATE(S)  VALUE   FROM    VALUE  DATE(S)
                                          NORMAL
................................................................
TEMPERATURE (F)
HIGHEST            67   01/27                         61  01/19
LOWEST             -8   01/07                        -10  01/05
                        01/04
AVG. MAXIMUM     37.6              35.5     2.1     37.6
AVG. MINIMUM     17.3              13.9     3.4     12.5
MEAN             27.4              24.7     2.7     25.1
DAYS MAX >= 90      0                                  0
DAYS MAX <= 32     10                                 10
DAYS MIN <= 32     25                                 30
DAYS MIN <= 0       7                                  6

PRECIPITATION (INCHES)
TOTALS           0.08              0.25   -0.17     0.02
DAILY AVG.       0.00              0.01   -0.01     0.00
DAYS >= .01         4                                  1
DAYS >= .10         0                                  0
DAYS >= .50         0                                  0
DAYS >= 1.00        0                                  0
GREATEST
 24 HR. TOTAL    0.03   01/31 TO 01/31              0.06
                        01/24 TO 01/25
                        01/30 TO 01/31

DEGREE_DAYS
HEATING TOTAL    1156              1249     -93     1231
 SINCE 7/1       3645              3955    -310     4072
COOLING TOTAL       0                 0       0        0
 SINCE 1/1          0                 0       0        0
.................................................................

WIND (MPH)
AVERAGE WIND SPEED              13.4
HIGHEST WIND SPEED/DIRECTION    45/330    DATE  01/08
HIGHEST GUST SPEED/DIRECTION    53/330    DATE  01/08

AVERAGE RH (PERCENT)     65

WEATHER CONDITIONS. NUMBER OF DAYS WITH
THUNDERSTORM              0     MIXED PRECIP               0
HEAVY RAIN                0     RAIN                       0
LIGHT RAIN                3     FREEZING RAIN              0
LT FREEZING RAIN          1     HAIL                       0
HEAVY SNOW                1     SNOW                       2
LIGHT SNOW                8     SLEET                      0
FOG                       5     FOG W/VIS <= 1/4 MILE      2
HAZE                      7

-  INDICATES NEGATIVE NUMBERS.
R  INDICATES RECORD WAS SET OR TIED.
MM INDICATES DATA IS MISSING.
T  INDICATES TRACE AMOUNT.

$$
