000
CXUS53 KUNR 011602
CLMIEN


CLIMATE REPORT
NATIONAL WEATHER SERVICE RAPID CITY SD
1001 AM MDT SAT APR 1 2017

...................................

...THE PINE RIDGE SD CLIMATE SUMMARY FOR THE MONTH OF MARCH 2017...

CLIMATE NORMAL PERIOD 1981 TO 2010
CLIMATE RECORD PERIOD 9999 TO 9999

WEATHER         OBSERVED          NORMAL  DEPART  LAST YEAR`S
                 VALUE   DATE(S)  VALUE   FROM    VALUE  DATE(S)
                                          NORMAL
................................................................
TEMPERATURE (F)
HIGHEST            81   03/19                         78  03/21
LOWEST             13   03/13                          8  03/20
AVG. MAXIMUM     56.4              50.2     6.2     56.8
AVG. MINIMUM     28.5              22.5     6.0     25.1
MEAN             42.5              36.4     6.1     41.0
DAYS MAX >= 90      0                                  0
DAYS MAX <= 32      0                                  0
DAYS MIN <= 32     19                                 24
DAYS MIN <= 0       0                                  0

PRECIPITATION (INCHES)
TOTALS           1.85              0.87    0.98     1.38
DAILY AVG.       0.06              0.03    0.03     0.04
DAYS >= .01         6                                  9
DAYS >= .10         3                                  4
DAYS >= .50         1                                  1
DAYS >= 1.00        1                                  0
GREATEST
 24 HR. TOTAL    1.24   03/28 TO 03/28              0.70

DEGREE_DAYS
HEATING TOTAL     691               888    -197      737
 SINCE 7/1       5857              6238    -381     5606
COOLING TOTAL       0                 0       0        0
 SINCE 1/1          0                 0       0        0
.................................................................

WIND (MPH)
AVERAGE WIND SPEED              8.7
HIGHEST WIND SPEED/DIRECTION    38/190    DATE  03/22
HIGHEST GUST SPEED/DIRECTION    48/180    DATE  03/22

AVERAGE RH (PERCENT)     65

WEATHER CONDITIONS. NUMBER OF DAYS WITH
THUNDERSTORM              0     MIXED PRECIP               0
HEAVY RAIN                1     RAIN                       3
LIGHT RAIN                9     FREEZING RAIN              0
LT FREEZING RAIN          1     HAIL                       0
HEAVY SNOW                1     SNOW                       1
LIGHT SNOW                5     SLEET                      0
FOG                       7     FOG W/VIS <= 1/4 MILE      3
HAZE                      3

-  INDICATES NEGATIVE NUMBERS.
R  INDICATES RECORD WAS SET OR TIED.
MM INDICATES DATA IS MISSING.
T  INDICATES TRACE AMOUNT.

$$
