000
CXUS53 KUNR 011644
CLMIEN


CLIMATE REPORT
NATIONAL WEATHER SERVICE RAPID CITY SD
1041 AM MDT SAT NOV 1 2014

...................................

...THE PINE RIDGE SD CLIMATE SUMMARY FOR THE MONTH OF OCTOBER 2014...

CLIMATE NORMAL PERIOD 1981 TO 2010
CLIMATE RECORD PERIOD 9999 TO 9999

WEATHER         OBSERVED          NORMAL  DEPART  LAST YEAR`S
                 VALUE   DATE(S)  VALUE   FROM    VALUE  DATE(S)
                                          NORMAL
................................................................
TEMPERATURE (F)
HIGHEST            85   10/15                         74  10/01
LOWEST             17   10/28                         18  10/06
AVG. MAXIMUM     66.9              63.4     3.5     54.1
AVG. MINIMUM     32.6              32.4     0.2     30.8
MEAN             49.8              47.9     1.9     42.4
DAYS MAX >= 90      0                                  0
DAYS MAX <= 32      0                                  1
DAYS MIN <= 32     16                                 17
DAYS MIN <= 0       0                                  0

PRECIPITATION (INCHES)
TOTALS           0.56              1.20   -0.64     3.30
DAILY AVG.       0.02              0.04   -0.02     0.11
DAYS >= .01         6                                 12
DAYS >= .10         2                                  8
DAYS >= .50         0                                  3
DAYS >= 1.00        0                                  1
GREATEST
 24 HR. TOTAL    0.23   10/12 TO 10/12              1.10

DEGREE_DAYS
HEATING TOTAL     467               533     -66      670
 SINCE 7/1        689               755     -66      777
COOLING TOTAL       3                 3       0        0
 SINCE 1/1        482               717    -235      804
.................................................................

WIND (MPH)
AVERAGE WIND SPEED              7.6
HIGHEST WIND SPEED/DIRECTION    37/180    DATE  10/31
HIGHEST GUST SPEED/DIRECTION    53/170    DATE  10/31

AVERAGE RH (PERCENT)     62

WEATHER CONDITIONS. NUMBER OF DAYS WITH
THUNDERSTORM              0     MIXED PRECIP               0
HEAVY RAIN                0     RAIN                       1
LIGHT RAIN                8     FREEZING RAIN              0
LT FREEZING RAIN          0     HAIL                       0
HEAVY SNOW                0     SNOW                       0
LIGHT SNOW                0     SLEET                      0
FOG                       8     FOG W/VIS <= 1/4 MILE      0
HAZE                      5

-  INDICATES NEGATIVE NUMBERS.
R  INDICATES RECORD WAS SET OR TIED.
MM INDICATES DATA IS MISSING.
T  INDICATES TRACE AMOUNT.

$$
