000
CXUS53 KLBF 011145
CLMIML


CLIMATE REPORT
NATIONAL WEATHER SERVICE NORTH PLATTE
544 AM CST SUN JAN 1 2017

...................................

...THE IMPERIAL NE CLIMATE SUMMARY FOR THE MONTH OF DECEMBER 2016...

CLIMATE NORMAL PERIOD 1981 TO 2010
CLIMATE RECORD PERIOD 1893 TO 2016

WEATHER         OBSERVED          NORMAL  DEPART  LAST YEAR`S
                 VALUE   DATE(S)  VALUE   FROM    VALUE  DATE(S)
                                          NORMAL
................................................................
TEMPERATURE (F)
RECORD
 HIGH              79   12/06/1939
 LOW              -34   12/22/1989
HIGHEST            59   12/30        63      -4       70  12/09
LOWEST            -14   12/17        -5      -9        3  12/17
AVG. MAXIMUM     40.1              41.2    -1.1     41.7
AVG. MINIMUM     12.6              15.6    -3.0     20.0
MEAN             26.3              28.4    -2.1     30.8
DAYS MAX >= 90      0               0.0     0.0        0
DAYS MAX <= 32      9               6.8     2.2        9
DAYS MIN <= 32     31              30.6     0.4       29
DAYS MIN <= 0       4               2.1     1.9        0

PRECIPITATION (INCHES)
RECORD
 MAXIMUM         3.85   1913
 MINIMUM         0.00   2001
                        1980
TOTALS           0.65              0.40    0.25     0.18
DAILY AVG.       0.02              0.01    0.01     0.01
DAYS >= .01         3                MM      MM        2
DAYS >= .10         1                MM      MM        1
DAYS >= .50         1                MM      MM        0
DAYS >= 1.00        0                MM      MM        0
GREATEST
 24 HR. TOTAL    0.54   12/25 TO 12/25           12/15 TO 12/15
                        12/24 TO 12/25                    12/14 TO 12/15
                        12/25 TO 12/25                    12/15 TO 12/15

SNOWFALL (INCHES)
TOTALS             MM

DEGREE_DAYS
HEATING TOTAL    1190              1134      56     1052
 SINCE 7/1       2144              2515    -371     2168
COOLING TOTAL       0                 0       0        0
 SINCE 1/1       1011               963      48     1040
......................................................

WIND (MPH)
HIGHEST WIND SPEED/DIRECTION    41/310    DATE  12/25
HIGHEST GUST SPEED/DIRECTION    53/250    DATE  12/25

AVERAGE RH (PERCENT)     56

WEATHER CONDITIONS. NUMBER OF DAYS WITH
THUNDERSTORM              0     MIXED PRECIP               0
HEAVY RAIN                1     RAIN                       1
LIGHT RAIN                1     FREEZING RAIN              1
LT FREEZING RAIN          1     HAIL                       0
HEAVY SNOW                0     SNOW                       1
LIGHT SNOW                5     SLEET                      0
FOG                       4     FOG W/VIS <= 1/4 MILE      1
HAZE                      5

-  INDICATES NEGATIVE NUMBERS.
R  INDICATES RECORD WAS SET OR TIED.
MM INDICATES DATA IS MISSING.
T  INDICATES TRACE AMOUNT.

&&

...SNOW DATA UNAVAILABLE FOR THIS SITE...

$$
