000
CXUS53 KIND 011510
CLMIND


CLIMATE REPORT
NATIONAL WEATHER SERVICE INDIANAPOLIS IN
1110 AM EDT TUE AUG 1 2017

...................................

...THE INDIANAPOLIS IN CLIMATE SUMMARY FOR THE MONTH OF JULY 2017...

CLIMATE NORMAL PERIOD 1981 TO 2010
CLIMATE RECORD PERIOD 1871 TO 2017

WEATHER         OBSERVED          NORMAL  DEPART  LAST YEAR`S
                 VALUE   DATE(S)  VALUE   FROM    VALUE  DATE(S)
                                          NORMAL
................................................................
TEMPERATURE (F)
RECORD
 HIGH             106   07/14/1936
                        07/21/1934
                        07/22/1901
 LOW               46   07/23/1947
                        07/21/1944
HIGHEST            91   07/21                         92  07/24
LOWEST             60   07/29                         53  07/02
                        07/15
                        07/09
AVG. MAXIMUM     85.1              85.0     0.1     85.1
AVG. MINIMUM     67.4              65.8     1.6     67.9
MEAN             76.2              75.4     0.8     76.5
DAYS MAX >= 90      4               5.2    -1.2        7
DAYS MAX <= 32      0               0.0     0.0        0
DAYS MIN <= 32      0               0.0     0.0        0
DAYS MIN <= 0       0               0.0     0.0        0

PRECIPITATION (INCHES)
RECORD
 MAXIMUM        13.14   2015
 MINIMUM         0.47   2011
TOTALS           6.18              4.55    1.63     5.66
DAILY AVG.       0.20              0.15    0.05     0.18
DAYS >= .01        11              10.5     0.5       12
DAYS >= .10         6               7.0    -1.0        7
DAYS >= .50         3               3.0     0.0        4
DAYS >= 1.00        1               1.4    -0.4        1
GREATEST
 24 HR. TOTAL    3.78   07/11 TO 07/11

SNOWFALL (INCHES)
RECORDS
 TOTAL             MM   MM
 SNOW DEPTH        MM   MM
TOTALS            0.0               0.0     0.0      0.0
SINCE 7/1         0.0               0.0     0.0      0.0
SNOWDEPTH AVG.      0
DAYS >= 1.0         0               0.0     0.0        0
DAYS >= 0.1         0                                  0
GREATEST
 SNOW DEPTH         0   MM                             0  MM
 24 HR TOTAL      0.0   MM                           0.0  MM

DEGREE_DAYS
HEATING TOTAL       0                 1      -1        2
 SINCE 7/1          0                 1      -1        2
COOLING TOTAL     357               323      34      368
 SINCE 1/1        683               633      50      764
.........................................................

WIND (MPH)
AVERAGE WIND SPEED              7.9
HIGHEST WIND SPEED/DIRECTION    39/360    DATE  07/07
HIGHEST GUST SPEED/DIRECTION    55/280    DATE  07/11

SKY COVER
POSSIBLE SUNSHINE (PERCENT)   MM
AVERAGE SKY COVER           0.60
NUMBER OF DAYS FAIR            8
NUMBER OF DAYS PC             16
NUMBER OF DAYS CLOUDY          7

AVERAGE RH (PERCENT)     73

WEATHER CONDITIONS. NUMBER OF DAYS WITH
THUNDERSTORM             10     MIXED PRECIP               0
HEAVY RAIN                3     RAIN                       6
LIGHT RAIN               12     FREEZING RAIN              0
LT FREEZING RAIN          0     HAIL                       0
HEAVY SNOW                0     SNOW                       0
LIGHT SNOW                0     SLEET                      0
FOG                      15     FOG W/VIS <= 1/4 MILE      0
HAZE                      3

-  INDICATES NEGATIVE NUMBERS.
R  INDICATES RECORD WAS SET OR TIED.
MM INDICATES DATA IS MISSING.
T  INDICATES TRACE AMOUNT.

$$
