000
CXUS55 KFGZ 011741
CLMINW


CLIMATE REPORT
NATIONAL WEATHER SERVICE FLAGSTAFF, AZ
1041 AM MST WED FEB 1 2017

...................................

...THE WINSLOW AZ AIRPORT CLIMATE SUMMARY FOR THE MONTH OF JANUARY 2017...

CLIMATE NORMAL PERIOD 1981 TO 2010
CLIMATE RECORD PERIOD 1915 TO 2017

WEATHER         OBSERVED          NORMAL  DEPART  LAST YEAR`S
                 VALUE   DATE(S)  VALUE   FROM    VALUE  DATE(S)
                                          NORMAL
................................................................
TEMPERATURE (F)
RECORD
 HIGH              75   01/20/1971
 LOW              -18   01/23/1937
                        01/22/1937
HIGHEST            67                                 67  01/23
LOWEST             13                                 11  01/26
                                                          01/13
                                                          01/12
AVG. MAXIMUM     50.5              49.5     1.0     50.5
AVG. MINIMUM     28.2              20.8     7.4     20.4
MEAN             39.3              35.2     4.1     35.5
DAYS MAX >= 90      0               0.0     0.0        0
DAYS MAX <= 32      0               1.2    -1.2        0
DAYS MIN <= 32     20              28.3    -8.3       29
DAYS MIN <= 0       0               0.2    -0.2        0

PRECIPITATION (INCHES)
RECORD
 MAXIMUM         2.22   2010
 MINIMUM         0.00   1972
TOTALS           0.81              0.52    0.29     0.35
DAILY AVG.       0.03              0.02    0.01     0.01
DAYS >= .01         7               4.6     2.4        8
DAYS >= .10         3               1.8     1.2        1
DAYS >= .50         0               0.2    -0.2        0
DAYS >= 1.00        0               0.0     0.0        0
GREATEST
 24 HR. TOTAL    0.38   01/01 TO 01/01              0.16
                        12/31 TO 01/01
                        01/01 TO 01/01

DEGREE_DAYS
HEATING TOTAL     788               925    -137      907
 SINCE 7/1       2287              2803    -516     2688
COOLING TOTAL       0                 0       0        0
 SINCE 1/1          0                 0       0        0
.................................................................

WIND (MPH)
AVERAGE WIND SPEED              8.5
HIGHEST WIND SPEED/DIRECTION    41/230    DATE  01/05
HIGHEST GUST SPEED/DIRECTION    51/230    DATE  01/05

SKY COVER
POSSIBLE SUNSHINE (PERCENT)   MM
AVERAGE SKY COVER           0.30
NUMBER OF DAYS FAIR           17
NUMBER OF DAYS PC             11
NUMBER OF DAYS CLOUDY          3

AVERAGE RH (PERCENT)     66

WEATHER CONDITIONS. NUMBER OF DAYS WITH
THUNDERSTORM              0     MIXED PRECIP               0
HEAVY RAIN                1     RAIN                       4
LIGHT RAIN                7     FREEZING RAIN              0
LT FREEZING RAIN          0     HAIL                       0
HEAVY SNOW                0     SNOW                       0
LIGHT SNOW                4     SLEET                      0
FOG                       7     FOG W/VIS <= 1/4 MILE      0
HAZE                      0

-  INDICATES NEGATIVE NUMBERS.
R  INDICATES RECORD WAS SET OR TIED.
MM INDICATES DATA IS MISSING.
T  INDICATES TRACE AMOUNT.

$$
