000
CXUS53 KBIS 011114
CLMISN


CLIMATE REPORT
NATIONAL WEATHER SERVICE BISMARCK ND
614 AM CDT FRI JUL 1 2016

...................................

...THE WILLISTON ND CLIMATE SUMMARY FOR THE MONTH OF JUNE 2016...

CLIMATE NORMAL PERIOD 1981 TO 2010
CLIMATE RECORD PERIOD 1894 TO 2016

WEATHER         OBSERVED          NORMAL  DEPART  LAST YEAR`S
                 VALUE   DATE(S)  VALUE   FROM    VALUE  DATE(S)
                                          NORMAL
................................................................
TEMPERATURE (F)
RECORD
 HIGH             108   06/16/1931
 LOW               26   06/04/1998
HIGHEST            96   06/09                         99  06/29
LOWEST             42   06/01                         42  06/17
AVG. MAXIMUM     81.0              76.8     4.2     80.7
AVG. MINIMUM     53.8              49.7     4.1     52.2
MEAN             67.4              63.2     4.2     66.4
DAYS MAX >= 90      1               2.9    -1.9        4
DAYS MAX <= 32      0               0.0     0.0        0
DAYS MIN <= 32      0               0.4    -0.4        0
DAYS MIN <= 0       0               0.0     0.0        0

PRECIPITATION (INCHES)
RECORD
 MAXIMUM         8.84   1901
 MINIMUM         0.43   1961
TOTALS           1.84              2.52   -0.68     1.90
DAILY AVG.       0.06              0.08   -0.02     0.06
DAYS >= .01        13              11.5     1.5       10
DAYS >= .10         7               6.0     1.0        2
DAYS >= .50         1               1.6    -0.6        1
DAYS >= 1.00        0               0.3    -0.3        1
GREATEST
 24 HR. TOTAL    0.80   05/31 TO 06/01              1.53

DEGREE_DAYS
COOLING TOTAL      96                68      28
 SINCE 1/1        106                81      25
.................................................................

WIND (MPH)
HIGHEST WIND SPEED/DIRECTION    55/310    DATE  06/24
HIGHEST GUST SPEED/DIRECTION    69/320    DATE  06/24

SKY COVER
POSSIBLE SUNSHINE (PERCENT)   MM
NUMBER OF DAYS FAIR           24
NUMBER OF DAYS PC              6
NUMBER OF DAYS CLOUDY          0


WEATHER CONDITIONS. NUMBER OF DAYS WITH
THUNDERSTORM              0     MIXED PRECIP               0
HEAVY RAIN                6     RAIN                       9
LIGHT RAIN               17     FREEZING RAIN              0
LT FREEZING RAIN          0     HAIL                       0
HEAVY SNOW                0     SNOW                       0
LIGHT SNOW                0     SLEET                      0
FOG                       7     FOG W/VIS <= 1/4 MILE      0
HAZE                      3

-  INDICATES NEGATIVE NUMBERS.
R  INDICATES RECORD WAS SET OR TIED.
MM INDICATES DATA IS MISSING.
T  INDICATES TRACE AMOUNT.

$$
