972
CXCA52 TJSJ 031748
CLMIST


CLIMATE REPORT
NATIONAL WEATHER SERVICE SAN JUAN, PR
147 PM AST WED AUG 3 2016

...................................

...THE CYRIL E. KING AP/ST THOMAS  CLIMATE SUMMARY FOR THE MONTH OF JULY 2016...

CLIMATE NORMAL PERIOD 1981 TO 2010
CLIMATE RECORD PERIOD 1953 TO 2016

WEATHER         OBSERVED          NORMAL  DEPART  LAST YEAR`S
                 VALUE   DATE(S)  VALUE   FROM    VALUE  DATE(S)
                                          NORMAL
................................................................
TEMPERATURE (F)
RECORD
 HIGH              98   07/27/1994
 LOW               66   07/22/1999
HIGHEST            93   07/23        90       3       94  07/27
                        07/04
                        07/03
LOWEST             79   07/31        78       1       78  07/19
                        07/13
                        07/10
AVG. MAXIMUM     90.5              90.0     0.5     90.4
AVG. MINIMUM     81.5              78.0     3.5     80.5
MEAN             86.0              84.0     2.0     85.4
DAYS MAX >= 90     24              14.4     9.6       20
DAYS MAX <= 32      0               0.0     0.0        0
DAYS MIN <= 32      0               0.0     0.0        0
DAYS MIN <= 0       0               0.0     0.0        0

PRECIPITATION (INCHES)
RECORD
 MAXIMUM         7.41   1958
 MINIMUM         0.03   2007
TOTALS           2.98              2.85    0.13     0.22
DAILY AVG.       0.10              0.09    0.01     0.01
DAYS >= .01        20              14.8     5.2        7
DAYS >= .10         6               6.5    -0.5        1
DAYS >= .50         2               1.6     0.4        0
DAYS >= 1.00        0               0.4    -0.4        0
GREATEST
 24 HR. TOTAL    0.98   07/31 TO 07/31

SNOWFALL (INCHES)
TOTALS            0.0               0.0     0.0      0.0

DEGREE_DAYS
HEATING TOTAL       0                 0       0        0
COOLING TOTAL     660               589      71      642
.................................................................

WIND (MPH)
AVERAGE WIND SPEED              11.8
HIGHEST WIND SPEED/DIRECTION    32/MM     DATE   MM
HIGHEST GUST SPEED/DIRECTION    48/MM     DATE   MM

SKY COVER
AVERAGE SKY COVER           0.30

AVERAGE RH (PERCENT)     74

WEATHER CONDITIONS. NUMBER OF DAYS WITH
THUNDERSTORM              0     MIXED PRECIP               0
HEAVY RAIN                2     RAIN                       6
LIGHT RAIN               13     FREEZING RAIN              0
LT FREEZING RAIN          0     HAIL                       0
HEAVY SNOW                0     SNOW                       0
LIGHT SNOW                0     SLEET                      0
FOG                      10     FOG W/VIS <= 1/4 MILE      0
HAZE                      2

-  INDICATES NEGATIVE NUMBERS.
R  INDICATES RECORD WAS SET OR TIED.
MM INDICATES DATA IS MISSING.
T  INDICATES TRACE AMOUNT.

$$
