000
CXCA52 TJSJ 010442
CLMISX


CLIMATE REPORT
NATIONAL WEATHER SERVICE SAN JUAN, PR
1242 AM AST SUN MAR 1 2015

...................................

...THE HENRY E. ROHLSEN AP/ST CROIX CLIMATE SUMMARY FOR THE MONTH OF FEBRUARY 2015...

CLIMATE NORMAL PERIOD 1981 TO 2010
CLIMATE RECORD PERIOD 1951 TO 2015

WEATHER         OBSERVED          NORMAL  DEPART  LAST YEAR`S
                 VALUE   DATE(S)  VALUE   FROM    VALUE  DATE(S)
                                          NORMAL
................................................................
TEMPERATURE (F)
RECORD
 HIGH              93   02/10/2005
 LOW               61   02/05/1979
HIGHEST            87   02/07        87       0       87  02/21
                        02/04                             02/20
                        02/02                             02/17
LOWEST             68   02/07        74      -6       71  02/28
                                                          02/25
                                                          02/18
AVG. MAXIMUM     85.4              84.0     1.4     85.6
AVG. MINIMUM     72.6              72.3     0.3     73.1
MEAN             79.0              78.2     0.8     79.4
DAYS MAX >= 90      0               0.0     0.0        0
DAYS MAX <= 32      0               0.0     0.0        0
DAYS MIN <= 32      0               0.0     0.0        0
DAYS MIN <= 0       0               0.0     0.0        0

PRECIPITATION (INCHES)
RECORD
 MAXIMUM         4.23   1995
 MINIMUM         0.11   2005
TOTALS           1.74              1.65    0.09     1.03
DAILY AVG.       0.06              0.06    0.00     0.04
DAYS >= .01         9              13.0    -4.0       16
DAYS >= .10         6               4.5     1.5        3
DAYS >= .50         1               0.6     0.4        0
DAYS >= 1.00        0               0.1    -0.1        0
GREATEST
 24 HR. TOTAL    0.51   02/21 TO 02/21
 STORM TOTAL       MM
 (MM/DD(HH))            MM

SNOWFALL (INCHES)
TOTALS            0.0               0.0     0.0      0.0

DEGREE_DAYS
HEATING TOTAL       0                 0       0        0
COOLING TOTAL     397               368      29      408
.................................................................

WIND (MPH)
AVERAGE WIND SPEED              10.3
HIGHEST WIND SPEED/DIRECTION    28/090    DATE  02/22
HIGHEST GUST SPEED/DIRECTION    33/110    DATE  02/23

SKY COVER
AVERAGE SKY COVER           0.40

AVERAGE RH (PERCENT)     76

WEATHER CONDITIONS. NUMBER OF DAYS WITH
THUNDERSTORM              0     MIXED PRECIP               0
HEAVY RAIN                2     RAIN                       2
LIGHT RAIN                6     FREEZING RAIN              0
LT FREEZING RAIN          0     HAIL                       0
HEAVY SNOW                0     SNOW                       0
LIGHT SNOW                0     SLEET                      0
FOG                       5     FOG W/VIS <= 1/4 MILE      0
HAZE                      0

-  INDICATES NEGATIVE NUMBERS.
R  INDICATES RECORD WAS SET OR TIED.
MM INDICATES DATA IS MISSING.
T  INDICATES TRACE AMOUNT.

$$
