000
CXUS53 KGLD 031842
CLMITR

CLIMATE REPORT
NATIONAL WEATHER SERVICE GOODLAND
1140 AM MST MON NOV 3 2014

...................................

...THE BURLINGTON CLIMATE SUMMARY FOR THE MONTH OF OCTOBER 2014...

CLIMATE NORMAL PERIOD 1981 TO 2010
CLIMATE RECORD PERIOD 1896 TO 2014

WEATHER         OBSERVED          NORMAL  DEPART  LAST YEAR`S
                 VALUE   DATE(S)  VALUE   FROM    VALUE  DATE(S)
                                          NORMAL
................................................................
TEMPERATURE (F)
RECORD
 HIGH              93   10/05/2007
                        10/07/1934
 LOW                8   10/26/1997
                        10/30/1993
HIGHEST            86   10/24        86       0       82  10/08
LOWEST             26   10/31        22       4       26  10/16
AVG. MAXIMUM     70.4              65.5     4.9     63.2
AVG. MINIMUM     38.5              36.3     2.2     35.7
MEAN             54.5              50.9     3.6     49.4
DAYS MAX >= 90      0               0.4    -0.4        0
DAYS MAX <= 32      0               0.6    -0.6        0
DAYS MIN <= 32      5               8.9    -3.9       10
DAYS MIN <= 0       0               0.0     0.0        0

PRECIPITATION (INCHES)
RECORD
 MAXIMUM         4.59   1942
 MINIMUM         0.00   1988
TOTALS           0.69              1.15   -0.46     0.62
DAILY AVG.       0.02              0.04   -0.02     0.02
DAYS >= .01         4                MM      MM        7
DAYS >= .10         2                MM      MM        3
DAYS >= .50         0                MM      MM        0
DAYS >= 1.00        0                MM      MM        0
GREATEST
 24 HR. TOTAL    0.62   10/09 TO 10/10              0.22
 STORM TOTAL       MM
 (MM/DD(HH))            MM

.................................................................



-  INDICATES NEGATIVE NUMBERS.
R  INDICATES RECORD WAS SET OR TIED.
MM INDICATES DATA IS MISSING.
T  INDICATES TRACE AMOUNT.

$$
