000
CXUS53 KJKL 011741
CLMJKL

CLIMATE REPORT
NATIONAL WEATHER SERVICE JACKSON KY
131 PM EDT THU SEP 1 2016

...................................

...THE JACKSON KY CLIMATE SUMMARY FOR THE MONTH OF AUGUST 2016...

CLIMATE NORMAL PERIOD 1981 TO 2010
CLIMATE RECORD PERIOD 1981 TO 2016

WEATHER         OBSERVED          NORMAL  DEPART  LAST YEAR`S
                 VALUE   DATE(S)  VALUE   FROM    VALUE  DATE(S)
                                          NORMAL
................................................................
TEMPERATURE (F)
RECORD
 HIGH             101   08/18/1988
                        08/17/1988
 LOW               45   08/08/1989
                        08/29/1986
HIGHEST            92   08/27        92       0       87  08/03
LOWEST             59   08/22        55       4       56  08/27
                                                          08/25
AVG. MAXIMUM     86.3              84.1     2.2     82.0
AVG. MINIMUM     69.3              65.0     4.3     63.5
MEAN             77.8              74.5     3.3     72.8
DAYS MAX >= 90      9               4.4     4.6        0
DAYS MAX <= 32      0               0.0     0.0        0
DAYS MIN <= 32      0               0.0     0.0        0
DAYS MIN <= 0       0               0.0     0.0        0

PRECIPITATION (INCHES)
RECORD
 MAXIMUM        10.04   2013
 MINIMUM         1.16   2008
TOTALS           6.83              3.69    3.14     5.02
DAILY AVG.       0.22              0.12    0.10     0.16
DAYS >= .01        13               9.6     3.4       14
DAYS >= .10        12               6.0     6.0       10
DAYS >= .50         5               2.5     2.5        4
DAYS >= 1.00        2               1.2     0.8        1
GREATEST
 24 HR. TOTAL    1.44   08/20 TO 08/21              1.67

SNOWFALL (INCHES)
RECORDS
 TOTAL             MM   MM
TOTALS            0.0               0.0     0.0      0.0
SINCE 7/1         0.0               0.0     0.0      0.0
SNOWDEPTH AVG.      0                MM      MM        0
DAYS >= 1.0         0               0.0     0.0        0
GREATEST
 SNOW DEPTH         0   MM                             0
 24 HR TOTAL      0.0   MM                           0.0

DEGREE_DAYS
HEATING TOTAL       0                 2      -2        0
 SINCE 7/1          0                 2      -2        0
COOLING TOTAL     404               298     106      248
 SINCE 1/1       1232               978     254     1051
.................................................................
WIND (MPH)
AVERAGE WIND SPEED              1.1
HIGHEST WIND SPEED/DIRECTION    15/300    DATE  08/16
HIGHEST GUST SPEED/DIRECTION    27/290    DATE  08/16

SKY COVER
POSSIBLE SUNSHINE (PERCENT)   MM
AVERAGE SKY COVER           0.30
NUMBER OF DAYS FAIR           18
NUMBER OF DAYS PC             10
NUMBER OF DAYS CLOUDY          3

AVERAGE RH (PERCENT)     77

WEATHER CONDITIONS. NUMBER OF DAYS WITH
THUNDERSTORM             12     MIXED PRECIP               0
HEAVY RAIN               13     RAIN                      10
LIGHT RAIN               16     FREEZING RAIN              0
LT FREEZING RAIN          0     HAIL                       0
HEAVY SNOW                0     SNOW                       0
LIGHT SNOW                0     SLEET                      0
FOG                      19     FOG W/VIS <= 1/4 MILE      9
HAZE                      2

-  INDICATES NEGATIVE NUMBERS.
R  INDICATES RECORD WAS SET OR TIED.
MM INDICATES DATA IS MISSING.
T  INDICATES TRACE AMOUNT.

$$

TAB
