000
CXUS55 KVEF 012353
CLMLAS


CLIMATE REPORT
NATIONAL WEATHER SERVICE LAS VEGAS, NV
348 PM PST WED MAR 1 2017

...................................

...THE LAS VEGAS NV CLIMATE SUMMARY FOR THE MONTH OF FEBRUARY 2017...

CLIMATE NORMAL PERIOD 1981 TO 2010
CLIMATE RECORD PERIOD 1937 TO 2017

WEATHER         OBSERVED          NORMAL  DEPART  LAST YEAR`S
                 VALUE   DATE(S)  VALUE   FROM    VALUE  DATE(S)
                                          NORMAL
................................................................
TEMPERATURE (F)
RECORD
 HIGH              87   02/26/1986
 LOW               16   02/07/1989
HIGHEST            76   02/10        75       1       82  02/29
LOWEST             37   02/25        29       8       30  02/03
AVG. MAXIMUM     65.4              62.5     2.9     69.8
AVG. MINIMUM     49.0              43.4     5.6     45.6
MEAN             57.2              52.9     4.3     57.7
DAYS MAX >= 90      0               0.0     0.0        0
DAYS MAX <= 32      0               0.0     0.0        0
DAYS MIN <= 32      0               1.1    -1.1        2
DAYS MIN <= 0       0               0.0     0.0        0

PRECIPITATION (INCHES)
RECORD
 MAXIMUM         2.89   1998
 MINIMUM         0.00   1977
                        1967
                        1956
TOTALS           0.56              0.76   -0.20     0.09
DAILY AVG.       0.02              0.03   -0.01     0.00
DAYS >= .01         5               4.0     1.0        1
DAYS >= .10         1               2.0    -1.0        0
DAYS >= .50         0               0.5    -0.5        0
DAYS >= 1.00        0               0.0     0.0        0
GREATEST
 24 HR. TOTAL    0.44   02/18 TO 02/19

SNOWFALL (INCHES)
RECORDS
 TOTAL            4.1   1939
 24 HR TOTAL      4.1
TOTALS            0.0               0.1    -0.1      0.0
SINCE 7/1         0.0
SNOWDEPTH AVG.      0
DAYS >= TRACE       0
DAYS >= 1.0         0
GREATEST
 SNOW DEPTH         0
 24 HR TOTAL      0.0   02/28 TO 02/28
 STORM TOTAL       MM
 (MM/DD(HH))

DEGREE_DAYS
HEATING TOTAL     213               339    -126      211
 SINCE 7/1       1372              1691    -319     1579
COOLING TOTAL       3                 1       2        9
 SINCE 1/1          3                 1       2        9

FREEZE DATES
RECORD
 EARLIEST     10/21/1949
 LATEST       04/12/1967
EARLIEST                        11/25
LATEST                          02/28
.................................................................

WIND (MPH)
AVERAGE WIND SPEED              7.6
HIGHEST WIND SPEED/DIRECTION    35/340    DATE  02/22
HIGHEST GUST SPEED/DIRECTION    43/340    DATE  02/22

SKY COVER
POSSIBLE SUNSHINE (PERCENT)   MM
AVERAGE SKY COVER           0.60
NUMBER OF DAYS FAIR            5
NUMBER OF DAYS PC             13
NUMBER OF DAYS CLOUDY         10

AVERAGE RH (PERCENT)     44

WEATHER CONDITIONS. NUMBER OF DAYS WITH
THUNDERSTORM              0     MIXED PRECIP               0
HEAVY RAIN                0     RAIN                       1
LIGHT RAIN                6     FREEZING RAIN              0
LT FREEZING RAIN          0     HAIL                       0
HEAVY SNOW                0     SNOW                       0
LIGHT SNOW                0     SLEET                      0
FOG                       2     FOG W/VIS <= 1/4 MILE      0
HAZE                      0

-  INDICATES NEGATIVE NUMBERS.
R  INDICATES RECORD WAS SET OR TIED.
MM INDICATES DATA IS MISSING.
T  INDICATES TRACE AMOUNT.

$$
