000
CXUS53 KLBF 020134
CLMLBF


CLIMATE REPORT
NATIONAL WEATHER SERVICE NORTH PLATTE
833 PM CDT TUE AUG 1 2017

...................................

...THE NORTH PLATTE NE CLIMATE SUMMARY FOR THE MONTH OF JULY 2017...

CLIMATE NORMAL PERIOD 1981 TO 2010
CLIMATE RECORD PERIOD 1874 TO 2017

WEATHER         OBSERVED          NORMAL  DEPART  LAST YEAR`S
                 VALUE   DATE(S)  VALUE   FROM    VALUE  DATE(S)
                                          NORMAL
................................................................
TEMPERATURE (F)
RECORD
 HIGH             112   07/11/1954
 LOW               39   07/04/1997
HIGHEST           106   07/19       100       6       98  07/21
LOWEST             48   07/01        48       0       53  07/12
AVG. MAXIMUM     93.1              88.2     4.9     86.7
AVG. MINIMUM     63.5              60.4     3.1     62.0
MEAN             78.3              74.3     4.0     74.4
DAYS MAX >= 90     21              13.0     8.0       11
DAYS MAX <= 32      0               0.0     0.0        0
DAYS MIN <= 32      0               0.0     0.0        0
DAYS MIN <= 0       0               0.0     0.0        0

PRECIPITATION (INCHES)
RECORD
 MAXIMUM         8.47   1879
 MINIMUM         0.14   2014
TOTALS           5.19              3.07    2.12     3.84
DAILY AVG.       0.17              0.10    0.07     0.12
DAYS >= .01         8              10.3    -2.3       11
DAYS >= .10         4               6.0    -2.0        6
DAYS >= .50         4               2.3     1.7        3
DAYS >= 1.00        2               0.8     1.2        2
GREATEST
 24 HR. TOTAL    2.27   07/28 TO 07/28           07/18 TO 07/19
                                                          07/31 TO 07/31
                                                          07/31 TO 07/31

SNOWFALL (INCHES)
RECORDS
 TOTAL              T   2010
                        2009
                        2008
TOTALS              TR              0.0     0.0      0.0
SINCE 7/1           T               0.0     0.0      0.0
SNOWDEPTH AVG.      0                MM      MM        0
DAYS >= 1.0         0               0.0     0.0        0
GREATEST
 SNOW DEPTH         0   MM                             0  MM
 24 HR TOTAL        TR  07/02 TO 07/02

DEGREE_DAYS
HEATING TOTAL       0                 5      -5        6
 SINCE 7/1          0                 5      -5        6
COOLING TOTAL     419               293     126      304
 SINCE 1/1        648               459     189      562
..................................................

WIND (MPH)
AVERAGE WIND SPEED              7.6
HIGHEST WIND SPEED/DIRECTION    40/360    DATE  07/12
HIGHEST GUST SPEED/DIRECTION    51/020    DATE  07/02

SKY COVER
POSSIBLE SUNSHINE (PERCENT)   MM
AVERAGE SKY COVER           0.20
NUMBER OF DAYS FAIR           25
NUMBER OF DAYS PC              6
NUMBER OF DAYS CLOUDY          0

AVERAGE RH (PERCENT)     64

WEATHER CONDITIONS. NUMBER OF DAYS WITH
THUNDERSTORM              0     MIXED PRECIP               0
HEAVY RAIN                4     RAIN                       4
LIGHT RAIN               15     FREEZING RAIN              0
LT FREEZING RAIN          0     HAIL                       1
HEAVY SNOW                0     SNOW                       0
LIGHT SNOW                0     SLEET                      0
FOG                      13     FOG W/VIS <= 1/4 MILE      3
HAZE                      2

-  INDICATES NEGATIVE NUMBERS.
R  INDICATES RECORD WAS SET OR TIED.
MM INDICATES DATA IS MISSING.
T  INDICATES TRACE AMOUNT.

$$
