000
CXUS52 KILM 021006
CLMLBT


CLIMATE REPORT
NATIONAL WEATHER SERVICE WILMINGTON NC
504 AM EST MON MAR 2 2015

...................................

...THE LUMBERTON NC CLIMATE SUMMARY FOR THE MONTH OF FEBRUARY 2015...

CLIMATE NORMAL PERIOD 1981 TO 2010
CLIMATE RECORD PERIOD 9999 TO 9999

WEATHER         OBSERVED          NORMAL  DEPART  LAST YEAR`S
                 VALUE   DATE(S)  VALUE   FROM    VALUE  DATE(S)
                                          NORMAL
................................................................
TEMPERATURE (F)
HIGHEST            72   02/09                         80
LOWEST             13R  02/20                         26
AVG. MAXIMUM     51.2              58.0    -6.8     56.6
AVG. MINIMUM     29.9              35.6    -5.7     35.4
MEAN             40.5              46.8    -6.3     46.0
DAYS MAX >= 90      0               0.0     0.0        0
DAYS MAX <= 32      1               0.0     1.0        0
DAYS MIN <= 32     18               9.9     8.1       12
DAYS MIN <= 0       0               0.0     0.0        0

PRECIPITATION (INCHES)
RECORD
 MAXIMUM         7.75   1939
 MINIMUM         0.43   1938
TOTALS           4.77              2.90    1.87     3.00
DAILY AVG.       0.17              0.10    0.07     0.11
DAYS >= .01        11                                 12
DAYS >= .10         8                                  8
DAYS >= .50         5                                  1
DAYS >= 1.00        0                                  0
GREATEST
 24 HR. TOTAL    1.55   02/25 TO 02/26

DEGREE_DAYS
HEATING TOTAL     654               511     143      527
COOLING TOTAL       0                 2      -2        1
....................................................

WIND (MPH)
AVERAGE WIND SPEED              8.0
RESULTANT WIND SPEED/DIRECTION   3/333
HIGHEST WIND SPEED/DIRECTION    36/340    DATE  02/12
HIGHEST GUST SPEED/DIRECTION    46/280    DATE  02/02

SKY COVER
POSSIBLE SUNSHINE (PERCENT)   MM
AVERAGE SKY COVER           0.40
NUMBER OF DAYS FAIR           14
NUMBER OF DAYS PC              9
NUMBER OF DAYS CLOUDY          5

AVERAGE RH (PERCENT)     64

WEATHER CONDITIONS. NUMBER OF DAYS WITH
THUNDERSTORM              0     MIXED PRECIP              MM
HEAVY RAIN                5     RAIN                       7
LIGHT RAIN                9     FREEZING RAIN              2
LT FREEZING RAIN          3     HAIL                       0
HEAVY SNOW                0     SNOW                       1
LIGHT SNOW                3     SLEET                     MM
FOG                      16     FOG W/VIS <= 1/4 MILE      3
HAZE                      9

-  INDICATES NEGATIVE NUMBERS.
R  INDICATES RECORD WAS SET OR TIED.
MM INDICATES DATA IS MISSING.
T  INDICATES TRACE AMOUNT.

$$
