000
CXUS53 KOAX 021158
CLMLNK

CLIMATE REPORT
NATIONAL WEATHER SERVICE OMAHA NEBRASKA
105 AM CDT THU NOV 2 2017

...................................

...THE LINCOLN, NEBRASKA CLIMATE SUMMARY FOR THE MONTH OF OCTOBER 2017...

CLIMATE NORMAL PERIOD 1981 TO 2010
CLIMATE RECORD PERIOD 1887 TO 2017

WEATHER         OBSERVED          NORMAL  DEPART
                 VALUE   DATE(S)  VALUE   FROM
                                          NORMAL
................................................
TEMPERATURE (F)
HIGHEST            84   10/02
LOWEST             22   10/28
AVG. MAXIMUM     67.4              65.8     1.6
AVG. MINIMUM     43.7              40.6     3.1
MEAN             55.5              53.2     2.3
DAYS MAX >= 90      0
DAYS MAX <= 32      0
DAYS MIN <= 32      5
DAYS MIN <= 0       0

PRECIPITATION (INCHES)
RECORD
 MAXIMUM         5.40   1986
 MINIMUM            T   1952
TOTALS           4.90              1.97    2.93
DAILY AVG.       0.16
DAYS >= .01        10
DAYS >= .10         8
DAYS >= .50         3
DAYS >= 1.00        3
GREATEST
 24 HR. TOTAL    1.34   10/05 TO 10/05

SNOWFALL (INCHES)
RECORDS
 TOTAL           13.2   1997
TOTALS              T               0.7
SINCE 7/1           T
SNOWDEPTH AVG.      0
DAYS >= 1.0         0               0.1    -0.1
GREATEST
 SNOW DEPTH         0
 24 HR TOTAL        T   10/31 TO 10/31

DEGREE DAYS
HEATING TOTAL     307               381     -74
 SINCE 7/1        341               479    -138
COOLING TOTAL      20                15       5
 SINCE 1/1       1252              1173      79
.................................................

WIND (MPH)
AVERAGE WIND SPEED              11.4
HIGHEST WIND SPEED/DIRECTION    37/340    DATE  10/26
HIGHEST GUST SPEED/DIRECTION    50/300    DATE  10/23

SKY COVER
AVERAGE SKY COVER           0.40


WEATHER CONDITIONS. NUMBER OF DAYS WITH
THUNDERSTORM              8     MIXED PRECIP               0
HEAVY RAIN                5     RAIN                       6
LIGHT RAIN               12     FREEZING RAIN              0
LT FREEZING RAIN          0     HAIL                       0
HEAVY SNOW                0     SNOW                       0
LIGHT SNOW                2     SLEET                      0
FOG                      11     FOG W/VIS <= 1/4 MILE      0
HAZE                      2

-  INDICATES NEGATIVE NUMBERS.
R  INDICATES RECORD WAS SET OR TIED.
MM INDICATES DATA IS MISSING.
T  INDICATES TRACE AMOUNT.
>= INDICATES GREATER THAN OR EQUAL TO.
<= INDICATES LESS THAN OR EQUAL TO.

&&

...OCTOBER WAS WARMER AND MUCH WETTER THAN NORMAL IN LINCOLN...

THE MONTH OF OCTOBER SAW ABOVE-NORMAL TEMPERATURES COMPARED TO 1981-
2010 CLIMATOLOGY. IT ALSO WAS THE 4TH WETTEST OCTOBER ON RECORD AT
4.90 INCHES. ALMOST ALL OF THE RAIN FELL BETWEEN THE 1ST AND 14TH,
MAKING IT THE WETTEST SUCH PERIOD ON RECORD AT 4.89 INCHES. ALSO, A
TRACE OF SNOW WAS RECORDED, WHICH TIES WITH 16 OTHER YEARS FOR THE
11TH MOST SNOW IN OCTOBER ON RECORD (NOTING THAT LINCOLN SNOWFALL
RECORDS BEGIN IN 1948) AND IS BELOW THE NORMAL OF 0.7 INCHES.

THE FIRST HALF OF OCTOBER WAS VERY WET AND MOSTLY WARM. FROM THE 1ST
TO 14TH, 9 OF THOSE DAYS RECORDED MEASURABLE RAIN, WITH 8 OF THOSE
ALSO REPORTING THUNDER. THREE OF THOSE DAYS SAW RAINFALL AMOUNTS
OVER AN INCH. TEMPERATURES FROM THE 1ST TO THE 8TH WERE ABOVE
NORMAL, WITH THE WARMEST TEMPERATURE OF THE MONTH ON THE 2ND AT 84
DEGREES AND WITH MOST DAYS IN THE 70S OR 80S. A BRIEF COOL-DOWN FROM
THE 9TH TO 11TH BROUGHT THE FIRST FREEZE OF THE SEASON ON THE 11TH,
AT 30 DEGREES, WITH ABOVE-NORMAL TEMPERATURES RETURNING ON THE 12TH
TO 14TH.

CONDITIONS TURNED MUCH DRIER FOR THE END OF THE MONTH - A WELCOME
DRYNESS, ALLOWING FIELD CONDITIONS TO DRY FOR HARVEST IN THE AREA.
TEMPERATURES ON THE 15TH WERE SLIGHTLY BELOW NORMAL, WITH ABOVE-
NORMAL TEMPERATURES FROM THE 16TH TO THE 26TH, INCLUDING SEVERAL
DAYS IN THE MID 70S TO 80 DEGREES. THE LAST RAINFALL OF THE MONTH,
WITH THUNDER, FELL ON THE 21ST.  A PARTICULARLY WINDY SET OF DAYS
INCLUDED THE 20TH (49 MPH), 21ST (41 MPH), 23RD (50 MPH), AND 26TH
(45 MPH). THE STRONG COLD FRONT ON THE 26TH BROUGHT MUCH COLDER
TEMPERATURES ALONG WITH THE GUSTY WINDS. THE HIGH TEMPERATURE ON THE
27TH REACHED JUST 41 DEGREES. TEMPERATURES ON THE EVENING OF THE
27TH BEGAN A PLUNGE THAT CONTINUED INTO THE MORNING OF THE 28TH.
THIS PRODUCED THE FIRST FREEZE OF THE YEAR ON THE 28TH, WITH THE LOW
REACHING 22 DEGREES IN THE MORNING. TEMPERATURES REBOUNDED BRIEFLY
ON THE 29TH, WITH COOL READINGS ON THE 30TH (WITH BRISK 41-MPH
WINDS) AND ESPECIALLY ON THE 31ST. HALLOWEEN BEGAN WITH SNOW IN THE
MORNING TO EARLY AFTERNOON, WITH JUST A TRACE AT LINCOLN AIRPORT BUT
ACCUMULATIONS UP TO AROUND 0.5-1 INCHES ELSEWHERE AROUND THE CITY.
TRICK-OR-TREATERS FACED BRISK CONDITIONS, AS THE HIGH TEMPERATURE ON
THE 31ST WAS JUST 36 DEGREES.


DAILY RECORDS SET IN OCTOBER 2017:
DATE          RECORD           READING  PREVIOUS RECORD
OCTOBER 5     PRECIPITATION      1.34   0.89 (1908)
OCTOBER 6     PRECIPITATION      1.18   1.01 (1967)

$$

MAYES/DUSSELIER
