000
CXUS53 KOAX 011649 CCA
CLMLNK

CLIMATE REPORT...CORRECTION
NATIONAL WEATHER SERVICE OMAHA NEBRASKA
1144 AM CDT WED OCT 1 2014

...CORRECTED DAYS WITH THUNDERSTORMS FROM 0 TO 6...

...................................

...THE LINCOLN CLIMATE SUMMARY FOR THE MONTH OF SEPTEMBER 2014...

CLIMATE NORMAL PERIOD 1981 TO 2010
CLIMATE RECORD PERIOD 1887 TO 2014

WEATHER         OBSERVED          NORMAL  DEPART
                 VALUE   DATE(S)  VALUE   FROM
                                          NORMAL
................................................
TEMPERATURE (F)
HIGHEST            93   09/04
LOWEST             35   09/13
AVG. MAXIMUM     77.2              78.7    -1.5
AVG. MINIMUM     53.9              53.4     0.5
MEAN             65.6              66.0    -0.4
DAYS MAX >= 90      3
DAYS MAX <= 32      0
DAYS MIN <= 32      0
DAYS MIN <= 0       0

PRECIPITATION (INCHES)
RECORD
 MAXIMUM         8.32   1914
 MINIMUM            T   1894
TOTALS           6.89              3.02    3.87
DAILY AVG.       0.23
DAYS >= .01         7
DAYS >= .10         5
DAYS >= .50         3
DAYS >= 1.00        2
GREATEST
 24 HR. TOTAL    4.62   09/30 TO 10/01

SNOWFALL (INCHES)
RECORDS
 TOTAL            0.8   1985
TOTALS            0.0                 T
SINCE 7/1         0.0
SNOWDEPTH AVG.      0
DAYS >= 1.0         0               0.0     0.0
GREATEST
 SNOW DEPTH         0
 24 HR TOTAL      0.0

DEGREE DAYS
HEATING TOTAL      93                92       1
 SINCE 7/1         95                98      -3
COOLING TOTAL     116               123      -7
 SINCE 1/1       1227              1158      69
.................................................

WIND (MPH)
AVERAGE WIND SPEED              8.7
HIGHEST WIND SPEED/DIRECTION    31/060    DATE  09/09
HIGHEST GUST SPEED/DIRECTION    37/360    DATE  09/09

SKY COVER
AVERAGE SKY COVER           0.30


WEATHER CONDITIONS. NUMBER OF DAYS WITH
THUNDERSTORM              6     MIXED PRECIP               0
HEAVY RAIN                3     RAIN                       3
LIGHT RAIN               12     FREEZING RAIN              0
LT FREEZING RAIN          0     HAIL                       0
HEAVY SNOW                0     SNOW                       0
LIGHT SNOW                0     SLEET                      0
FOG                       7     FOG W/VIS <= 1/4 MILE      0
HAZE                      2

-  INDICATES NEGATIVE NUMBERS.
R  INDICATES RECORD WAS SET OR TIED.
MM INDICATES DATA IS MISSING.
T  INDICATES TRACE AMOUNT.
>= INDICATES GREATER THAN OR EQUAL TO.
<= INDICATES LESS THAN OR EQUAL TO.

$$

JEK/TL
