000
CXUS46 KOTX 020120
CLMLWS

CLIMATE REPORT
NATIONAL WEATHER SERVICE SPOKANE, WA
609 PM PDT SAT AUG 1 2015

...................................

...THE LEWISTON ID AIRPORT CLIMATE SUMMARY FOR THE MONTH OF JULY 2015...

CLIMATE NORMAL PERIOD 1981 TO 2010
CLIMATE RECORD PERIOD 1881 TO 2015

WEATHER         OBSERVED          NORMAL  DEPART  LAST YEAR`S
                 VALUE   DATE(S)  VALUE   FROM    VALUE  DATE(S)
                                          NORMAL
................................................................
TEMPERATURE (F)
RECORD
 HIGH             117   07/27/1939
 LOW               41   07/02/1955
                        07/07/1895
HIGHEST           106   07/31        MM      MM      106  07/29
LOWEST             53   07/28        MM      MM       53  07/25
AVG. MAXIMUM     93.2              89.3     3.9     96.3
AVG. MINIMUM     64.2              59.6     4.6     64.3
MEAN             78.7              74.4     4.3     80.3
DAYS MAX >= 90     19              16.1     2.9       26
DAYS MAX <= 32      0               0.0     0.0        0
DAYS MIN <= 32      0               0.0     0.0        0
DAYS MIN <= 0       0               0.0     0.0        0

PRECIPITATION (INCHES)
RECORD
 MAXIMUM         2.60   1987
 MINIMUM            T   1883
TOTALS           0.02              0.66   -0.64     0.26
DAILY AVG.       0.00              0.02   -0.02     0.01
DAYS >= .01         1               4.6    -3.6        3
DAYS >= .10         0               1.6    -1.6        1
DAYS >= .50         0               0.3    -0.3        0
DAYS >= 1.00        0               0.0     0.0        0
GREATEST
 24 HR. TOTAL    0.02   07/11 TO 07/11           07/22 TO 07/23
                                                          07/31 TO 07/31
                                                          07/31 TO 07/31

SNOWFALL (INCHES)
RECORDS
 TOTAL             MM   MM
TOTALS            0.0               0.0     0.0      0.0
SINCE 7/1         0.0               0.0     0.0      0.0
SNOWDEPTH AVG.      0                MM      MM        0
DAYS >= 1.0         0               0.0     0.0        0
GREATEST
 SNOW DEPTH         0   MM                             0  MM
 24 HR TOTAL      0.0   07/31 TO 07/31           07/31 TO 07/31
                                                          07/31 TO 07/31
                                                          07/31 TO 07/31

DEGREE_DAYS
HEATING TOTAL       0                 7      -7        0
 SINCE 7/1          0                 7      -7        0
COOLING TOTAL     431               300     131      483
 SINCE 1/1        798               430     368      601
..................................................

WIND (MPH)
AVERAGE WIND SPEED              6.0
HIGHEST WIND SPEED/DIRECTION    26/200    DATE  07/10
HIGHEST GUST SPEED/DIRECTION    33/290    DATE  07/25

SKY COVER
POSSIBLE SUNSHINE (PERCENT)    0
AVERAGE SKY COVER           0.10
NUMBER OF DAYS FAIR           27
NUMBER OF DAYS PC              4
NUMBER OF DAYS CLOUDY          0

AVERAGE RH (PERCENT)     35

WEATHER CONDITIONS. NUMBER OF DAYS WITH
THUNDERSTORM              0     MIXED PRECIP               0
HEAVY RAIN                0     RAIN                       0
LIGHT RAIN                2     FREEZING RAIN              0
LT FREEZING RAIN          0     HAIL                       0
HEAVY SNOW                0     SNOW                       0
LIGHT SNOW                0     SLEET                      0
FOG                       0     FOG W/VIS <= 1/4 MILE      0
HAZE                      0

-  INDICATES NEGATIVE NUMBERS.
R  INDICATES RECORD WAS SET OR TIED.
MM INDICATES DATA IS MISSING.
T  INDICATES TRACE AMOUNT.

$$

--------------------------------------------------------------------

AFTER A RECORD BREAKING HOT JUNE...THE FIRST 9 DAYS OF JULY BROUGHT
MORE OF THE SAME WITH HOT TEMPERATURES ACROSS SOUTHEAST WASHINGTON
AND THE SOUTH IDAHO PANHANDLE.  TEMPERATURES FOR THE FIRST 9 DAYS
WERE CONSISTENTLY BETWEEN 10 TO 15 DEGREES ABOVE NORMAL WITH HIGH
TEMPERATURES ON SIX OF THESE DAYS REACHING 100 TO 105.  THE STREAK
OF HEAT FINALLY CAME TO AN END ON THE 10TH AS HIGH PRESSURE BROKE
DOWN.  SHOWERS AND THUNDERSTORMS RESULTED WITH FLASH FLOODING
CLOSING HIGHWAY 195 FOUR MILES NORTH OF CLARKSTON. THE STORMS ALSO
DOWNED A TREE IN OAKESDALE.  ON THE 11TH ANOTHER STORM TRACKED FROM
THE BLUE MOUNTAINS BEFORE CLIPPING THE SOUTHEAST FRINGES OF
LEWISTON.  A SPOTTER IN ASOTIN COUNTY REPORTED A HALF INCH OF RAIN
IN 20 MINUTES.  THE 12TH THROUGH THE 24TH BROUGHT UNEVENTFUL WEATHER
WITH NORMAL TEMPERATURES AND GENERALLY DRY WEATHER. A COOLER AND
SHOWERY WEATHER PATTERN CAME IN FROM THE 25TH THROUGH THE 27TH
BEFORE A RETURN TO TYPICAL LATE JULY CONDITIONS TO FINISH OUT THE
MONTH.

NO RECORDS WERE SET DURING THE MONTH AT THE LEWISTON AIRPORT.
