000
CXUS54 KMAF 011601
CLMMAF


CLIMATE REPORT
NATIONAL WEATHER SERVICE MIDLAND TX
1059 AM CDT THU JUN 1 2017

...................................

...THE MIDLAND CLIMATE SUMMARY FOR THE MONTH OF MAY 2017...

CLIMATE NORMAL PERIOD 1981 TO 2010
CLIMATE RECORD PERIOD 1930 TO 2017

WEATHER         OBSERVED          NORMAL  DEPART  LAST YEAR`S
                 VALUE   DATE(S)  VALUE   FROM    VALUE  DATE(S)
                                          NORMAL
................................................................
TEMPERATURE (F)
RECORD
 HIGH             108   05/24/2000
                        05/24/1989
 LOW               32   05/03/2013
HIGHEST           102   05/25        87      15      101  05/23
LOWEST             48   05/05        59     -11       46  05/02
                        05/04
AVG. MAXIMUM     87.7              87.6     0.1     87.3
AVG. MINIMUM     59.9              59.5     0.4     60.2
MEAN             73.8              73.6     0.2     73.8
DAYS MAX >= 90     12              13.3    -1.3       17
DAYS MAX <= 32      0               0.0     0.0        0
DAYS MIN <= 32      0               0.0     0.0        0
DAYS MIN <= 0       0               0.0     0.0        0

PRECIPITATION (INCHES)
RECORD
 MAXIMUM         7.87   1941
 MINIMUM         0.02   1998
TOTALS           0.89              1.74   -0.85     1.47
DAILY AVG.       0.03              0.06   -0.03     0.05
DAYS >= .01         5               5.6    -0.6        6
DAYS >= .10         3               2.9     0.1        2
DAYS >= .50         0               1.1    -1.1        1
DAYS >= 1.00        0               0.5    -0.5        1
GREATEST
 24 HR. TOTAL    0.31   05/31 TO 05/31              1.14

DEGREE_DAYS
COOLING TOTAL     285               281       4      307
 SINCE 1/1        561               389     172      480
.................................................................

WIND (MPH)
AVERAGE WIND SPEED              13.1
HIGHEST WIND SPEED/DIRECTION    35/160    DATE  05/31
HIGHEST GUST SPEED/DIRECTION    46/310    DATE  05/22

SKY COVER
POSSIBLE SUNSHINE (PERCENT)   MM
AVERAGE SKY COVER           0.10
NUMBER OF DAYS FAIR           25
NUMBER OF DAYS PC              6
NUMBER OF DAYS CLOUDY          0

AVERAGE RH (PERCENT)     42

WEATHER CONDITIONS. NUMBER OF DAYS WITH
THUNDERSTORM              0     MIXED PRECIP               0
HEAVY RAIN                3     RAIN                       2
LIGHT RAIN                6     FREEZING RAIN              0
LT FREEZING RAIN          0     HAIL                       0
HEAVY SNOW                0     SNOW                       0
LIGHT SNOW                0     SLEET                      0
FOG                       2     FOG W/VIS <= 1/4 MILE      0
HAZE                      8

-  INDICATES NEGATIVE NUMBERS.
R  INDICATES RECORD WAS SET OR TIED.
MM INDICATES DATA IS MISSING.
T  INDICATES TRACE AMOUNT.

$$
