000
CXUS56 KHNX 011813
CLMMCE


CLIMATE REPORT
NATIONAL WEATHER SERVICE SAN JOAQUIN VALLEY, CA
1112 AM PDT FRI APR 1 2016

...................................

...THE MERCED CA AIRPORT CLIMATE SUMMARY FOR THE MONTH OF MARCH 2016...

CLIMATE NORMAL PERIOD 1981 TO 2010
CLIMATE RECORD PERIOD 1998 TO 2016

WEATHER         OBSERVED          NORMAL  DEPART  LAST YEAR`S
                 VALUE   DATE(S)  VALUE   FROM    VALUE  DATE(S)
                                          NORMAL
................................................................
TEMPERATURE (F)
RECORD
 HIGH              88   03/27/2015
                        03/15/2015
 LOW               27   03/10/2009
HIGHEST            77   03/18        MM      MM       88  03/27
                        03/01                             03/15
LOWEST             35   03/29        MM      MM       32  03/05
                                                          03/03
AVG. MAXIMUM     68.0              65.4     2.6     77.0
AVG. MINIMUM     44.8              41.8     3.0     44.5
MEAN             56.4              53.6     2.8     60.7
DAYS MAX >= 90      0               0.0     0.0        0
DAYS MIN <= 32      0               0.2    -0.2        2

PRECIPITATION (INCHES)
RECORD
 MAXIMUM         4.11   2011
TOTALS           2.35              2.07    0.28     0.19
DAYS >= .01         8                MM      MM        2
DAYS >= .10         6                MM      MM        1
DAYS >= .50         3                MM      MM        0
DAYS >= 1.00        0                MM      MM        0
GREATEST
 24 HR. TOTAL    0.92   03/04 TO 03/05

SNOWFALL (INCHES)
RECORDS
 TOTAL             MM   MM
TOTALS            0.0                MM

DEGREE_DAYS
HEATING TOTAL     250               354    -104      130
 SINCE 7/1       2147              2524    -377     1594
COOLING TOTAL       0                 0       0       14
 SINCE 1/1          0                 0       0       14
.................................................................

WIND (MPH)
AVERAGE WIND SPEED              5.7
HIGHEST WIND SPEED/DIRECTION    28/130    DATE  03/05
HIGHEST GUST SPEED/DIRECTION    34/140    DATE  03/05

AVERAGE RH (PERCENT)     73

WEATHER CONDITIONS. NUMBER OF DAYS WITH
THUNDERSTORM              0     RAIN                       6
HAIL                      0     FOG                       22
FOG W/VIS <= 1/4 MILE     3     HAZE                       4

-  INDICATES NEGATIVE NUMBERS.
R  INDICATES RECORD WAS SET OR TIED.
MM INDICATES DATA IS MISSING.
T  INDICATES TRACE AMOUNT.

$$
