000
CXUS53 KGLD 042003
CLMMCK

CLIMATE REPORT
NATIONAL WEATHER SERVICE GOODLAND
158 PM MDT MON MAY 4 2015

...................................

...THE MCCOOK CLIMATE SUMMARY FOR THE MONTH OF APRIL 2015...

CLIMATE NORMAL PERIOD 1981 TO 2010
CLIMATE RECORD PERIOD 1896 TO 2015

WEATHER         OBSERVED          NORMAL  DEPART  LAST YEAR`S
                 VALUE   DATE(S)  VALUE   FROM    VALUE  DATE(S)
                                          NORMAL
................................................................
TEMPERATURE (F)
RECORD
 HIGH              98   04/23/1939
                        04/28/1910
 LOW                0   04/02/1936
HIGHEST            87   04/01        87       0       91  04/26
LOWEST             27   04/10        21       6       22  04/04
AVG. MAXIMUM     68.2              64.5     3.7     65.6
AVG. MINIMUM     40.0              34.4     5.6     37.1
MEAN             54.1              49.5     4.6     51.3
DAYS MAX >= 90      0               0.5    -0.5        1
DAYS MAX <= 32      0               0.3    -0.3        0
DAYS MIN <= 32      6              11.6    -5.6       10
DAYS MIN <= 0       0               0.0     0.0        0

PRECIPITATION (INCHES)
RECORD
 MAXIMUM         7.84   2007
 MINIMUM         0.13   1989
TOTALS           1.95              2.31   -0.36     1.11
DAILY AVG.       0.07              0.08   -0.01     0.04
DAYS >= .01        11               7.4     3.6        6
DAYS >= .10         6               4.6     1.4        3
DAYS >= .50         0               1.4    -1.4        1
DAYS >= 1.00        0               0.6    -0.6        0
GREATEST
 24 HR. TOTAL    0.41   04/16 TO 04/17              0.59


.................................................................



-  INDICATES NEGATIVE NUMBERS.
R  INDICATES RECORD WAS SET OR TIED.
MM INDICATES DATA IS MISSING.
T  INDICATES TRACE AMOUNT.

$$
