000
CXUS54 KMEG 031510
CLMMEM


CLIMATE REPORT
NATIONAL WEATHER SERVICE MEMPHIS TN
1007 AM CDT SUN APR 3 2016

...................................

...THE MEMPHIS CLIMATE SUMMARY FOR THE MONTH OF MARCH 2016...

CLIMATE NORMAL PERIOD 1981 TO 2010
CLIMATE RECORD PERIOD 1872 TO 2016

WEATHER         OBSERVED          NORMAL  DEPART  LAST YEAR`S
                 VALUE   DATE(S)  VALUE   FROM    VALUE  DATE(S)
                                          NORMAL
................................................................
TEMPERATURE (F)
RECORD
 HIGH              87   03/09/1911
                        03/28/1895
 LOW               12   03/03/1943
HIGHEST            82   03/15        63      19       80  03/31
LOWEST             34   03/21        43      -9       15  03/06
AVG. MAXIMUM     68.2              63.9     4.3     62.4
AVG. MINIMUM     48.8              44.1     4.7     43.0
MEAN             58.5              54.0     4.5     52.7
DAYS MAX >= 90      0               0.0     0.0        0
DAYS MAX <= 32      0               0.1    -0.1        1
DAYS MIN <= 32      0               3.0    -3.0        5
DAYS MIN <= 0       0               0.0     0.0        0

PRECIPITATION (INCHES)
RECORD
 MAXIMUM        13.04   1927
 MINIMUM         0.70   1918
TOTALS          16.20R             5.16   11.04     5.48
DAILY AVG.       0.52              0.17    0.35     0.18
DAYS >= .01        13              10.5     2.5       19
DAYS >= .10        11               7.1     3.9       11
DAYS >= .50         7               3.4     3.6        4
DAYS >= 1.00        5               1.6     3.4        1
GREATEST
 24 HR. TOTAL    5.62   03/09 TO 03/10

SNOWFALL (INCHES)
RECORDS
 TOTAL           18.5   1892
TOTALS            0.0               0.4    -0.4      3.6
SINCE 7/1         0.3               3.8    -3.5      6.1
SNOWDEPTH AVG.      0                MM      MM        0
DAYS >= 1.0         0               0.2    -0.2        1
GREATEST
 SNOW DEPTH         0   MM                             4  03/05
 24 HR TOTAL      0.0   03/31 TO 03/31

DEGREE_DAYS
HEATING TOTAL     213               358    -145      378
 SINCE 7/1       2084              2808    -724     3101
COOLING TOTAL      21                17       4        6
 SINCE 1/1         24                20       4        6
.................................................................

WIND (MPH)
AVERAGE WIND SPEED              9.3
HIGHEST WIND SPEED/DIRECTION    30/180    DATE  03/22
HIGHEST GUST SPEED/DIRECTION    39/210    DATE  03/22

SKY COVER
POSSIBLE SUNSHINE (PERCENT)   MM
AVERAGE SKY COVER           0.60
NUMBER OF DAYS FAIR            9
NUMBER OF DAYS PC             11
NUMBER OF DAYS CLOUDY         11

AVERAGE RH (PERCENT)     62

WEATHER CONDITIONS. NUMBER OF DAYS WITH
THUNDERSTORM              0     MIXED PRECIP               0
HEAVY RAIN                8     RAIN                      10
LIGHT RAIN               15     FREEZING RAIN              0
LT FREEZING RAIN          0     HAIL                       0
HEAVY SNOW                0     SNOW                       0
LIGHT SNOW                0     SLEET                      0
FOG                      11     FOG W/VIS <= 1/4 MILE      1
HAZE                      2

-  INDICATES NEGATIVE NUMBERS.
R  INDICATES RECORD WAS SET OR TIED.
MM INDICATES DATA IS MISSING.
T  INDICATES TRACE AMOUNT.

$$
