556
CXUS54 KBMX 011312
CLMMGM


CLIMATE REPORT
NATIONAL WEATHER SERVICE BIRMINGHAM, AL
812 AM CDT SAT APR 1 2017

...................................

...THE MONTGOMERY CLIMATE SUMMARY FOR THE MONTH OF MARCH 2017...

CLIMATE NORMAL PERIOD 1981 TO 2010
CLIMATE RECORD PERIOD 1872 TO 2017

WEATHER         OBSERVED          NORMAL  DEPART  LAST YEAR`S
                 VALUE   DATE(S)  VALUE   FROM    VALUE  DATE(S)
                                          NORMAL
................................................................
TEMPERATURE (F)
RECORD
 HIGH              90   03/24/1929
                        03/21/1907
 LOW               17   03/14/1993
HIGHEST            88   03/21        MM      MM       89  03/15
LOWEST             28   03/16        MM      MM       35  03/22
AVG. MAXIMUM     74.0              69.7     4.3     75.0
AVG. MINIMUM     49.8              45.3     4.5     51.2
MEAN             61.9                               63.1
DAYS MAX >= 90      0               0.0     0.0        0
DAYS MAX <= 32      0               0.0     0.0        0
DAYS MIN <= 32      2               2.1    -0.1        0
DAYS MIN <= 0       0               0.0     0.0        0

PRECIPITATION (INCHES)
RECORD
 MAXIMUM        16.51   1909
 MINIMUM         0.72   1887
TOTALS           3.72              5.95   -2.23     4.22
DAILY AVG.       0.12              0.19   -0.07     0.14
DAYS >= .01        10               8.7     1.3        9
DAYS >= .10         7               6.4     0.6        8
DAYS >= .50         3               3.9    -0.9        3
DAYS >= 1.00        0               2.0    -2.0        1

DEGREE_DAYS
HEATING TOTAL     169               255     -86      122
 SINCE 7/1       1166              2127    -961     1447
COOLING TOTAL      81                23      58       73
 SINCE 1/1        127                29      98       86
.................................................................

WIND (MPH)
AVERAGE WIND SPEED              7.2
HIGHEST WIND SPEED/DIRECTION    29/110    DATE  03/30
HIGHEST GUST SPEED/DIRECTION    40/010    DATE  03/10

AVERAGE RH (PERCENT)     57

WEATHER CONDITIONS. NUMBER OF DAYS WITH
THUNDERSTORM              0     MIXED PRECIP               0
HEAVY RAIN                6     RAIN                       4
LIGHT RAIN               10     FREEZING RAIN              0
LT FREEZING RAIN          0     HAIL                       0
HEAVY SNOW                0     SNOW                       0
LIGHT SNOW                0     SLEET                      0
FOG                      10     FOG W/VIS <= 1/4 MILE      1
HAZE                      7

-  INDICATES NEGATIVE NUMBERS.
R  INDICATES RECORD WAS SET OR TIED.
MM INDICATES DATA IS MISSING.
T  INDICATES TRACE AMOUNT.

$$
