000
CXUS53 KTOP 011430
CLMMHK


CLIMATE REPORT
NATIONAL WEATHER SERVICE TOPEKA KS
928 AM CDT TUE SEP 1 2015

...................................

...THE MANHATTAN KS CLIMATE SUMMARY FOR THE MONTH OF AUGUST 2015...

CLIMATE NORMAL PERIOD 1981 TO 2010
CLIMATE RECORD PERIOD 9999 TO 9999

WEATHER         OBSERVED          NORMAL  DEPART  LAST YEAR`S
                 VALUE   DATE(S)  VALUE   FROM    VALUE
                                          NORMAL
.............................................................
TEMPERATURE (F)
HIGHEST            96   08/03                        105
                        08/02
LOWEST             49   08/24                         54
AVG. MAXIMUM     88.1              89.4    -1.3     93.0
AVG. MINIMUM     63.2              64.8    -1.6     67.5
MEAN             75.7              77.1    -1.4     80.3
DAYS MAX >= 90     14              14.4    -0.4       23
DAYS MAX <= 32      0               0.0     0.0        0
DAYS MIN <= 32      0               0.0     0.0        0
DAYS MIN <= 0       0               0.0     0.0        0

PRECIPITATION (INCHES)
TOTALS           3.35              4.28   -0.93     3.38
DAILY AVG.       0.11                               0.11
DAYS >= .01         9                                 13
DAYS >= .10         7                                  7
DAYS >= .50         3                                  2
DAYS >= 1.00        1                                  2
GREATEST
 24 HR. TOTAL    1.03   08/08 TO 08/08              1.30
                        08/07 TO 08/08
                        08/08 TO 08/08

DEGREE_DAYS
HEATING TOTAL       0                 2      -2        0
 SINCE 7/1          0                 3      -3        1
COOLING TOTAL     336               377     -41      482
 SINCE 1/1       1258              1183      75     1378
..............................................................

WIND (MPH)
AVERAGE WIND SPEED              5.2
HIGHEST WIND SPEED/DIRECTION    26/170    DATE  08/27
HIGHEST GUST SPEED/DIRECTION    43/270    DATE  08/08

SKY COVER
POSSIBLE SUNSHINE (PERCENT)   MM
AVERAGE SKY COVER           0.20
NUMBER OF DAYS FAIR           25
NUMBER OF DAYS PC              5
NUMBER OF DAYS CLOUDY          1

AVERAGE RH (PERCENT)     70

WEATHER CONDITIONS. NUMBER OF DAYS WITH
THUNDERSTORM              6     MIXED PRECIP               0
HEAVY RAIN                4     RAIN                       7
LIGHT RAIN                9     FREEZING RAIN              0
LT FREEZING RAIN          0     HEAVY SNOW                 0
SNOW                      0     LIGHT SNOW                 0
FOG                      17     FOG W/VIS <= 1/4 MILE      2
HAZE                      1

-  INDICATES NEGATIVE NUMBERS.
R  INDICATES RECORD WAS SET OR TIED.
MM INDICATES DATA IS MISSING.
T  INDICATES TRACE AMOUNT.

$$
