000
CXUS53 KIND 011612
CLMMIE


CLIMATE REPORT
NATIONAL WEATHER SERVICE INDIANAPOLIS IN
1112 AM EST THU DEC 1 2016

...................................

...THE MUNCIE IN CLIMATE SUMMARY FOR THE MONTH OF NOVEMBER 2016...

CLIMATE NORMAL PERIOD 1981 TO 2010
CLIMATE RECORD PERIOD 9999 TO 9999

WEATHER         OBSERVED          NORMAL  DEPART  LAST YEAR`S
                 VALUE   DATE(S)  VALUE   FROM    VALUE  DATE(S)
                                          NORMAL
................................................................
TEMPERATURE (F)
HIGHEST            80   11/02                         76  11/05
                        11/01
LOWEST             25   11/22                         17  11/22
                        11/12
AVG. MAXIMUM     57.9              51.2     6.7     57.0
AVG. MINIMUM     38.7              34.1     4.6     38.6
MEAN             48.3              42.6     5.7     47.8
DAYS MAX >= 90      0               0.0     0.0        0
DAYS MAX <= 32      0               1.3    -1.3        1
DAYS MIN <= 32      7              13.9    -6.9        7
DAYS MIN <= 0       0               0.0     0.0        0

PRECIPITATION (INCHES)
TOTALS           2.49              3.45   -0.96     2.57
DAILY AVG.       0.08              0.12   -0.04     0.09
DAYS >= .01         7              11.0    -4.0       11
DAYS >= .10         4               7.1    -3.1        7
DAYS >= .50         3               2.7     0.3        1
DAYS >= 1.00        0               0.8    -0.8        0
GREATEST
 24 HR. TOTAL    0.99   11/18 TO 11/19

DEGREE_DAYS
HEATING TOTAL     502               671    -169      511
 SINCE 7/1        702              1135    -433      959
COOLING TOTAL      11                 1      10        2
 SINCE 1/1       1355               956     399      881
.................................................................

WIND (MPH)
AVERAGE WIND SPEED              8.1
HIGHEST WIND SPEED/DIRECTION    35/260    DATE  11/18
HIGHEST GUST SPEED/DIRECTION    44/260    DATE  11/18

SKY COVER
POSSIBLE SUNSHINE (PERCENT)   MM
AVERAGE SKY COVER           0.30
NUMBER OF DAYS FAIR           19
NUMBER OF DAYS PC              5
NUMBER OF DAYS CLOUDY          6

AVERAGE RH (PERCENT)     68

WEATHER CONDITIONS. NUMBER OF DAYS WITH
THUNDERSTORM              1     MIXED PRECIP               0
HEAVY RAIN                1     RAIN                       4
LIGHT RAIN                7     FREEZING RAIN              0
LT FREEZING RAIN          0     HAIL                       0
HEAVY SNOW                0     SNOW                       1
LIGHT SNOW                2     SLEET                      0
FOG                      14     FOG W/VIS <= 1/4 MILE      1
HAZE                      9

-  INDICATES NEGATIVE NUMBERS.
R  INDICATES RECORD WAS SET OR TIED.
MM INDICATES DATA IS MISSING.
T  INDICATES TRACE AMOUNT.

$$
