000
CXUS52 KMLB 011339
CLMMLB
CLIMATE REPORT
NATIONAL WEATHER SERVICE MELBOURNE FL
839 AM EST FRI MAR 01 2024
...................................
...THE MELBOURNE CLIMATE SUMMARY FOR THE MONTH OF FEBRUARY 2024...
CLIMATE NORMAL PERIOD 1991 TO 2020
CLIMATE RECORD PERIOD 1939 TO 2024
WEATHER OBSERVED NORMAL DEPART LAST YEAR`S
VALUE DATE(S) VALUE FROM VALUE
NORMAL
..............................................................
TEMPERATURE (F)
MONTHLY RECORD
HOTTEST73.7 2018
COLDEST54.9 1958
DAILY RECORD
HIGH 92 02/24/1962
LOW 27 02/26/1967
FEBRUARY 2024
HIGHEST 85 02/12 88
LOWEST 42 02/20 44
AVG. MAXIMUM 72.8 74.0 -1.2 80.2
AVG. MINIMUM 53.1 54.0 -0.9 59.5
MEAN 62.9 64.0 -1.1 69.9
DAYS MAX >= 90 0 0.1 -0.1 0
DAYS MAX <= 32 0 0.0 0.0 0
DAYS MIN <= 32 0 0.2 -0.2 0
DAYS MIN <= 0 0 0.0 0.0 0
PRECIPITATION (INCHES)
MONTHLY RECORD
MAXIMUM 11.14 1983
MINIMUM 0.11 1939
DAILY RECORD
MAXIMUM3.60 02/12/1963
FEBRUARY 2024
TOTALS 2.41 1.98 0.43 1.61
DAYS >= .01 6 6.6 -0.6 3
DAYS >= .10 5 3.8 1.2 3
DAYS >= .50 1 1.4 -0.4 1
DAYS >= 1.00 1 0.6 0.4 1
GREATEST
24 HR. TOTAL 1.78 02/17 TO 02/18
SNOWFALL (INCHES)
TOTALS 0.0 MM MM 0.0
SINCE 7/1 0.0 MM MM MM
DAYS >= TRACE 0 0
DEGREE DAYS
HEATING TOTAL 95 103 -8 16
SINCE 7/1 313 422 -109 MM
COOLING TOTAL 41 75 -34 159
SINCE 1/1 107 137 -30 MM
..............................................................
WIND (MPH)
AVERAGE WIND SPEED 9.3
HIGHEST WIND SPEED/DIRECTION 33/340 DATE 02/06
HIGHEST GUST SPEED/DIRECTION 47/340 DATE 02/06
SKY COVER
POSSIBLE SUNSHINE (PERCENT) MM
AVERAGE SKY COVER 0.35
NUMBER OF DAYS FAIR 16
NUMBER OF DAYS PC 7
NUMBER OF DAYS CLOUDY 6
AVERAGE RH (PERCENT) 74
WEATHER CONDITIONS. NUMBER OF DAYS WITH
THUNDERSTORM 1 MIXED PRECIP 0
HEAVY RAIN 2 RAIN 3
LIGHT RAIN 7 LT FREEZING RAIN 0
HAIL 0 LIGHT SNOW 0
SLEET 0 FOG 8
FOG W/VIS <= 1/4 MILE 1 HAZE 0
- INDICATES NEGATIVE NUMBERS.
R INDICATES RECORD WAS SET OR TIED.
MM INDICATES DATA IS MISSING.
T INDICATES TRACE AMOUNT.
$$