000
CXUS52 KMLB 011401
CLMMLB


CLIMATE REPORT
NATIONAL WEATHER SERVICE MELBOURNE FL
803 AM EST THU FEB 1 2018

...................................

...THE MELBOURNE CLIMATE SUMMARY FOR THE MONTH OF JANUARY 2018...

CLIMATE NORMAL PERIOD 1981 TO 2010
CLIMATE RECORD PERIOD 1939 TO 2018

WEATHER         OBSERVED          NORMAL  DEPART  LAST YEAR`S
                 VALUE   DATE(S)  VALUE   FROM    VALUE  DATE(S)
                                          NORMAL
................................................................
TEMPERATURE (F)
MONTHLY RECORD
 HOTTEST         71.2   1974
 COLDEST         52.2   1981

DAILY RECORD
 HIGH              89   01/07/1960
                        01/16/1957
 LOW               19   01/20/1977

JANUARY 2018
HIGHEST            85   01/12                         87
LOWEST             30   01/18                         37
AVG. MAXIMUM     71.1              71.4    -0.3     75.2
AVG. MINIMUM     52.7              49.2     3.5     52.9
MEAN             61.9              60.3     1.6     64.0
DAYS MAX >= 90      0               0.0     0.0        0
DAYS MAX <= 32      0               0.0     0.0        0
DAYS MIN <= 32      1               1.6    -0.6        0
DAYS MIN <= 0       0               0.0     0.0        0

PRECIPITATION (INCHES)
MONTHLY RECORD
 MAXIMUM         8.17   1979
 MINIMUM            T   2012
DAILY RECORD
 MAXIMUM         4.70   01/12/1979

JANUARY 2018
TOTALS           2.93              2.27    0.66     1.46
DAYS >= .01         9               7.8     1.2        7
DAYS >= .10         8               4.2     3.8        4
DAYS >= .50         1               1.4    -0.4        1
DAYS >= 1.00        0               0.6    -0.6        0
GREATEST
 24 HR. TOTAL    0.84   01/03 TO 01/03

SNOWFALL (INCHES)
TOTALS            0.0               0.0     0.0      0.0
SINCE 7/1         0.0               0.0     0.0      0.0
DAYS >= TRACE       0                                  0

DEGREE_DAYS
HEATING TOTAL     164               190     -26      101
 SINCE 7/1        249               369    -120      148
COOLING TOTAL      79                44      35       78
 SINCE 1/1         79                37      42       78
.................................................................

WIND (MPH)
AVERAGE WIND SPEED              10.7
HIGHEST WIND SPEED/DIRECTION    39/280    DATE  01/03
HIGHEST GUST SPEED/DIRECTION    49/270    DATE  01/03

SKY COVER
POSSIBLE SUNSHINE (PERCENT)   MM
AVERAGE SKY COVER           0.40
NUMBER OF DAYS FAIR           12
NUMBER OF DAYS PC             14
NUMBER OF DAYS CLOUDY          5

AVERAGE RH (PERCENT)     72

WEATHER CONDITIONS. NUMBER OF DAYS WITH
THUNDERSTORM              0     MIXED PRECIP               0
HEAVY RAIN                7     RAIN                       8
LIGHT RAIN               13     LT FREEZING RAIN           0
HAIL                      0     LIGHT SNOW                 0
SLEET                     0     FOG                       11
FOG W/VIS <= 1/4 MILE     1     HAZE                       1

-  INDICATES NEGATIVE NUMBERS.
R  INDICATES RECORD WAS SET OR TIED.
MM INDICATES DATA IS MISSING.
T  INDICATES TRACE AMOUNT.

$$
