000
CXUS53 KDVN 011021
CLMMLI


CLIMATE REPORT
NATIONAL WEATHER SERVICE QUAD CITIES IA IL
513 AM CDT SUN MAY 1 2016

...................................

...THE MOLINE CLIMATE SUMMARY FOR THE MONTH OF APRIL 2016...

CLIMATE NORMAL PERIOD 1981 TO 2010
CLIMATE RECORD PERIOD 1872 TO 2016

WEATHER         OBSERVED          NORMAL  DEPART
                 VALUE   DATE(S)  VALUE   FROM
                                          NORMAL
................................................
TEMPERATURE (F)
RECORD
 HIGH              93   04/25/1986
 LOW                7   04/07/1982
HIGHEST            83   04/25        68      15
                        04/18
                        04/17
LOWEST             24   04/05        35     -11
AVG. MAXIMUM     62.8              62.3     0.5
AVG. MINIMUM     39.4              40.5    -1.1
MEAN             51.1              51.4    -0.3
DAYS MAX >= 90      0               0.1    -0.1
DAYS MAX <= 32      0               0.1    -0.1
DAYS MIN <= 32      8               5.6     2.4
DAYS MIN <= 0       0               0.0     0.0

PRECIPITATION (INCHES)
RECORD
 MAXIMUM        11.30   1973
 MINIMUM         0.32   1895
TOTALS           2.44              3.59   -1.15
DAILY AVG.       0.08              0.12   -0.04
DAYS >= .01        11              11.0     0.0
DAYS >= .10         7
DAYS >= .50         3
DAYS >= 1.00        0               0.9    -0.9
GREATEST
 24 HR. TOTAL    0.66   04/30 TO 04/30
                        04/29 TO 04/30
                        04/30 TO 04/30

SNOWFALL (INCHES)
RECORDS
 TOTAL           13.3   1997
TOTALS              T               0.9    -0.9
SINCE 7/1        24.1              31.6    -7.5
SNOWDEPTH AVG.      0
DAYS >= TRACE       1               0.7     0.3
DAYS >= 1.0         0               0.2    -0.2
GREATEST
 SNOW DEPTH         0   MM
 24 HR TOTAL        T   04/08 TO 04/08

DEGREE_DAYS
HEATING TOTAL     417               421      -4
 SINCE 7/1       5005              6023   -1018
COOLING TOTAL       8                13      -5
 SINCE 1/1         11                14      -3
.................................................

WIND (MPH)
AVERAGE WIND SPEED              10.9
HIGHEST WIND SPEED/DIRECTION    45/310    DATE  04/02
HIGHEST GUST SPEED/DIRECTION    58/300    DATE  04/02

SKY COVER
POSSIBLE SUNSHINE (PERCENT)   MM
AVERAGE SKY COVER           0.40
NUMBER OF DAYS FAIR           15
NUMBER OF DAYS PC              7
NUMBER OF DAYS CLOUDY          8

AVERAGE RH (PERCENT)     62

WEATHER CONDITIONS. NUMBER OF DAYS WITH
THUNDERSTORM              5     HAIL                       0
SLEET                     0     FOG                       11
FOG W/VIS <= 1/4 MILE     2     HAZE                       6

-  INDICATES NEGATIVE NUMBERS.
R  INDICATES RECORD WAS SET OR TIED.
MM INDICATES DATA IS MISSING.
T  INDICATES TRACE AMOUNT.

$$

GROSS
