000
CXUS51 KCAR 012102
CLMMLT


CLIMATE REPORT
NATIONAL WEATHER SERVICE CARIBOU, ME
401 PM EST SUN MAR 1 2015

...................................

...THE MILLINOCKET ME CLIMATE SUMMARY FOR THE MONTH OF FEBRUARY 2015...

CLIMATE NORMAL PERIOD 1981 TO 2010
CLIMATE RECORD PERIOD 1903 TO 2015

WEATHER         OBSERVED          NORMAL  DEPART  LAST YEAR`S
                 VALUE   DATE(S)  VALUE   FROM    VALUE  DATE(S)
                                          NORMAL
................................................................
TEMPERATURE (F)
RECORD
 HIGH              62   02/21/1994
 LOW              -42   02/02/1962
HIGHEST            31   02/22        MM      MM       46  02/22
LOWEST            -16   02/14        MM      MM      -11  02/18
AVG. MAXIMUM     16.4              28.4   -12.0     26.9
AVG. MINIMUM     -4.6               8.3   -12.9      5.5
MEAN              5.9              18.3   -12.4     16.2
DAYS MAX >= 90      0               0.0     0.0        0
DAYS MAX <= 32     28              17.7    10.3       21
DAYS MIN <= 32     28              27.2     0.8       28
DAYS MIN <= 0      23               7.7    15.3       11

PRECIPITATION (INCHES)
RECORD
 MAXIMUM           MM   MM
 MINIMUM           MM   MM
TOTALS           1.39                     -0.79
DAILY AVG.       0.05              0.08   -0.03     0.06
DAYS >= .01        13                MM      MM       11
DAYS >= .10         4                MM      MM        8
DAYS >= .50         0                MM      MM        0
DAYS >= 1.00        0                MM      MM        0

SNOWFALL (INCHES)
RECORDS
 TOTAL             MM   MM
TOTALS             MM                MM      MM       MM
SINCE 7/1          MM                MM      MM       MM
SNOWDEPTH AVG.     MM                MM      MM       MM
DAYS >= 1.0         0                MM      MM        0
GREATEST
 SNOW DEPTH        MM                                 MM  MM
 24 HR TOTAL       MM                                 MM

DEGREE_DAYS
HEATING TOTAL    1647              1306     341     1360
 SINCE 7/1       6045              6052      -7     6038
COOLING TOTAL       0                 0       0        0
 SINCE 1/1          0                 0       0        0
.................................................................

WIND (MPH)
AVERAGE WIND SPEED              7.6
HIGHEST WIND SPEED/DIRECTION    32/320    DATE  02/16
HIGHEST GUST SPEED/DIRECTION    46/310    DATE  02/16

SKY COVER
POSSIBLE SUNSHINE (PERCENT)   MM
AVERAGE SKY COVER           0.50
NUMBER OF DAYS FAIR           12
NUMBER OF DAYS PC             11
NUMBER OF DAYS CLOUDY          5

AVERAGE RH (PERCENT)     63

WEATHER CONDITIONS. NUMBER OF DAYS WITH
THUNDERSTORM              0     MIXED PRECIP               0
HEAVY RAIN                0     RAIN                       0
LIGHT RAIN                0     FREEZING RAIN              0
LT FREEZING RAIN          0     HAIL                       0
HEAVY SNOW                1     SNOW                       6
LIGHT SNOW               16     SLEET                      0
FOG                      16     FOG W/VIS <= 1/4 MILE      2
HAZE                     21

-  INDICATES NEGATIVE NUMBERS.
R  INDICATES RECORD WAS SET OR TIED.
MM INDICATES DATA IS MISSING.
T  INDICATES TRACE AMOUNT.

$$
