000
CXUS54 KMOB 010716
CLMMOB


CLIMATE REPORT
NATIONAL WEATHER SERVICE MOBILE AL
209 AM CDT TUE SEP 1 2015

...................................

...THE MOBILE CLIMATE SUMMARY FOR THE MONTH OF AUGUST 2015...

CLIMATE NORMAL PERIOD 1981 TO 2010
CLIMATE RECORD PERIOD 1842 TO 2015

WEATHER         OBSERVED          NORMAL  DEPART  LAST YEAR`S
                 VALUE   DATE(S)  VALUE   FROM    VALUE  DATE(S)
                                          NORMAL
................................................................
TEMPERATURE (F)
RECORD
 HIGH             105   08/29/2000
 LOW               57   08/25/1891
HIGHEST            96   08/12                         98  08/24
                        08/09
                        08/03
LOWEST             62   08/27                         67  08/15
AVG. MAXIMUM     91.3              90.7     0.6     91.6
AVG. MINIMUM     72.1              72.6    -0.5     72.4
MEAN             81.7              81.6     0.1     82.0
DAYS MAX >= 90     24              19.5     4.5       27
DAYS MAX <= 32      0               0.0     0.0        0
DAYS MIN <= 32      0               0.0     0.0        0
DAYS MIN <= 0       0               0.0     0.0        0

PRECIPITATION (INCHES)

TOTALS           3.21              6.96   -3.75     2.83
DAILY AVG.       0.10              0.22   -0.12     0.09
DAYS >= .01        11              13.4    -2.4       10
DAYS >= .10         5               9.1    -4.1        7
DAYS >= .50         2               4.3    -2.3        2
DAYS >= 1.00        1               2.3    -1.3        1
GREATEST
 24 HR. TOTAL    2.03   08/16 TO 08/17

DEGREE_DAYS
COOLING TOTAL     524               516       8      537
 SINCE 1/1       2180              1927     253     1748
.................................................................

WIND (MPH)
AVERAGE WIND SPEED              5.8
HIGHEST WIND SPEED/DIRECTION    28/340    DATE  08/08
HIGHEST GUST SPEED/DIRECTION    35/340    DATE  08/08

SKY COVER
POSSIBLE SUNSHINE (PERCENT)   MM
AVERAGE SKY COVER           0.40
NUMBER OF DAYS FAIR           12
NUMBER OF DAYS PC             18
NUMBER OF DAYS CLOUDY          0

AVERAGE RH (PERCENT)     75

WEATHER CONDITIONS. NUMBER OF DAYS WITH
THUNDERSTORM             11     MIXED PRECIP               0
HEAVY RAIN                5     RAIN                       5
LIGHT RAIN               10     FREEZING RAIN              0
LT FREEZING RAIN          0     HAIL                       0
HEAVY SNOW                0     SNOW                       0
LIGHT SNOW                0     SLEET                      0
FOG                      15     FOG W/VIS <= 1/4 MILE      0
HAZE                      5

-  INDICATES NEGATIVE NUMBERS.
R  INDICATES RECORD WAS SET OR TIED.
MM INDICATES DATA IS MISSING.
T  INDICATES TRACE AMOUNT.

$$
