000
CXUS54 KMOB 010754
CLMMOB


CLIMATE REPORT
NATIONAL WEATHER SERVICE MOBILE AL
244 AM CDT TUE JUL 1 2014

...................................

...THE MOBILE CLIMATE SUMMARY FOR THE MONTH OF JUNE 2014...

CLIMATE NORMAL PERIOD 1981 TO 2010
CLIMATE RECORD PERIOD 1842 TO 2014

WEATHER         OBSERVED          NORMAL  DEPART  LAST YEAR`S
                 VALUE   DATE(S)  VALUE   FROM    VALUE  DATE(S)
                                          NORMAL
................................................................
TEMPERATURE (F)
RECORD
 HIGH             103   06/04/2011
 LOW               49   06/01/1984

HIGHEST            93   06/30                         95  06/28
LOWEST             64   06/14                         65  06/06
AVG. MAXIMUM     87.5              89.2    -1.7     90.2
AVG. MINIMUM     69.4              70.4    -1.0     71.7
MEAN             78.5              79.8    -1.3     81.0
DAYS MAX >= 90     10              13.0    -3.0       21
DAYS MAX <= 32      0               0.0     0.0        0
DAYS MIN <= 32      0               0.0     0.0        0
DAYS MIN <= 0       0               0.0     0.0        0

PRECIPITATION (INCHES)

TOTALS           5.15              6.11   -0.96     4.20
DAILY AVG.       0.17              0.20   -0.03     0.14
DAYS >= .01        14              11.8     2.2       15
DAYS >= .10         8               8.2    -0.2        9
DAYS >= .50         4               4.0     0.0        2
DAYS >= 1.00        2               2.0     0.0        1
GREATEST
 24 HR. TOTAL    1.82   06/19 TO 06/20

DEGREE_DAYS
COOLING TOTAL     410               444     -34      486
 SINCE 1/1        748               889    -141      850
.................................................................

WIND (MPH)
AVERAGE WIND SPEED              5.4
HIGHEST WIND SPEED/DIRECTION    29/120    DATE  06/20
HIGHEST GUST SPEED/DIRECTION    41/100    DATE  06/20

SKY COVER
POSSIBLE SUNSHINE (PERCENT)   MM
AVERAGE SKY COVER           0.50
NUMBER OF DAYS FAIR            8
NUMBER OF DAYS PC             21
NUMBER OF DAYS CLOUDY          1

AVERAGE RH (PERCENT)     79

WEATHER CONDITIONS. NUMBER OF DAYS WITH
THUNDERSTORM             14     MIXED PRECIP               0
HEAVY RAIN                8     RAIN                      11
LIGHT RAIN               15     FREEZING RAIN              0
LT FREEZING RAIN          0     HAIL                       0
HEAVY SNOW                0     SNOW                       0
LIGHT SNOW                0     SLEET                      0
FOG                      21     FOG W/VIS <= 1/4 MILE      1
HAZE                      6

-  INDICATES NEGATIVE NUMBERS.
R  INDICATES RECORD WAS SET OR TIED.
MM INDICATES DATA IS MISSING.
T  INDICATES TRACE AMOUNT.

$$
