000
CXUS54 KMOB 010817
CLMMOB


CLIMATE REPORT
NATIONAL WEATHER SERVICE MOBILE AL
300 AM CDT FRI JUL 1 2016

...................................

...THE MOBILE CLIMATE SUMMARY FOR THE MONTH OF JUNE 2016...

CLIMATE NORMAL PERIOD 1981 TO 2010
CLIMATE RECORD PERIOD 1842 TO 2016

WEATHER         OBSERVED          NORMAL  DEPART  LAST YEAR`S
                 VALUE   DATE(S)  VALUE   FROM    VALUE  DATE(S)
                                          NORMAL
................................................................
TEMPERATURE (F)
RECORD
 HIGH             103   06/04/2011
 LOW               49   06/01/1984
HIGHEST            97   06/26                         96  06/23
                                                          06/22
LOWEST             66   06/23                         67  06/05
AVG. MAXIMUM     90.7              89.2     1.5     89.6
AVG. MINIMUM     70.9              70.4     0.5     71.7
MEAN             80.8              79.8     1.0     80.7
DAYS MAX >= 90     20              13.0     7.0       15
DAYS MAX <= 32      0               0.0     0.0        0
DAYS MIN <= 32      0               0.0     0.0        0
DAYS MIN <= 0       0               0.0     0.0        0

PRECIPITATION (INCHES)
RECORD
 MAXIMUM        12.57   1900
TOTALS           7.47              6.11    1.36     5.06
DAILY AVG.       0.25              0.20    0.05     0.17
DAYS >= .01        12              11.8     0.2       10
DAYS >= .10         8               8.2    -0.2        8
DAYS >= .50         3               4.0    -1.0        4
DAYS >= 1.00        3               2.0     1.0        1
GREATEST
 24 HR. TOTAL    3.80   06/04 TO 06/05

DEGREE_DAYS
COOLING TOTAL     480               444      36      478
 SINCE 1/1        939               889      50     1078
.................................................................

WIND (MPH)
AVERAGE WIND SPEED              5.0
HIGHEST WIND SPEED/DIRECTION    35/010    DATE  06/17
HIGHEST GUST SPEED/DIRECTION    47/340    DATE  06/17

SKY COVER
POSSIBLE SUNSHINE (PERCENT)
AVERAGE SKY COVER           0.40
NUMBER OF DAYS FAIR            9
NUMBER OF DAYS PC             21
NUMBER OF DAYS CLOUDY          0

AVERAGE RH (PERCENT)     75

WEATHER CONDITIONS. NUMBER OF DAYS WITH
THUNDERSTORM             10     MIXED PRECIP               0
HEAVY RAIN                8     RAIN                       6
LIGHT RAIN               11     FREEZING RAIN              0
LT FREEZING RAIN          0     HAIL                       0
HEAVY SNOW                0     SNOW                       0
LIGHT SNOW                0     SLEET                      0
FOG                      19     FOG W/VIS <= 1/4 MILE      0
HAZE                      8

-  INDICATES NEGATIVE NUMBERS.
R  INDICATES RECORD WAS SET OR TIED.
MM INDICATES DATA IS MISSING.
T  INDICATES TRACE AMOUNT.

$$
