000
CXUS53 KMPX 010731
CLMMPX


CLIMATE REPORT
NATIONAL WEATHER SERVICE CHANHASSEN MN
230 AM CDT MON JUN 1 2015

...................................

...THE CHANHASSEN MN CLIMATE SUMMARY FOR THE MONTH OF MAY 2015...

CLIMATE NORMAL PERIOD 1981 TO 2010
CLIMATE RECORD PERIOD 1995 TO 2015

WEATHER         OBSERVED          NORMAL  DEPART  LAST YEAR`S
                 VALUE   DATE(S)  VALUE   FROM    VALUE  DATE(S)
                                          NORMAL
................................................................
TEMPERATURE (F)
RECORD
 HIGH              MM   MM
 LOW               29   12/31/1999
HIGHEST            83   05/27        MM      MM       87  05/30
LOWEST             35   05/19        MM      MM       35  05/10
AVG. MAXIMUM     66.4              68.6    -2.2     66.7
AVG. MINIMUM     47.2              47.5    -0.3     47.0
MEAN             56.8              58.0    -1.2     56.9
DAYS MAX >= 90      0                                  0
DAYS MAX <= 32      0                                  0
DAYS MIN <= 32      0                                  0
DAYS MIN <= 0       0                                  0

PRECIPITATION (INCHES)
RECORD
 MAXIMUM           MM   MM
 MINIMUM           MM   MM
TOTALS           4.96              3.66    1.30     5.25
DAILY AVG.       0.16                               0.17
DAYS >= .01        16                                 10
DAYS >= .10        10                                  8
DAYS >= .50         4                                  4
DAYS >= 1.00        0                                  2
GREATEST
 24 HR. TOTAL    0.94   05/10 TO 05/10              1.51

SNOWFALL (INCHES)
RECORDS
 TOTAL             MM   MM
TOTALS              T               0.0     0.0        T
SINCE 7/1        33.4              53.9   -20.5     69.5
SNOWDEPTH AVG.      0                                  0
DAYS >= 1.0         0                                  0
GREATEST
 SNOW DEPTH         0   MM                             0  MM
 24 HR TOTAL        T   05/03 TO 05/03

DEGREE_DAYS
HEATING TOTAL     255               246       9      282
 SINCE 7/1       7989              7865     124     9141
COOLING TOTAL       8                30     -22       37
 SINCE 1/1          8                33     -25       37
.................................................................

WIND (MPH)
AVERAGE WIND SPEED              MM
RESULTANT WIND SPEED/DIRECTION  MM
HIGHEST WIND SPEED/DIRECTION    MM        DATE   MM
HIGHEST GUST SPEED/DIRECTION    MM        DATE   MM

SKY COVER
POSSIBLE SUNSHINE (PERCENT)   MM
AVERAGE SKY COVER             MM
NUMBER OF DAYS FAIR            0
NUMBER OF DAYS PC              0
NUMBER OF DAYS CLOUDY          0

AVERAGE RH (PERCENT)     MM

WEATHER CONDITIONS. NUMBER OF DAYS WITH
THUNDERSTORM              0     MIXED PRECIP               0
HEAVY RAIN                0     RAIN                       0
LIGHT RAIN                0     FREEZING RAIN              0
LT FREEZING RAIN          0     HAIL                       0
HEAVY SNOW                0     SNOW                       0
LIGHT SNOW                0     SLEET                      0
FOG                       0     FOG W/VIS <= 1/4 MILE      0
HAZE                      0

-  INDICATES NEGATIVE NUMBERS.
R  INDICATES RECORD WAS SET OR TIED.
MM INDICATES DATA IS MISSING.
T  INDICATES TRACE AMOUNT.

$$
