000
CXUS53 KMKX 011550
CLMMSN

CLIMATE REPORT
NATIONAL WEATHER SERVICE IN MILWAUKEE
1050 AM CDT MON JUN 1 2015

...................................

...THE MADISON WI CLIMATE SUMMARY FOR THE MONTH OF MAY 2015...

CLIMATE NORMAL PERIOD 1981 TO 2010
CLIMATE RECORD PERIOD 1871 TO 2015

WEATHER         OBSERVED          NORMAL  DEPART  LAST YEAR`S
                 VALUE   DATE(S)  VALUE   FROM    VALUE  DATE(S)
                                          NORMAL
................................................................
TEMPERATURE (F)
RECORD
 HIGH             101   05/31/1934
 LOW               20   05/09/1966
HIGHEST            82   05/28        84      -2       87  05/31
                        05/07
LOWEST             33   05/13        33       0       37  05/16
                                                          05/06
AVG. MAXIMUM     70.5              68.4     2.1     70.8
AVG. MINIMUM     50.0              46.1     3.9     48.5
MEAN             60.2              57.3     2.9     59.7
DAYS MAX >= 90      0               0.1    -0.1        0
DAYS MAX <= 32      0               0.0     0.0        0
DAYS MIN <= 32      0               1.4    -1.4        0
DAYS MIN <= 0       0               0.0     0.0        0

PRECIPITATION (INCHES)
RECORD
 MAXIMUM        10.84   2004
 MINIMUM         0.38   1925
TOTALS           4.18              3.55    0.63     3.47
DAILY AVG.       0.13              0.11    0.02     0.11
DAYS >= .01        15              11.9     3.1       12
DAYS >= .10         9               7.2     1.8        5
DAYS >= .50         2               2.2    -0.2        2
DAYS >= 1.00        1               0.7     0.3        2
GREATEST
 24 HR. TOTAL    1.57   05/16 TO 05/17              1.46
                        05/17 TO 05/17
                        05/17 TO 05/18

SNOWFALL (INCHES)
RECORDS
 TOTAL            5.0   5
                        0
                        -26215
TOTALS            0.0               0.2    -0.2      0.0
SINCE 7/1        33.7              50.9   -17.2     59.2
SNOWDEPTH AVG.      0                MM      MM        0
DAYS >= 1.0         0               0.1    -0.1        0
GREATEST
 SNOW DEPTH         0   MM                             0  MM
 24 HR TOTAL      0.0   05/31 TO 05/31               0.0

DEGREE_DAYS
HEATING TOTAL     190               266     -76      208
 SINCE 7/1       7330              7273      57     8048
COOLING TOTAL      50                26      24       51
 SINCE 1/1         50                30      20       51
.................................................................

WIND (MPH)
AVERAGE WIND SPEED              8.3
HIGHEST WIND SPEED/DIRECTION    29/160    DATE  05/17
HIGHEST GUST SPEED/DIRECTION    36/160    DATE  05/17

SKY COVER
POSSIBLE SUNSHINE (PERCENT)   MM
AVERAGE SKY COVER           0.70
NUMBER OF DAYS FAIR            3
NUMBER OF DAYS PC             20
NUMBER OF DAYS CLOUDY          8

AVERAGE RH (PERCENT)     67

WEATHER CONDITIONS. NUMBER OF DAYS WITH
THUNDERSTORM              0     MIXED PRECIP               0
HEAVY RAIN                1     RAIN                       8
LIGHT RAIN               17     FREEZING RAIN              0
LT FREEZING RAIN          0     HAIL                       0
HEAVY SNOW                0     SNOW                       0
LIGHT SNOW                0     SLEET                      0
FOG                      17     FOG W/VIS <= 1/4 MILE      0
HAZE                      8

-  INDICATES NEGATIVE NUMBERS.
R  INDICATES RECORD WAS SET OR TIED.
MM INDICATES DATA IS MISSING.
T  INDICATES TRACE AMOUNT.

$$
