049
CXUS55 KMSO 011451
CLMMSO


CLIMATE REPORT
NATIONAL WEATHER SERVICE MISSOULA, MT
751 AM MST WED MAR 1 2017

...................................

...THE MISSOULA MT CLIMATE SUMMARY FOR THE MONTH OF FEBRUARY 2017...

CLIMATE NORMAL PERIOD 1981 TO 2010
CLIMATE RECORD PERIOD 1893 TO 2017

WEATHER         OBSERVED          NORMAL  DEPART  LAST YEAR`S
                 VALUE   DATE(S)  VALUE   FROM    VALUE
                                          NORMAL
.............................................................
TEMPERATURE (F)
RECORD
 HIGH              66   02/24/1995
 LOW              -28   02/10/1933
HIGHEST            47   02/16        MM      MM       55
                        02/05
LOWEST             -8   02/03        MM      MM       15
AVG. MAXIMUM     35.8              38.8    -3.0     44.2
AVG. MINIMUM     20.5              21.2    -0.7     26.1
MEAN             28.1              30.0    -1.9     35.2
DAYS MAX >= 90      0               0.0     0.0        0
DAYS MAX <= 32     10               4.9     5.1        3
DAYS MIN <= 32     27              25.1     1.9       22
DAYS MIN <= 0       2               1.6     0.4        0

PRECIPITATION (INCHES)
RECORD
 MAXIMUM         2.67   1936
 MINIMUM         0.08   1934
TOTALS           2.28              0.70    1.58     0.48
DAILY AVG.       0.08              0.03    0.05     0.02
DAYS >= .01        16               9.4     6.6       13
DAYS >= .10         7               2.3     4.7        1
DAYS >= .50         0               0.0     0.0        0
DAYS >= 1.00        0               0.0     0.0        0
GREATEST
 24 HR. TOTAL    0.57   02/20 TO 02/21              0.10

SNOWFALL (INCHES)
TOTALS           11.3               6.1     5.2      4.6
SINCE 7/1        54.2              31.4    22.8     28.3
DAYS >= TRACE      19               6.8    12.2       11
DAYS >= 1.0         4               2.1     1.9        2
GREATEST
 SNOW DEPTH        16   02/05                          7
                        02/04
 24 HR TOTAL      3.3   MM                           2.7

DEGREE_DAYS
HEATING TOTAL    1025               980      45
 SINCE 7/1       5776              5369     407
COOLING TOTAL       0                 0       0
 SINCE 1/1          0                 0       0
..............................................................

WIND (MPH)
AVERAGE WIND SPEED              4.7
HIGHEST WIND SPEED/DIRECTION    36/290    DATE  02/06
HIGHEST GUST SPEED/DIRECTION    43/290    DATE  02/06

SKY COVER
POSSIBLE SUNSHINE (PERCENT)   MM
AVERAGE SKY COVER           0.70
NUMBER OF DAYS FAIR            5
NUMBER OF DAYS PC              9
NUMBER OF DAYS CLOUDY         14

AVERAGE RH (PERCENT)     79

WEATHER CONDITIONS. NUMBER OF DAYS WITH
THUNDERSTORM              0     MIXED PRECIP               0
HEAVY RAIN                2     RAIN                       4
LIGHT RAIN               10     FREEZING RAIN              0
LT FREEZING RAIN          2     HAIL                       0
HEAVY SNOW                3     SNOW                       6
LIGHT SNOW               18     SLEET                      0
FOG                      19     FOG W/VIS <= 1/4 MILE      6
HAZE                      8

-  INDICATES NEGATIVE NUMBERS.
R  INDICATES RECORD WAS SET OR TIED.
MM INDICATES DATA IS MISSING.
T  INDICATES TRACE AMOUNT.

$$
