000
CXUS51 KOKX 011459 RRB
CLMNYC

CLIMATE REPORT
NATIONAL WEATHER SERVICE NEW YORK NY
1057 AM EDT MON AUG 1 2016

...................................

...THE CENTRAL PARK NY CLIMATE SUMMARY FOR THE MONTH OF JULY 2016...

CLIMATE NORMAL PERIOD 1981 TO 2010
CLIMATE RECORD PERIOD 1869 TO 2016

WEATHER         OBSERVED          NORMAL  DEPART  LAST YEAR`S
                 VALUE   DATE(S)  VALUE   FROM    VALUE  DATE(S)
                                          NORMAL
................................................................
TEMPERATURE (F)
RECORD
 HIGH             106   07/09/1936
 LOW               52   07/01/1943
HIGHEST            96   07/23        MM      MM       96  07/29
LOWEST             63   07/02        MM      MM       64  07/16
AVG. MAXIMUM     86.3              84.1     2.2     85.9
AVG. MINIMUM     71.1              68.8     2.3     71.7
MEAN             78.7              76.5     2.2     78.8
DAYS MAX >= 90     10               5.5     4.5        5
DAYS MAX <= 32      0               0.0     0.0        0
DAYS MIN <= 32      0               0.0     0.0        0
DAYS MIN <= 0       0               0.0     0.0        0

PRECIPITATION (INCHES)
RECORD
 MAXIMUM        11.89   1889
 MINIMUM         0.44   1999
TOTALS           7.02              4.60    2.42     3.98
DAILY AVG.       0.23              0.15    0.08     0.13
DAYS >= .01        12              10.4     1.6        8
DAYS >= .10        10               6.9     3.1        8
DAYS >= .50         7               3.0     4.0        1
DAYS >= 1.00        3               1.4     1.6        1
GREATEST
 24 HR. TOTAL    1.15   07/04 TO 07/05           07/30 TO 07/30
                                                          07/31 TO 07/31
                                                          07/31 TO 07/31
 STORM TOTAL       MM                                 MM
 (MM/DD(HH))            MM                    07/30(00) TO 07/30(00)
                                                 07/31(00) TO 07/31(00)1
                                                 07/31(00) TO 07/31(00)1

DEGREE_DAYS
HEATING TOTAL       0                 0       0        0
 SINCE 7/1          0                 0       0        0
COOLING TOTAL     432               355      77      437
 SINCE 1/1        783               636     147      824
..................................................

WIND (MPH)
AVERAGE WIND SPEED              3.9
HIGHEST WIND SPEED/DIRECTION    20/280    DATE  07/14
HIGHEST GUST SPEED/DIRECTION    35/290    DATE  07/14

AVERAGE RH (PERCENT)     65

WEATHER CONDITIONS. NUMBER OF DAYS WITH
THUNDERSTORM              0     MIXED PRECIP               0
HEAVY RAIN                7     RAIN                      10
LIGHT RAIN               14     FREEZING RAIN              0
LT FREEZING RAIN          0     HAIL                       0
HEAVY SNOW                0     SNOW                       0
LIGHT SNOW                0     SLEET                      0
FOG                      16     FOG W/VIS <= 1/4 MILE      0
HAZE                     11

-  INDICATES NEGATIVE NUMBERS.
R  INDICATES RECORD WAS SET OR TIED.
MM INDICATES DATA IS MISSING.
T  INDICATES TRACE AMOUNT.

$$
