000
CXUS53 KGID 011506
CLMODX


CLIMATE REPORT
NATIONAL WEATHER SERVICE HASTINGS NE
1003 AM CDT FRI SEP 1 2017

...................................

...THE ORD NE CLIMATE SUMMARY FOR THE MONTH OF AUGUST 2017...

CLIMATE NORMAL PERIOD 1981 TO 2010
CLIMATE RECORD PERIOD 1895 TO 2017

WEATHER         OBSERVED          NORMAL  DEPART  LAST YEAR`S
                 VALUE   DATE(S)  VALUE   FROM    VALUE
                                          NORMAL
.............................................................
TEMPERATURE (F)
HIGHEST            90   08/01        MM      MM       94
LOWEST             45   08/04        MM      MM       43
AVG. MAXIMUM     81.4              85.6    -4.2     83.6
AVG. MINIMUM     56.3              60.4    -4.1     60.4
MEAN             68.8              73.0    -4.2     72.0
DAYS MAX >= 90      1               8.2    -7.2        3
DAYS MAX <= 32      0
DAYS MIN <= 32      0               0.0     0.0        0
DAYS MIN <= 0       0

PRECIPITATION (INCHES)
TOTALS           5.93              3.16    2.77     0.44
DAILY AVG.       0.19              0.10    0.09     0.01
DAYS >= .01        13                MM      MM        5
DAYS >= .10         8                MM      MM        1
DAYS >= .50         4                MM      MM        0
DAYS >= 1.00        2                MM      MM        0
GREATEST
 24 HR. TOTAL    2.08   08/15 TO 08/15

DEGREE_DAYS
HEATING TOTAL       8
 SINCE 7/1          8
COOLING TOTAL     133
 SINCE 1/1        744
..............................................................

WIND (MPH)
AVERAGE WIND SPEED              6.6
HIGHEST WIND SPEED/DIRECTION    37/330    DATE  08/17
HIGHEST GUST SPEED/DIRECTION    53/340    DATE  08/17

SKY COVER
POSSIBLE SUNSHINE (PERCENT)   MM
NUMBER OF DAYS FAIR           21
NUMBER OF DAYS PC              9
NUMBER OF DAYS CLOUDY          1

AVERAGE RH (PERCENT)     69

WEATHER CONDITIONS. NUMBER OF DAYS WITH
THUNDERSTORM             13     MIXED PRECIP               0
HEAVY RAIN                8     RAIN                       6
LIGHT RAIN               14     FREEZING RAIN              0
LT FREEZING RAIN          0     HAIL                       0
HEAVY SNOW                0     SNOW                       0
LIGHT SNOW                0     SLEET                      0
FOG                      20     FOG W/VIS <= 1/4 MILE      3
HAZE                      0

-  INDICATES NEGATIVE NUMBERS.
R  INDICATES RECORD WAS SET OR TIED.
MM INDICATES DATA IS MISSING.
T  INDICATES TRACE AMOUNT.

$$
