794
CXUS53 KGID 011457
CLMODX


CLIMATE REPORT
NATIONAL WEATHER SERVICE HASTINGS NE
952 AM CDT SAT APR 1 2017

...................................

...THE ORD NE CLIMATE SUMMARY FOR THE MONTH OF MARCH 2017...

CLIMATE NORMAL PERIOD 1981 TO 2010
CLIMATE RECORD PERIOD 1895 TO 2017

WEATHER         OBSERVED          NORMAL  DEPART  LAST YEAR`S
                 VALUE   DATE(S)  VALUE   FROM    VALUE
                                          NORMAL
.............................................................
TEMPERATURE (F)
HIGHEST            83   03/19        MM      MM       79
LOWEST             14   03/13        MM      MM       15
AVG. MAXIMUM     53.7              50.8     2.9     58.5
AVG. MINIMUM     28.7              24.6     4.1     27.0
MEAN             41.2              37.7     3.5     42.7
DAYS MAX >= 90      0               0.0     0.0        0
DAYS MAX <= 32      3
DAYS MIN <= 32     19              24.2    -5.2       23
DAYS MIN <= 0       0

PRECIPITATION (INCHES)
TOTALS           1.83              1.45    0.38     1.35
DAILY AVG.       0.06              0.05    0.01     0.04
DAYS >= .01         9                MM      MM        7
DAYS >= .10         3                MM      MM        2
DAYS >= .50         2                MM      MM        1
DAYS >= 1.00        0                MM      MM        0
GREATEST
 24 HR. TOTAL    0.92   03/23 TO 03/23

DEGREE_DAYS
HEATING TOTAL     729
 SINCE 7/1       5240
COOLING TOTAL       0
 SINCE 1/1          0
..............................................................

WIND (MPH)
AVERAGE WIND SPEED              10.6
HIGHEST WIND SPEED/DIRECTION    40/300    DATE  03/06
HIGHEST GUST SPEED/DIRECTION    52/300    DATE  03/07

SKY COVER
POSSIBLE SUNSHINE (PERCENT)   MM
NUMBER OF DAYS FAIR           15
NUMBER OF DAYS PC              2
NUMBER OF DAYS CLOUDY         14

AVERAGE RH (PERCENT)     62

WEATHER CONDITIONS. NUMBER OF DAYS WITH
THUNDERSTORM              1     MIXED PRECIP               0
HEAVY RAIN                2     RAIN                       2
LIGHT RAIN                9     FREEZING RAIN              0
LT FREEZING RAIN          0     HAIL                       0
HEAVY SNOW                0     SNOW                       0
LIGHT SNOW                5     SLEET                      0
FOG                      14     FOG W/VIS <= 1/4 MILE      2
HAZE                      7

-  INDICATES NEGATIVE NUMBERS.
R  INDICATES RECORD WAS SET OR TIED.
MM INDICATES DATA IS MISSING.
T  INDICATES TRACE AMOUNT.

$$
