000
CXUS54 KOUN 011201
CLMOKC

CLIMATE REPORT
NATIONAL WEATHER SERVICE NORMAN OK
651 AM CDT THU JUN 1 2017

...................................

...THE OKLAHOMA CITY CLIMATE SUMMARY FOR THE MONTH OF MAY 2017...

CLIMATE NORMAL PERIOD 1981 TO 2010
CLIMATE RECORD PERIOD 1890 TO 2017

WEATHER         OBSERVED          NORMAL  DEPART  LAST YEAR`S
                 VALUE   DATE(S)  VALUE   FROM    VALUE
                                          NORMAL
.............................................................
TEMPERATURE (F)
RECORD
 HIGH             104   05/30/1985
 LOW               32   05/03/1954
HIGHEST            95                92       3       90
LOWEST             41                44      -3       40
AVG. MAXIMUM     79.7              80.2    -0.5     77.8
AVG. MINIMUM     54.7              59.6    -4.9     57.1
MEAN             67.2              69.9    -2.7     67.5
DAYS MAX >= 90      1               3.1    -2.1        1
DAYS MAX <= 32      0               0.0     0.0        0
DAYS MIN <= 32      0               0.0     0.0        0
DAYS MIN <= 0       0               0.0     0.0        0

PRECIPITATION (INCHES)
RECORD
 MAXIMUM        19.48   2015
 MINIMUM         0.43   1942
TOTALS           1.10              4.65   -3.55     2.62
DAILY AVG.       0.04              0.15   -0.11     0.08
DAYS >= .01         7               9.8    -2.8       11
DAYS >= .10         4               6.4    -2.4        7
DAYS >= .50         0               3.0    -3.0        1
DAYS >= 1.00        0               1.1    -1.1        0
GREATEST
 24 HR. TOTAL    0.34   05/16 TO 05/17

DEGREE_DAYS
COOLING TOTAL     125               184     -59      144
 SINCE 1/1        225               250     -25      186
..............................................................

WIND (MPH)
AVERAGE WIND SPEED              11.6
HIGHEST WIND SPEED/DIRECTION    54/150    DATE  05/18
HIGHEST GUST SPEED/DIRECTION    71/150    DATE  05/18


WEATHER CONDITIONS. NUMBER OF DAYS WITH
THUNDERSTORM              0     MIXED PRECIP               0
HEAVY RAIN                4     RAIN                       4
LIGHT RAIN               13     FREEZING RAIN              0
LT FREEZING RAIN          0     HAIL                       0
HEAVY SNOW                0     SNOW                       0
LIGHT SNOW                0     SLEET                      0
FOG                       6     FOG W/VIS <= 1/4 MILE      0
HAZE                      1

-  INDICATES NEGATIVE NUMBERS.
R  INDICATES RECORD WAS SET OR TIED.
MM INDICATES DATA IS MISSING.
T  INDICATES TRACE AMOUNT.
................................................................
RECORD EVENTS/REMARKS
5TH DRIEST MAY ON RECORD
THE JANUARY THROUGH MAY 2017 TOTAL PRECIPITATION IS 14.58 INCHES.
$$
