000
CXUS54 KOUN 011239
CLMOKC

CLIMATE REPORT
NATIONAL WEATHER SERVICE NORMAN OK
632 AM CST MON DEC 1 2014

...................................

...THE OKLAHOMA CITY CLIMATE SUMMARY FOR THE MONTH OF NOVEMBER 2014...

CLIMATE NORMAL PERIOD 1981 TO 2010
CLIMATE RECORD PERIOD 1890 TO 2014

WEATHER         OBSERVED          NORMAL  DEPART  LAST YEAR`S
                 VALUE   DATE(S)  VALUE   FROM    VALUE
                                          NORMAL
.............................................................
TEMPERATURE (F)
RECORD
 HIGH              87   11/08/1980

 LOW                9   11/17/1894
HIGHEST            80                78       2       77
LOWEST             17                22      -5       19
AVG. MAXIMUM     58.4              61.5    -3.1     58.9
AVG. MINIMUM     34.9              40.0    -5.1     37.6
MEAN             46.7              50.7    -4.0     48.3
DAYS MAX >= 90      0               0.0     0.0        0
DAYS MAX <= 32      1               0.2     0.8        2
DAYS MIN <= 32     12               5.7     6.3       12
DAYS MIN <= 0       0               0.0     0.0        0

PRECIPITATION (INCHES)
RECORD
 MAXIMUM         9.63   1931
 MINIMUM            T   1910
                        1949
                        2005
TOTALS           2.38              1.98    0.40     0.96
DAILY AVG.       0.08              0.07    0.01     0.03
DAYS >= .01         5               6.0    -1.0        8
DAYS >= .10         4               3.5     0.5        3
DAYS >= .50         2               1.5     0.5        0
DAYS >= 1.00        1               0.5     0.5        0
GREATEST
 24 HR. TOTAL    1.30   11/03 TO 11/04

SNOWFALL (INCHES)
TOTALS            2.5               0.4     2.1
SINCE 7/1         2.5               0.4     2.1

DEGREE_DAYS
HEATING TOTAL     541               435     106      496
 SINCE 7/1        627               599      28      660
..............................................................

WIND (MPH)
AVERAGE WIND SPEED              12.9
HIGHEST WIND SPEED/DIRECTION    41/350    DATE  11/10
HIGHEST GUST SPEED/DIRECTION    53/360    DATE  11/10


WEATHER CONDITIONS. NUMBER OF DAYS WITH
THUNDERSTORM              0     MIXED PRECIP               0
HEAVY RAIN                2     RAIN                       2
LIGHT RAIN                5     FREEZING RAIN              0
LT FREEZING RAIN          0     HAIL                       0
HEAVY SNOW                0     SNOW                       0
LIGHT SNOW                1     SLEET                      0
FOG                       5     FOG W/VIS <= 1/4 MILE      0
HAZE                      1

-  INDICATES NEGATIVE NUMBERS.
R  INDICATES RECORD WAS SET OR TIED.
MM INDICATES DATA IS MISSING.
T  INDICATES TRACE AMOUNT.
..............................................................
RECORDS/REMARKS
RECORD COLDEST MAXIMUM TEMPERATURE OF 29 DEGREES TIED ON THE 12TH.
RECORD SNOWFALL OF 2.5 INCHES SET ON THE 16TH.
THE JANUARY THROUGH NOVEMBER 2014 TOTAL PRECIPITATION IS 27.68 INCHES.

$$
