000
CXUS53 KOAX 061533 CCA
CLMOMA

CLIMATE REPORT
NATIONAL WEATHER SERVICE OMAHA NEBRASKA...UPDATED TO ADD SUMMARY...
921 AM CST FRI FEB 6 2015

...................................

...THE OMAHA EPPLEY, NEBRASKA CLIMATE SUMMARY FOR THE MONTH OF JANUARY 2015...

CLIMATE NORMAL PERIOD 1981 TO 2010
CLIMATE RECORD PERIOD 1871 TO 2015

WEATHER         OBSERVED          NORMAL  DEPART
                 VALUE   DATE(S)  VALUE   FROM
                                          NORMAL
................................................
TEMPERATURE (F)
HIGHEST            59   01/28
                        01/16
LOWEST             -4   01/13
AVG. MAXIMUM     38.8              33.4     5.4
AVG. MINIMUM     16.8              13.6     3.2
MEAN             27.8              23.5     4.3
DAYS MAX >= 90      0
DAYS MAX <= 32      8
DAYS MIN <= 32     29
DAYS MIN <= 0       4

PRECIPITATION (INCHES)
RECORD
 MAXIMUM         3.70   1949
 MINIMUM            T   1986
TOTALS           0.69              0.72   -0.03
DAILY AVG.       0.02
DAYS >= .01         5
DAYS >= .10         1
DAYS >= .50         1
DAYS >= 1.00        0
GREATEST
 24 HR. TOTAL    0.62   01/31

SNOWFALL (INCHES)
RECORDS
 TOTAL           25.7   1936
TOTALS            4.1               6.1
SINCE 7/1         7.2
SNOWDEPTH AVG.      0                 4      -4
DAYS >= 1.0         1
GREATEST
 SNOW DEPTH         1   01/09
                        01/08
                        01/07
 24 HR TOTAL      2.8   01/31

DEGREE DAYS
HEATING TOTAL    1148              1286    -138
 SINCE 7/1       3479              3765    -286
COOLING TOTAL       0                 0       0
 SINCE 1/1          0                 0       0
.................................................

WIND (MPH)
AVERAGE WIND SPEED              10.4
HIGHEST WIND SPEED/DIRECTION    44/320    DATE  01/08
HIGHEST GUST SPEED/DIRECTION    56/300    DATE  01/08

SKY COVER
AVERAGE SKY COVER           0.50


WEATHER CONDITIONS. NUMBER OF DAYS WITH
THUNDERSTORM              0     MIXED PRECIP               0
HEAVY RAIN                0     RAIN                       0
LIGHT RAIN                6     FREEZING RAIN              0
LT FREEZING RAIN          0     HAIL                       0
HEAVY SNOW                0     SNOW                       2
LIGHT SNOW                8     SLEET                      0
FOG                       7     FOG W/VIS <= 1/4 MILE      0
HAZE                      1

-  INDICATES NEGATIVE NUMBERS.
R  INDICATES RECORD WAS SET OR TIED.
MM INDICATES DATA IS MISSING.
T  INDICATES TRACE AMOUNT.
>= INDICATES GREATER THAN OR EQUAL TO.
<= INDICATES LESS THAN OR EQUAL TO.

&&

...JANUARY WAS MUCH WARMER THAN NORMAL IN OMAHA...

JANUARY BEGAN WITH NINE OF THE FIRST THIRTEEN DAYS COLDER THAN
NORMAL. THAT TREND STOPPED COLD ON THE 14TH AS THE NEXT EIGHTEEN
DAYS AVERAGED OVER 13 DEGREES ABOVE NORMAL...THE AVERAGE TEMPERATURE
IN JANUARY WAS 27.8 DEGREES...WHICH IS 4.3 DEGREES ABOVE NORMAL.

NEAR NORMAL PRECIPITATION OCCURRED IN JANUARY...THE MONTHLY SNOWFALL
OF 4.1 INCHES WAS 2.0 INCHES BELOW NORMAL.

AFTER A FRIGID AND BREEZY START TO THE MONTH...WITH MORNING LOWS
AVERAGING 4 DEGREES...TEMPERATURES ROSE ABOVE AVERAGE ON THE 14TH
AND REMAINED THERE THROUGH THE END OF THE MONTH. A RECORD WARM
TEMPERATURE WAS TIED THE 28TH WHEN 59 DEGREES WAS RECORDED DURING
THE AFTERNOON. MEASURABLE PRECIPITATION FELL ON ONLY 4 DAYS IN
JANUARY...WITH THE MAJORITY ON THE FINAL DAY OF THE MONTH...WHEN
0.62 INCHES OF MOISTURE WAS RECORDED FROM A STORM THAT BROUGHT BOTH
RAIN AND SNOW TO THE AREA.

THE MOISTURE TOTAL FROM THE 1ST THROUGH THE 30TH WAS ONLY 0.07
INCHES. THE FIRST MEASURABLE SNOW OF THE MONTH FELL ON
THE 3RD...WITH 0.2 INCHES FALLING. THE BIGGEST SNOWFALL OF THE
MONTH BEGAN ON THE LAST DAY OF THE MONTH...WHEN 2.8 INCHES FELL
AT EPPLEY AIRPORT AND HIGHER AMOUNTS WERE REPORTED IN OTHER PARTS
OF THE METRO AREA.

DAILY RECORDS SET IN JANUARY 2015:
DATE         RECORD           READING  PREVIOUS RECORD
JANUARY 28  WARM MAX TEMP     59      59 (TIES WITH 1931)

$$

JEK/TL/JRB
